-- https://www.phpmyadmin.net/
--
-- Servidor: localhost:8889
-- Tiempo de generación: 29-08-2023 a las 13:22:21
-- Versión del servidor: 5.7.39
-- Versión de PHP: 8.2.0

START TRANSACTION;



--
-- Base de datos: `nodos_transmedia`
--

-- --------------------------------------------------------

--
-- Estructura de tabla para la tabla `data_rows`
--

CREATE TABLE `data_rows` (
  `id` int(10) UNSIGNED NOT NULL,
  `data_type_id` int(10) UNSIGNED NOT NULL,
  `field` varchar(255) COLLATE utf8mb4_unicode_ci NOT NULL,
  `type` varchar(255) COLLATE utf8mb4_unicode_ci NOT NULL,
  `display_name` varchar(255) COLLATE utf8mb4_unicode_ci NOT NULL,
  `required` tinyint(1) NOT NULL DEFAULT '0',
  `browse` tinyint(1) NOT NULL DEFAULT '1',
  `read` tinyint(1) NOT NULL DEFAULT '1',
  `edit` tinyint(1) NOT NULL DEFAULT '1',
  `add` tinyint(1) NOT NULL DEFAULT '1',
  `delete` tinyint(1) NOT NULL DEFAULT '1',
  `details` text COLLATE utf8mb4_unicode_ci,
  `order` int(11) NOT NULL DEFAULT '1'
) ENGINE=InnoDB DEFAULT CHARSET=utf8mb4 COLLATE=utf8mb4_unicode_ci;



-- --------------------------------------------------------

--
-- Estructura de tabla para la tabla `data_types`
--

CREATE TABLE `data_types` (
  `id` int(10) UNSIGNED NOT NULL,
  `name` varchar(255) COLLATE utf8mb4_unicode_ci NOT NULL,
  `slug` varchar(255) COLLATE utf8mb4_unicode_ci NOT NULL,
  `display_name_singular` varchar(255) COLLATE utf8mb4_unicode_ci NOT NULL,
  `display_name_plural` varchar(255) COLLATE utf8mb4_unicode_ci NOT NULL,
  `icon` varchar(255) COLLATE utf8mb4_unicode_ci DEFAULT NULL,
  `model_name` varchar(255) COLLATE utf8mb4_unicode_ci DEFAULT NULL,
  `policy_name` varchar(255) COLLATE utf8mb4_unicode_ci DEFAULT NULL,
  `controller` varchar(255) COLLATE utf8mb4_unicode_ci DEFAULT NULL,
  `description` varchar(255) COLLATE utf8mb4_unicode_ci DEFAULT NULL,
  `generate_permissions` tinyint(1) NOT NULL DEFAULT '0',
  `server_side` tinyint(4) NOT NULL DEFAULT '0',
  `details` text COLLATE utf8mb4_unicode_ci,
  `created_at` timestamp NULL DEFAULT NULL,
  `updated_at` timestamp NULL DEFAULT NULL
) ENGINE=InnoDB DEFAULT CHARSET=utf8mb4 COLLATE=utf8mb4_unicode_ci;

--
-- Volcado de datos para la tabla `data_types`
--

INSERT INTO `data_types` (`id`, `name`, `slug`, `display_name_singular`, `display_name_plural`, `icon`, `model_name`, `policy_name`, `controller`, `description`, `generate_permissions`, `server_side`, `details`, `created_at`, `updated_at`) VALUES
(1, 'users', 'users', 'Usuario', 'Usuarios', 'voyager-person', 'TCG\\Voyager\\Models\\User', 'TCG\\Voyager\\Policies\\UserPolicy', 'TCG\\Voyager\\Http\\Controllers\\VoyagerUserController', NULL, 1, 0, '{\"order_column\":null,\"order_display_column\":null,\"order_direction\":\"desc\",\"default_search_key\":null,\"scope\":null}', '2023-07-05 23:36:38', '2023-08-15 07:36:17'),
(2, 'menus', 'menus', 'Menu', 'Menus', 'voyager-list', 'TCG\\Voyager\\Models\\Menu', NULL, '', '', 1, 0, NULL, '2023-07-05 23:36:38', '2023-07-05 23:36:38'),
(3, 'roles', 'roles', 'Role', 'Roles', 'voyager-lock', 'TCG\\Voyager\\Models\\Role', NULL, 'TCG\\Voyager\\Http\\Controllers\\VoyagerRoleController', '', 1, 0, NULL, '2023-07-05 23:36:38', '2023-07-05 23:36:38'),
(4, 'labels', 'labels', 'Etiqueta', 'Etiquetas', 'voyager-bookmark', 'App\\Models\\Label', NULL, NULL, NULL, 1, 0, '{\"order_column\":null,\"order_display_column\":null,\"order_direction\":\"asc\",\"default_search_key\":null,\"scope\":null}', '2023-07-06 01:56:21', '2023-07-06 01:58:19'),
(5, 'pages', 'pages', 'Página', 'Páginas', 'voyager-browser', 'App\\Models\\Page', NULL, NULL, NULL, 1, 0, '{\"order_column\":\"order\",\"order_display_column\":\"name\",\"order_direction\":\"asc\",\"default_search_key\":null,\"scope\":null}', '2023-07-06 02:15:00', '2023-07-18 00:05:56'),
(6, 'sections', 'sections', 'Sección', 'Secciones', 'voyager-window-list', 'App\\Models\\Section', NULL, NULL, NULL, 1, 0, '{\"order_column\":\"order\",\"order_display_column\":\"name\",\"order_direction\":\"asc\",\"default_search_key\":null,\"scope\":null}', '2023-07-06 02:20:27', '2023-08-14 20:51:51'),
(7, 'slides', 'slides', 'Diapositiva', 'Diapositivas', 'voyager-photos', 'App\\Models\\Slide', NULL, NULL, NULL, 1, 0, '{\"order_column\":\"order\",\"order_display_column\":\"name\",\"order_direction\":\"asc\",\"default_search_key\":null,\"scope\":null}', '2023-07-06 02:26:35', '2023-08-10 21:45:19'),
(8, 'projects', 'projects', 'Proyecto', 'Proyectos', 'voyager-rocket', 'App\\Models\\Project', NULL, NULL, NULL, 1, 0, '{\"order_column\":\"order\",\"order_display_column\":\"name\",\"order_direction\":\"asc\",\"default_search_key\":null,\"scope\":null}', '2023-07-06 02:32:58', '2023-08-15 08:16:14'),
(9, 'projects_designs', 'projects-designs', 'Diseño de proyecto', 'Diseños de proyecto', 'voyager-brush', 'App\\Models\\ProjectsDesign', NULL, NULL, NULL, 1, 0, '{\"order_column\":\"order\",\"order_display_column\":\"name\",\"order_direction\":\"asc\",\"default_search_key\":null,\"scope\":null}', '2023-07-06 02:38:22', '2023-07-06 02:50:32'),
(10, 'projects_types', 'projects-types', 'Tipo de proyecto', 'Tipos de proyecto', 'voyager-categories', 'App\\Models\\ProjectsType', NULL, NULL, NULL, 1, 0, '{\"order_column\":\"order\",\"order_display_column\":\"name\",\"order_direction\":\"asc\",\"default_search_key\":null,\"scope\":null}', '2023-07-06 02:39:31', '2023-07-06 02:50:00'),
(11, 'frm_contact_forms', 'frm-contact-forms', 'Contacto', 'Contactos', 'voyager-documentation', 'App\\Models\\FrmContactForm', NULL, NULL, NULL, 1, 0, '{\"order_column\":null,\"order_display_column\":null,\"order_direction\":\"asc\",\"default_search_key\":null,\"scope\":null}', '2023-07-06 02:42:59', '2023-07-06 02:43:41'),
(13, 'projects_genders', 'projects-genders', 'Género', 'Géneros', 'voyager-meh', 'App\\Models\\ProjectsGender', NULL, NULL, NULL, 1, 0, '{\"order_column\":\"order\",\"order_display_column\":\"name\",\"order_direction\":\"asc\",\"default_search_key\":null,\"scope\":null}', '2023-07-24 22:09:58', '2023-07-24 22:17:26'),
(14, 'projects_medias', 'projects-medias', 'Medio', 'Medios', 'voyager-folder', 'App\\Models\\ProjectsMedia', NULL, NULL, NULL, 1, 0, '{\"order_column\":\"order\",\"order_display_column\":\"name\",\"order_direction\":\"asc\",\"default_search_key\":null,\"scope\":null}', '2023-07-24 22:12:33', '2023-07-25 22:00:04'),
(15, 'projects_years', 'projects-years', 'Año', 'Años', NULL, 'App\\Models\\ProjectsYear', NULL, NULL, NULL, 1, 0, '{\"order_column\":\"year\",\"order_display_column\":\"year\",\"order_direction\":\"asc\",\"default_search_key\":null,\"scope\":null}', '2023-07-24 22:53:37', '2023-07-25 21:29:24'),
(16, 'projects_topics', 'projects-topics', 'Temática', 'Temáticas', 'voyager-tv', 'App\\Models\\ProjectsTopic', NULL, NULL, NULL, 1, 0, '{\"order_column\":\"order\",\"order_display_column\":\"name\",\"order_direction\":\"asc\",\"default_search_key\":null,\"scope\":null}', '2023-07-25 23:30:15', '2023-07-26 00:09:29');

-- --------------------------------------------------------

--
-- Estructura de tabla para la tabla `failed_jobs`
--

CREATE TABLE `failed_jobs` (
  `id` bigint(20) UNSIGNED NOT NULL,
  `uuid` varchar(255) COLLATE utf8mb4_unicode_ci NOT NULL,
  `connection` text COLLATE utf8mb4_unicode_ci NOT NULL,
  `queue` text COLLATE utf8mb4_unicode_ci NOT NULL,
  `payload` longtext COLLATE utf8mb4_unicode_ci NOT NULL,
  `exception` longtext COLLATE utf8mb4_unicode_ci NOT NULL,
  `failed_at` timestamp NOT NULL DEFAULT CURRENT_TIMESTAMP
) ENGINE=InnoDB DEFAULT CHARSET=utf8mb4 COLLATE=utf8mb4_unicode_ci;

-- --------------------------------------------------------

--
-- Estructura de tabla para la tabla `frm_contact_forms`
--

CREATE TABLE `frm_contact_forms` (
  `id` int(10) UNSIGNED NOT NULL,
  `fullname` varchar(255) COLLATE utf8mb4_unicode_ci DEFAULT NULL,
  `email` varchar(255) COLLATE utf8mb4_unicode_ci DEFAULT NULL,
  `phone` varchar(255) COLLATE utf8mb4_unicode_ci DEFAULT NULL,
  `area` varchar(255) COLLATE utf8mb4_unicode_ci DEFAULT NULL,
  `habeas_data` int(11) DEFAULT NULL,
  `created_at` timestamp NULL DEFAULT NULL,
  `updated_at` timestamp NULL DEFAULT NULL
) ENGINE=InnoDB DEFAULT CHARSET=utf8mb4 COLLATE=utf8mb4_unicode_ci;

--
-- Volcado de datos para la tabla `frm_contact_forms`
--

INSERT INTO `frm_contact_forms` (`id`, `fullname`, `email`, `phone`, `area`, `habeas_data`, `created_at`, `updated_at`) VALUES
(2, 'John Alexander Ramirez', 'inggensas@gmail.com', '3213407772', NULL, 1, '2023-08-15 00:17:12', '2023-08-15 00:17:12');

-- --------------------------------------------------------

--
-- Estructura de tabla para la tabla `labels`
--

CREATE TABLE `labels` (
  `id` int(10) UNSIGNED NOT NULL,
  `page_id` int(11) DEFAULT NULL,
  `name` varchar(255) COLLATE utf8mb4_unicode_ci DEFAULT NULL,
  `field` varchar(255) COLLATE utf8mb4_unicode_ci DEFAULT NULL,
  `created_at` timestamp NULL DEFAULT NULL,
  `updated_at` timestamp NULL DEFAULT NULL
) ENGINE=InnoDB DEFAULT CHARSET=utf8mb4 COLLATE=utf8mb4_unicode_ci;

--
-- Volcado de datos para la tabla `labels`
--

INSERT INTO `labels` (`id`, `page_id`, `name`, `field`, `created_at`, `updated_at`) VALUES
(1, 1, 'Todos los derechos reservados', 'rights_footer', '2023-07-06 04:03:10', '2023-07-06 04:03:10'),
(2, 1, 'Un universo narrativo en construcción. Somos una multiplataforma de investigación que documenta los proyectos transmedia realizados en Colombia', 'desc_footer', '2023-07-06 04:10:10', '2023-07-06 04:10:10'),
(3, 1, '	 Síguenos', 'followus_footer', '2023-07-06 04:11:08', '2023-07-06 04:11:08'),
(4, 1, 'Escríbenos', 'writeus_footer', '2023-07-06 04:11:50', '2023-07-06 04:11:50'),
(5, 1, 'Suscríbete', 'subscribe_footer', '2023-07-06 04:13:00', '2023-07-06 04:13:00'),
(6, 1, 'Correo electrónico', 'frm_subscribe_email_placeholder', '2023-07-06 04:13:39', '2023-07-06 04:13:39'),
(7, 1, 'Quiero suscribirme', 'frm_subscribe_submit_label', '2023-07-06 04:14:11', '2023-07-06 04:14:11'),
(8, 1, 'Busca aquí', 'label_global_placeholder_search_input', '2023-07-06 04:16:31', '2023-07-06 04:16:31'),
(9, 1, 'Busca aquí', 'label_global_placeholder_search_input', '2023-07-06 04:16:32', '2023-07-06 04:16:32'),
(10, 1, 'Contacto', 'title_col4_footer', '2023-07-20 06:38:08', '2023-07-20 06:38:08'),
(11, 1, 'Formación', 'title_col3_footer', '2023-07-20 06:39:27', '2023-07-20 06:39:27'),
(12, 1, 'Transmedia en Colombia', 'title_col2_footer', '2023-07-20 06:39:59', '2023-07-20 06:39:59'),
(13, 1, 'INSCRIBE TU PROYECTO AQUÍ', 'btn_suscribe_project_footer', '2023-07-20 06:41:36', '2023-07-20 06:41:36'),
(14, 1, 'Inicio', 'label_home_page', '2023-07-20 08:16:25', '2023-07-20 08:16:25'),
(15, 13, 'Gracias por tú interes, ya contamos con tu información en nuestra base de datos', 'frm_info_msg_data_filled', '2023-08-15 00:13:10', '2023-08-15 00:13:10'),
(16, 13, 'Lo sentimos, no podemos recibir tu información en este momento', 'frm_info_msg_error_sending_data', '2023-08-15 00:13:52', '2023-08-15 00:13:52'),
(17, 13, 'Gracias por enviarnos tus datos, uno de nuestros asesores se pondrá en contacto contigo', 'frm_info_msg_data_sending', '2023-08-15 00:14:25', '2023-08-15 00:14:25');

-- --------------------------------------------------------

--
-- Estructura de tabla para la tabla `menus`
--

CREATE TABLE `menus` (
  `id` int(10) UNSIGNED NOT NULL,
  `name` varchar(255) COLLATE utf8mb4_unicode_ci NOT NULL,
  `created_at` timestamp NULL DEFAULT NULL,
  `updated_at` timestamp NULL DEFAULT NULL
) ENGINE=InnoDB DEFAULT CHARSET=utf8mb4 COLLATE=utf8mb4_unicode_ci;

--
-- Volcado de datos para la tabla `menus`
--

INSERT INTO `menus` (`id`, `name`, `created_at`, `updated_at`) VALUES
(1, 'admin', '2023-07-05 23:36:38', '2023-07-05 23:36:38'),
(2, 'Social', '2023-07-06 04:00:52', '2023-07-06 04:00:52'),
(3, 'Principal', '2023-07-06 04:01:38', '2023-07-06 04:01:38'),
(4, 'Subfooter', '2023-07-06 04:15:25', '2023-07-06 04:15:25'),
(5, 'FooterSection2', '2023-07-13 02:37:53', '2023-07-13 02:37:53'),
(6, 'FooterSection3', '2023-07-13 02:39:48', '2023-07-13 02:39:48');

-- --------------------------------------------------------

--
-- Estructura de tabla para la tabla `menu_items`
--

CREATE TABLE `menu_items` (
  `id` int(10) UNSIGNED NOT NULL,
  `menu_id` int(10) UNSIGNED DEFAULT NULL,
  `title` varchar(255) COLLATE utf8mb4_unicode_ci NOT NULL,
  `url` varchar(255) COLLATE utf8mb4_unicode_ci NOT NULL,
  `target` varchar(255) COLLATE utf8mb4_unicode_ci NOT NULL DEFAULT '_self',
  `icon_class` varchar(255) COLLATE utf8mb4_unicode_ci DEFAULT NULL,
  `color` varchar(255) COLLATE utf8mb4_unicode_ci DEFAULT NULL,
  `parent_id` int(11) DEFAULT NULL,
  `order` int(11) NOT NULL,
  `created_at` timestamp NULL DEFAULT NULL,
  `updated_at` timestamp NULL DEFAULT NULL,
  `route` varchar(255) COLLATE utf8mb4_unicode_ci DEFAULT NULL,
  `parameters` text COLLATE utf8mb4_unicode_ci
) ENGINE=InnoDB DEFAULT CHARSET=utf8mb4 COLLATE=utf8mb4_unicode_ci;

--
-- Volcado de datos para la tabla `menu_items`
--

INSERT INTO `menu_items` (`id`, `menu_id`, `title`, `url`, `target`, `icon_class`, `color`, `parent_id`, `order`, `created_at`, `updated_at`, `route`, `parameters`) VALUES
(1, 1, 'Tablero', '', '_self', 'voyager-boat', '#000000', NULL, 1, '2023-07-05 23:36:38', '2023-07-06 00:58:46', 'voyager.dashboard', 'null'),
(2, 1, 'Archivos', '', '_self', 'voyager-images', '#000000', NULL, 5, '2023-07-05 23:36:38', '2023-07-24 22:13:55', 'voyager.media.index', 'null'),
(3, 1, 'Usuarios', '', '_self', 'voyager-person', '#000000', NULL, 6, '2023-07-05 23:36:38', '2023-07-24 22:13:55', 'voyager.users.index', 'null'),
(4, 1, 'Roles', '', '_self', 'voyager-lock', NULL, 5, 1, '2023-07-05 23:36:38', '2023-07-06 01:00:03', 'voyager.roles.index', NULL),
(5, 1, 'Herramientas', '', '_self', 'voyager-tools', '#000000', NULL, 9, '2023-07-05 23:36:38', '2023-07-24 22:13:55', NULL, ''),
(6, 1, 'Menus', '', '_self', 'voyager-list', '#000000', 5, 2, '2023-07-05 23:36:38', '2023-07-06 01:00:22', 'voyager.menus.index', 'null'),
(7, 1, 'Base de datos', '', '_self', 'voyager-data', '#000000', 5, 3, '2023-07-05 23:36:38', '2023-07-06 01:00:33', 'voyager.database.index', 'null'),
(8, 1, 'Compass', '', '_self', 'voyager-compass', NULL, 5, 5, '2023-07-05 23:36:38', '2023-07-06 02:00:01', 'voyager.compass.index', NULL),
(9, 1, 'BREAD', '', '_self', 'voyager-bread', NULL, 5, 4, '2023-07-05 23:36:38', '2023-07-06 02:00:01', 'voyager.bread.index', NULL),
(10, 1, 'Ajustes', '', '_self', 'voyager-settings', '#000000', NULL, 8, '2023-07-05 23:36:38', '2023-07-24 22:13:55', 'voyager.settings.index', 'null'),
(11, 1, 'Etiquetas', '', '_self', 'voyager-bookmark', '#000000', 12, 1, '2023-07-06 01:56:21', '2023-07-06 01:59:40', 'voyager.labels.index', 'null'),
(12, 1, 'Traducciones', '#', '_self', 'voyager-belt', '#000000', NULL, 7, '2023-07-06 01:59:06', '2023-07-24 22:13:55', NULL, ''),
(13, 1, 'Sitio web', '#', '_self', 'voyager-html5', '#000000', NULL, 2, '2023-07-06 02:07:06', '2023-07-06 02:07:20', NULL, ''),
(14, 1, 'Proyectos', '#', '_self', 'voyager-folder', '#000000', NULL, 3, '2023-07-06 02:07:54', '2023-07-06 02:08:01', NULL, ''),
(15, 1, 'Formularios', '#', '_self', 'voyager-documentation', '#000000', NULL, 4, '2023-07-06 02:08:42', '2023-07-24 22:13:55', NULL, ''),
(16, 1, 'Páginas', '', '_self', 'voyager-browser', '#000000', 13, 1, '2023-07-06 02:15:00', '2023-07-06 02:23:55', 'voyager.pages.index', 'null'),
(17, 1, 'Secciones', '', '_self', 'voyager-window-list', '#000000', 13, 2, '2023-07-06 02:20:27', '2023-07-06 02:24:05', 'voyager.sections.index', 'null'),
(18, 1, 'Slides', '', '_self', 'voyager-photos', NULL, 13, 3, '2023-07-06 02:26:35', '2023-07-06 02:27:48', 'voyager.slides.index', NULL),
(19, 1, 'Lista', '', '_self', 'voyager-list', '#000000', 14, 1, '2023-07-06 02:32:59', '2023-07-06 02:36:29', 'voyager.projects.index', 'null'),
(22, 1, 'Contactos', '', '_self', 'voyager-documentation', NULL, 15, 1, '2023-07-06 02:42:59', '2023-07-06 02:45:24', 'voyager.frm-contact-forms.index', NULL),
(23, 2, 'Facebook', 'https://www.facebook.com/profile.php?id=100080502397626', '_blank', 'facebook-filled', '#000000', NULL, 10, '2023-07-13 02:11:39', '2023-07-17 22:34:14', NULL, ''),
(24, 2, 'Instragram', 'https://www.instagram.com/nodos.transmedia/', '_blank', 'instagram', '#000000', NULL, 11, '2023-07-13 02:13:04', '2023-07-17 22:37:55', NULL, ''),
(25, 4, '© Copyright 2023 - Nodos Transmedia', '#', '_self', NULL, '#000000', NULL, 12, '2023-07-13 02:40:42', '2023-07-13 03:11:01', NULL, ''),
(26, 4, 'Políticas de privacidad', '#', '_self', NULL, '#000000', NULL, 13, '2023-07-13 02:41:09', '2023-07-13 02:41:09', NULL, ''),
(27, 4, 'Términos y condiciones', '#', '_self', NULL, '#000000', NULL, 14, '2023-07-13 02:41:29', '2023-07-13 02:41:29', NULL, ''),
(28, 5, 'Historia', 'historia', '_self', NULL, '#000000', NULL, 15, '2023-07-13 02:52:47', '2023-07-16 20:23:14', NULL, ''),
(29, 5, 'Universo Transmedia', '../', '_self', NULL, '#000000', NULL, 16, '2023-07-13 02:54:29', '2023-07-20 06:16:42', NULL, ''),
(30, 5, 'Documental Interactivo', 'documental-interactivo', '_self', NULL, '#000000', NULL, 17, '2023-07-13 02:56:50', '2023-07-18 00:31:11', NULL, ''),
(31, 5, 'Podcast', 'podcast', '_self', NULL, '#000000', NULL, 18, '2023-07-13 02:57:02', '2023-07-18 00:32:15', NULL, ''),
(32, 6, 'Realidades Expandidas', 'realidades-expandidas', '_self', NULL, '#000000', NULL, 19, '2023-07-13 02:57:20', '2023-07-20 06:16:23', NULL, ''),
(33, 6, 'Talleres', 'talleres', '_self', NULL, '#000000', NULL, 20, '2023-07-13 02:57:31', '2023-07-20 06:16:08', NULL, ''),
(35, 3, 'Saber más', 'saber-mas', '_self', 'voyager-double-down', '#000000', NULL, 3, '2023-07-13 06:02:41', '2023-08-29 05:54:33', NULL, ''),
(36, 3, 'Formación', '#', '_self', 'voyager-double-down', '#000000', NULL, 4, '2023-07-13 06:02:55', '2023-08-29 05:54:33', NULL, ''),
(37, 3, 'Investigación', '#', '_self', 'voyager-double-down', '#000000', NULL, 5, '2023-07-13 06:03:06', '2023-08-29 05:54:33', NULL, ''),
(38, 3, 'Contacto', '#', '_self', 'voyager-double-down', '#000000', NULL, 6, '2023-07-13 06:03:21', '2023-08-29 05:54:33', NULL, ''),
(39, 3, 'Historia', 'historia', '_self', 'https://nodostransmedia.inggen.com/storage/menu/item_historia.jpg', '#000000', 35, 1, '2023-07-14 22:56:49', '2023-08-15 04:58:03', NULL, ''),
(40, 3, 'Universo transmedia', '../', '_self', 'https://nodostransmedia.inggen.com/storage/menu/dataweb.png', '#000000', 35, 2, '2023-07-14 23:47:45', '2023-08-29 05:57:24', NULL, ''),
(41, 3, 'Podcast', 'podcast', '_self', 'https://nodostransmedia.inggen.com/storage/menu/item_podcast.jpg', '#000000', 35, 3, '2023-07-14 23:49:50', '2023-08-15 04:57:19', NULL, ''),
(42, 3, 'Documental', 'documental-interactivo', '_self', 'https://nodostransmedia.inggen.com/storage/menu/item_documental.jpg', '#000000', 35, 4, '2023-07-14 23:50:16', '2023-08-15 04:56:51', NULL, ''),
(43, 3, 'Guía metodológica', 'guia-metodologica', '_self', 'https://nodostransmedia.inggen.com/storage/menu/guia.jpg', '#000000', 36, 1, '2023-07-14 23:51:20', '2023-08-15 04:55:45', NULL, ''),
(44, 3, 'Talleres', 'talleres', '_self', 'https://nodostransmedia.inggen.com/storage/menu/talleres.jpg', '#000000', 36, 2, '2023-07-14 23:51:49', '2023-08-15 04:56:06', NULL, ''),
(45, 3, 'Créditos', 'creditos', '_self', 'https://nodostransmedia.inggen.com/storage/menu/creditos.jpg', '#000000', 37, 1, '2023-07-14 23:53:13', '2023-08-29 05:54:33', NULL, ''),
(46, 3, 'Publicaciones', 'publicaciones', '_self', 'https://nodostransmedia.inggen.com/storage/menu/publicaciones.jpg', '#000000', 37, 2, '2023-07-14 23:53:25', '2023-08-29 05:54:33', NULL, ''),
(47, 3, 'Exhibiciones', 'exhibiciones', '_self', 'https://nodostransmedia.inggen.com/storage/menu/exhibiciones.jpg', '#000000', 37, 3, '2023-07-14 23:53:58', '2023-08-29 05:54:33', NULL, ''),
(48, 3, 'Ponencias y conferencias', 'ponencias-y-conferencias', '_self', 'https://nodostransmedia.inggen.com/storage/menu/ponencias.jpg', '#000000', 37, 4, '2023-07-14 23:54:16', '2023-08-29 05:54:33', NULL, ''),
(49, 3, 'Ser un nodo', 'ser-un-nodo', '_self', 'https://nodostransmedia.inggen.com/storage/menu/ser_nodo.jpg', '#000000', 38, 1, '2023-07-20 00:46:52', '2023-08-15 04:52:54', NULL, ''),
(50, 3, 'Contacto', 'contacto', '_self', 'https://nodostransmedia.inggen.com/storage/menu/contacto.jpg', '#000000', 38, 2, '2023-07-20 00:47:18', '2023-08-15 04:52:29', NULL, ''),
(51, 3, 'Proyecto', 'proyecto-nodos-transmedia', '_self', 'https://nodostransmedia.inggen.com/storage/menu/proyecto.jpg', '#000000', NULL, 2, '2023-07-20 01:27:01', '2023-08-29 05:54:33', NULL, ''),
(52, 1, 'Géneros', '', '_self', 'voyager-meh', '#000000', 14, 4, '2023-07-24 22:09:58', '2023-07-26 00:23:58', 'voyager.projects-genders.index', 'null'),
(53, 1, 'Medios', '', '_self', 'voyager-folder', '#000000', 14, 3, '2023-07-24 22:12:33', '2023-07-26 00:23:58', 'voyager.projects-medias.index', 'null'),
(54, 1, 'Años', '', '_self', 'voyager-calendar', '#000000', 14, 5, '2023-07-24 22:53:37', '2023-07-25 23:34:08', 'voyager.projects-years.index', 'null'),
(55, 1, 'Temáticas', '', '_self', 'voyager-tv', '#000000', 14, 2, '2023-07-25 23:30:15', '2023-07-25 23:34:08', 'voyager.projects-topics.index', 'null');

-- --------------------------------------------------------

--
-- Estructura de tabla para la tabla `migrations`
--

CREATE TABLE `migrations` (
  `id` int(10) UNSIGNED NOT NULL,
  `migration` varchar(255) COLLATE utf8mb4_unicode_ci NOT NULL,
  `batch` int(11) NOT NULL
) ENGINE=InnoDB DEFAULT CHARSET=utf8mb4 COLLATE=utf8mb4_unicode_ci;

--
-- Volcado de datos para la tabla `migrations`
--

INSERT INTO `migrations` (`id`, `migration`, `batch`) VALUES
(1, '2014_10_12_000000_create_users_table', 1),
(2, '2014_10_12_100000_create_password_resets_table', 1),
(3, '2016_01_01_000000_add_voyager_user_fields', 1),
(4, '2016_01_01_000000_create_data_types_table', 1),
(5, '2016_05_19_173453_create_menu_table', 1),
(6, '2016_10_21_190000_create_roles_table', 1),
(7, '2016_10_21_190000_create_settings_table', 1),
(8, '2016_11_30_135954_create_permission_table', 1),
(9, '2016_11_30_141208_create_permission_role_table', 1),
(10, '2016_12_26_201236_data_types__add__server_side', 1),
(11, '2017_01_13_000000_add_route_to_menu_items_table', 1),
(12, '2017_01_14_005015_create_translations_table', 1),
(13, '2017_01_15_000000_make_table_name_nullable_in_permissions_table', 1),
(14, '2017_03_06_000000_add_controller_to_data_types_table', 1),
(15, '2017_04_21_000000_add_order_to_data_rows_table', 1),
(16, '2017_07_05_210000_add_policyname_to_data_types_table', 1),
(17, '2017_08_05_000000_add_group_to_settings_table', 1),
(18, '2017_11_26_013050_add_user_role_relationship', 1),
(19, '2017_11_26_015000_create_user_roles_table', 1),
(20, '2018_03_11_000000_add_user_settings', 1),
(21, '2018_03_14_000000_add_details_to_data_types_table', 1),
(22, '2018_03_16_000000_make_settings_value_nullable', 1),
(23, '2019_08_19_000000_create_failed_jobs_table', 1),
(24, '2019_12_14_000001_create_personal_access_tokens_table', 1);

-- --------------------------------------------------------

--
-- Estructura de tabla para la tabla `pages`
--

CREATE TABLE `pages` (
  `id` int(10) UNSIGNED NOT NULL,
  `slug` varchar(255) COLLATE utf8mb4_unicode_ci DEFAULT NULL,
  `name` varchar(255) COLLATE utf8mb4_unicode_ci DEFAULT NULL,
  `description` varchar(255) COLLATE utf8mb4_unicode_ci DEFAULT NULL,
  `banner_image` longtext COLLATE utf8mb4_unicode_ci,
  `is_public` int(11) DEFAULT NULL,
  `is_main` int(11) DEFAULT NULL,
  `order` int(11) DEFAULT NULL,
  `inverse_colors` int(11) DEFAULT NULL,
  `created_at` timestamp NULL DEFAULT NULL,
  `updated_at` timestamp NULL DEFAULT NULL,
  `banner_text` text COLLATE utf8mb4_unicode_ci
) ENGINE=InnoDB DEFAULT CHARSET=utf8mb4 COLLATE=utf8mb4_unicode_ci;

--
-- Volcado de datos para la tabla `pages`
--

INSERT INTO `pages` (`id`, `slug`, `name`, `description`, `banner_image`, `is_public`, `is_main`, `order`, `inverse_colors`, `created_at`, `updated_at`, `banner_text`) VALUES
(1, 'inicio', 'Inicio', 'Un universo narrativo en construcción. Somos una multiplataforma de investigación que documenta los proyectos transmedia realizados en Colombia', 'pages/July2023/banner_inicio-80.jpg', 1, 1, 1, 0, '2023-07-06 03:29:00', '2023-07-20 02:29:19', '<p>Un universo narrativo en construcci&oacute;n. Somos una multiplataforma de investigaci&oacute;n que documenta los proyectos transmedia realizados en Colombia</p>'),
(2, 'historia', 'Historia', 'Vorem ipsum dolor sit amet, consectetur adipiscing elit. Etiam eu turpis molestie, dictum est a, mattis tellus.', 'pages/July2023/banner_historia-100.jpg', 1, 0, 2, 0, '2023-07-14 02:10:00', '2023-07-20 02:29:19', '<p class=\"page-title mt-3\"><strong>HISTORIA</strong></p>'),
(3, 'podcast', 'Podcast', 'Vorem ipsum dolor sit amet, consectetur adipiscing elit. Etiam eu turpis molestie, dictum est a, mattis tellus.', 'pages/July2023/banner_podcast-100.jpg', 1, 0, 3, 0, '2023-07-17 20:34:00', '2023-07-20 02:29:19', '<p class=\"page-title mt-3\"><strong>PODCAST</strong></p>'),
(4, 'documental-interactivo', 'Documental interactivo', 'Vorem ipsum dolor sit amet, consectetur adipiscing elit. Etiam eu turpis molestie, dictum est a, mattis tellus.', 'pages/July2023/banner_documental-100.jpg', 1, 0, 4, 0, '2023-07-18 00:05:00', '2023-07-20 02:29:19', '<p class=\"page-title mt-3\"><strong>DOCUMENTAL INTERACTIVO</strong></p>'),
(5, 'proyecto-nodos-transmedia', 'Proyecto nodos transmedia', 'Vorem ipsum dolor sit amet, consectetur adipiscing elit. Etiam eu turpis molestie, dictum est a, mattis tellus.', 'pages/July2023/banner_proyecto_nodos-100.jpg', 1, 0, 5, 0, '2023-07-18 05:05:00', '2023-07-20 02:29:19', '<p class=\"page-title mt-3\"><strong>PROYECTO NODOS TRANSMEDIA</strong></p>'),
(6, 'creditos', 'Créditos', 'Vorem ipsum dolor sit amet, consectetur adipiscing elit. Etiam eu turpis molestie, dictum est a, mattis tellus.', NULL, 1, 0, 6, 0, '2023-07-20 02:15:00', '2023-07-20 02:29:19', '<p class=\"page-title mt-3\"><strong>CR&Eacute;DITOS</strong></p>'),
(7, 'publicaciones', 'Publicaciones', 'Vorem ipsum dolor sit amet, consectetur adipiscing elit. Etiam eu turpis molestie, dictum est a, mattis tellus.', NULL, 1, 0, 7, 0, '2023-07-20 02:18:00', '2023-07-20 02:29:19', '<p class=\"page-title mt-3\"><strong>PUBLICACIONES</strong></p>'),
(8, 'exhibiciones', 'Exhibiciones', 'Vorem ipsum dolor sit amet, consectetur adipiscing elit. Etiam eu turpis molestie, dictum est a, mattis tellus.', NULL, 1, 0, 8, 0, '2023-07-20 02:20:00', '2023-07-20 02:29:19', '<p class=\"page-title mt-3\"><strong>EXHIBICIONES</strong></p>'),
(9, 'ponencias-y-conferencias', 'Ponencias y conferencias', 'Vorem ipsum dolor sit amet, consectetur adipiscing elit. Etiam eu turpis molestie, dictum est a, mattis tellus.', NULL, 1, 0, 9, 0, '2023-07-20 02:22:52', '2023-07-20 02:29:19', '<p class=\"page-title mt-3 uppercase\"><strong>Ponencias y conferencias</strong></p>'),
(10, 'guia-metodologica', 'Guía metodológica', 'Vorem ipsum dolor sit amet, consectetur adipiscing elit. Etiam eu turpis molestie, dictum est a, mattis tellus.', NULL, 1, 0, 10, 0, '2023-07-20 02:25:00', '2023-07-20 05:33:13', '<p class=\"page-title mt-3 uppercase\"><strong>Crea tu proyecto</strong></p>'),
(11, 'talleres', 'Talleres', 'Vorem ipsum dolor sit amet, consectetur adipiscing elit. Etiam eu turpis molestie, dictum est a, mattis tellus.', NULL, 1, 0, 11, 0, '2023-07-20 02:26:34', '2023-07-20 02:29:19', '<p class=\"page-title mt-3 uppercase\"><strong>Talleres</strong></p>'),
(12, 'ser-un-nodo', 'Ser un nodo', 'Vorem ipsum dolor sit amet, consectetur adipiscing elit. Etiam eu turpis molestie, dictum est a, mattis tellus.', NULL, 1, 0, 14, 0, '2023-07-20 02:27:51', '2023-07-28 07:05:55', '<p class=\"page-title mt-3 uppercase\"><strong>Ser un nodo</strong></p>'),
(13, 'contacto', 'Contacto', 'Vorem ipsum dolor sit amet, consectetur adipiscing elit. Etiam eu turpis molestie, dictum est a, mattis tellus.', NULL, 1, 0, 15, 0, '2023-07-20 02:28:50', '2023-07-28 07:05:55', '<p class=\"page-title mt-3 uppercase\"><strong>Contacto</strong></p>'),
(14, 'realidades-expandidas', 'Realidades expandidas', 'Vorem ipsum dolor sit amet, consectetur adipiscing elit. Etiam eu turpis molestie, dictum est a, mattis tellus.', NULL, 1, 0, 12, 0, '2023-07-20 06:25:14', '2023-07-20 06:25:26', '<p class=\"page-title mt-3 uppercase\"><strong>Realidades expandidas</strong></p>'),
(15, 'proyectos', 'Proyectos', 'Vorem ipsum dolor sit amet, consectetur adipiscing elit. Etiam eu turpis molestie, dictum est a, mattis tellus.', NULL, 1, 0, 13, 0, '2023-07-28 07:01:00', '2023-07-28 07:11:58', '<p class=\"page-title mt-3\"><strong>LISTADO DE PROYECTOS</strong></p>'),
(16, 'buscar', 'Buscar', 'Vorem ipsum dolor sit amet, consectetur adipiscing elit. Etiam eu turpis molestie, dictum est a, mattis tellus.', NULL, 1, 0, 16, 0, '2023-08-14 20:20:00', '2023-08-14 20:21:56', '<p class=\"page-title mt-3\"><strong>B&Uacute;SQUEDA</strong></p>'),
(17, '404', '404', 'Ups.. Parece que estás perdido en el universo. Esta página se perdió en el espacio.', NULL, 1, 0, NULL, 0, '2023-08-15 05:00:00', '2023-08-15 08:32:58', '<div class=\"container\" style=\"text-align: center;\">Ups...</div>');

-- --------------------------------------------------------

--
-- Estructura de tabla para la tabla `password_resets`
--

CREATE TABLE `password_resets` (
  `email` varchar(255) COLLATE utf8mb4_unicode_ci NOT NULL,
  `token` varchar(255) COLLATE utf8mb4_unicode_ci NOT NULL,
  `created_at` timestamp NULL DEFAULT NULL
) ENGINE=InnoDB DEFAULT CHARSET=utf8mb4 COLLATE=utf8mb4_unicode_ci;

-- --------------------------------------------------------

--
-- Estructura de tabla para la tabla `permissions`
--

CREATE TABLE `permissions` (
  `id` bigint(20) UNSIGNED NOT NULL,
  `key` varchar(255) COLLATE utf8mb4_unicode_ci NOT NULL,
  `table_name` varchar(255) COLLATE utf8mb4_unicode_ci DEFAULT NULL,
  `created_at` timestamp NULL DEFAULT NULL,
  `updated_at` timestamp NULL DEFAULT NULL
) ENGINE=InnoDB DEFAULT CHARSET=utf8mb4 COLLATE=utf8mb4_unicode_ci;

--
-- Volcado de datos para la tabla `permissions`
--

INSERT INTO `permissions` (`id`, `key`, `table_name`, `created_at`, `updated_at`) VALUES
(1, 'browse_admin', NULL, '2023-07-05 23:36:38', '2023-07-05 23:36:38'),
(2, 'browse_bread', NULL, '2023-07-05 23:36:38', '2023-07-05 23:36:38'),
(3, 'browse_database', NULL, '2023-07-05 23:36:38', '2023-07-05 23:36:38'),
(4, 'browse_media', NULL, '2023-07-05 23:36:38', '2023-07-05 23:36:38'),
(5, 'browse_compass', NULL, '2023-07-05 23:36:38', '2023-07-05 23:36:38'),
(6, 'browse_menus', 'menus', '2023-07-05 23:36:38', '2023-07-05 23:36:38'),
(7, 'read_menus', 'menus', '2023-07-05 23:36:38', '2023-07-05 23:36:38'),
(8, 'edit_menus', 'menus', '2023-07-05 23:36:38', '2023-07-05 23:36:38'),
(9, 'add_menus', 'menus', '2023-07-05 23:36:38', '2023-07-05 23:36:38'),
(10, 'delete_menus', 'menus', '2023-07-05 23:36:38', '2023-07-05 23:36:38'),
(11, 'browse_roles', 'roles', '2023-07-05 23:36:38', '2023-07-05 23:36:38'),
(12, 'read_roles', 'roles', '2023-07-05 23:36:38', '2023-07-05 23:36:38'),
(13, 'edit_roles', 'roles', '2023-07-05 23:36:38', '2023-07-05 23:36:38'),
(14, 'add_roles', 'roles', '2023-07-05 23:36:38', '2023-07-05 23:36:38'),
(15, 'delete_roles', 'roles', '2023-07-05 23:36:38', '2023-07-05 23:36:38'),
(16, 'browse_users', 'users', '2023-07-05 23:36:38', '2023-07-05 23:36:38'),
(17, 'read_users', 'users', '2023-07-05 23:36:38', '2023-07-05 23:36:38'),
(18, 'edit_users', 'users', '2023-07-05 23:36:38', '2023-07-05 23:36:38'),
(19, 'add_users', 'users', '2023-07-05 23:36:38', '2023-07-05 23:36:38'),
(20, 'delete_users', 'users', '2023-07-05 23:36:38', '2023-07-05 23:36:38'),
(21, 'browse_settings', 'settings', '2023-07-05 23:36:38', '2023-07-05 23:36:38'),
(22, 'read_settings', 'settings', '2023-07-05 23:36:38', '2023-07-05 23:36:38'),
(23, 'edit_settings', 'settings', '2023-07-05 23:36:38', '2023-07-05 23:36:38'),
(24, 'add_settings', 'settings', '2023-07-05 23:36:38', '2023-07-05 23:36:38'),
(25, 'delete_settings', 'settings', '2023-07-05 23:36:38', '2023-07-05 23:36:38'),
(26, 'browse_labels', 'labels', '2023-07-06 01:56:21', '2023-07-06 01:56:21'),
(27, 'read_labels', 'labels', '2023-07-06 01:56:21', '2023-07-06 01:56:21'),
(28, 'edit_labels', 'labels', '2023-07-06 01:56:21', '2023-07-06 01:56:21'),
(29, 'add_labels', 'labels', '2023-07-06 01:56:21', '2023-07-06 01:56:21'),
(30, 'delete_labels', 'labels', '2023-07-06 01:56:21', '2023-07-06 01:56:21'),
(31, 'browse_pages', 'pages', '2023-07-06 02:15:00', '2023-07-06 02:15:00'),
(32, 'read_pages', 'pages', '2023-07-06 02:15:00', '2023-07-06 02:15:00'),
(33, 'edit_pages', 'pages', '2023-07-06 02:15:00', '2023-07-06 02:15:00'),
(34, 'add_pages', 'pages', '2023-07-06 02:15:00', '2023-07-06 02:15:00'),
(35, 'delete_pages', 'pages', '2023-07-06 02:15:00', '2023-07-06 02:15:00'),
(36, 'browse_sections', 'sections', '2023-07-06 02:20:27', '2023-07-06 02:20:27'),
(37, 'read_sections', 'sections', '2023-07-06 02:20:27', '2023-07-06 02:20:27'),
(38, 'edit_sections', 'sections', '2023-07-06 02:20:27', '2023-07-06 02:20:27'),
(39, 'add_sections', 'sections', '2023-07-06 02:20:27', '2023-07-06 02:20:27'),
(40, 'delete_sections', 'sections', '2023-07-06 02:20:27', '2023-07-06 02:20:27'),
(41, 'browse_slides', 'slides', '2023-07-06 02:26:35', '2023-07-06 02:26:35'),
(42, 'read_slides', 'slides', '2023-07-06 02:26:35', '2023-07-06 02:26:35'),
(43, 'edit_slides', 'slides', '2023-07-06 02:26:35', '2023-07-06 02:26:35'),
(44, 'add_slides', 'slides', '2023-07-06 02:26:35', '2023-07-06 02:26:35'),
(45, 'delete_slides', 'slides', '2023-07-06 02:26:35', '2023-07-06 02:26:35'),
(46, 'browse_projects', 'projects', '2023-07-06 02:32:58', '2023-07-06 02:32:58'),
(47, 'read_projects', 'projects', '2023-07-06 02:32:58', '2023-07-06 02:32:58'),
(48, 'edit_projects', 'projects', '2023-07-06 02:32:58', '2023-07-06 02:32:58'),
(49, 'add_projects', 'projects', '2023-07-06 02:32:58', '2023-07-06 02:32:58'),
(50, 'delete_projects', 'projects', '2023-07-06 02:32:58', '2023-07-06 02:32:58'),
(51, 'browse_projects_designs', 'projects_designs', '2023-07-06 02:38:22', '2023-07-06 02:38:22'),
(52, 'read_projects_designs', 'projects_designs', '2023-07-06 02:38:22', '2023-07-06 02:38:22'),
(53, 'edit_projects_designs', 'projects_designs', '2023-07-06 02:38:22', '2023-07-06 02:38:22'),
(54, 'add_projects_designs', 'projects_designs', '2023-07-06 02:38:22', '2023-07-06 02:38:22'),
(55, 'delete_projects_designs', 'projects_designs', '2023-07-06 02:38:22', '2023-07-06 02:38:22'),
(56, 'browse_projects_types', 'projects_types', '2023-07-06 02:39:31', '2023-07-06 02:39:31'),
(57, 'read_projects_types', 'projects_types', '2023-07-06 02:39:31', '2023-07-06 02:39:31'),
(58, 'edit_projects_types', 'projects_types', '2023-07-06 02:39:31', '2023-07-06 02:39:31'),
(59, 'add_projects_types', 'projects_types', '2023-07-06 02:39:31', '2023-07-06 02:39:31'),
(60, 'delete_projects_types', 'projects_types', '2023-07-06 02:39:31', '2023-07-06 02:39:31'),
(61, 'browse_frm_contact_forms', 'frm_contact_forms', '2023-07-06 02:42:59', '2023-07-06 02:42:59'),
(62, 'read_frm_contact_forms', 'frm_contact_forms', '2023-07-06 02:42:59', '2023-07-06 02:42:59'),
(63, 'edit_frm_contact_forms', 'frm_contact_forms', '2023-07-06 02:42:59', '2023-07-06 02:42:59'),
(64, 'add_frm_contact_forms', 'frm_contact_forms', '2023-07-06 02:42:59', '2023-07-06 02:42:59'),
(65, 'delete_frm_contact_forms', 'frm_contact_forms', '2023-07-06 02:42:59', '2023-07-06 02:42:59'),
(66, 'browse_projects_genders', 'projects_genders', '2023-07-24 22:09:58', '2023-07-24 22:09:58'),
(67, 'read_projects_genders', 'projects_genders', '2023-07-24 22:09:58', '2023-07-24 22:09:58'),
(68, 'edit_projects_genders', 'projects_genders', '2023-07-24 22:09:58', '2023-07-24 22:09:58'),
(69, 'add_projects_genders', 'projects_genders', '2023-07-24 22:09:58', '2023-07-24 22:09:58'),
(70, 'delete_projects_genders', 'projects_genders', '2023-07-24 22:09:58', '2023-07-24 22:09:58'),
(71, 'browse_projects_medias', 'projects_medias', '2023-07-24 22:12:33', '2023-07-24 22:12:33'),
(72, 'read_projects_medias', 'projects_medias', '2023-07-24 22:12:33', '2023-07-24 22:12:33'),
(73, 'edit_projects_medias', 'projects_medias', '2023-07-24 22:12:33', '2023-07-24 22:12:33'),
(74, 'add_projects_medias', 'projects_medias', '2023-07-24 22:12:33', '2023-07-24 22:12:33'),
(75, 'delete_projects_medias', 'projects_medias', '2023-07-24 22:12:33', '2023-07-24 22:12:33'),
(76, 'browse_projects_years', 'projects_years', '2023-07-24 22:53:37', '2023-07-24 22:53:37'),
(77, 'read_projects_years', 'projects_years', '2023-07-24 22:53:37', '2023-07-24 22:53:37'),
(78, 'edit_projects_years', 'projects_years', '2023-07-24 22:53:37', '2023-07-24 22:53:37'),
(79, 'add_projects_years', 'projects_years', '2023-07-24 22:53:37', '2023-07-24 22:53:37'),
(80, 'delete_projects_years', 'projects_years', '2023-07-24 22:53:37', '2023-07-24 22:53:37'),
(81, 'browse_projects_topics', 'projects_topics', '2023-07-25 23:30:15', '2023-07-25 23:30:15'),
(82, 'read_projects_topics', 'projects_topics', '2023-07-25 23:30:15', '2023-07-25 23:30:15'),
(83, 'edit_projects_topics', 'projects_topics', '2023-07-25 23:30:15', '2023-07-25 23:30:15'),
(84, 'add_projects_topics', 'projects_topics', '2023-07-25 23:30:15', '2023-07-25 23:30:15'),
(85, 'delete_projects_topics', 'projects_topics', '2023-07-25 23:30:15', '2023-07-25 23:30:15');

-- --------------------------------------------------------

--
-- Estructura de tabla para la tabla `permission_role`
--

CREATE TABLE `permission_role` (
  `permission_id` bigint(20) UNSIGNED NOT NULL,
  `role_id` bigint(20) UNSIGNED NOT NULL
) ENGINE=InnoDB DEFAULT CHARSET=utf8mb4 COLLATE=utf8mb4_unicode_ci;

--
-- Volcado de datos para la tabla `permission_role`
--

INSERT INTO `permission_role` (`permission_id`, `role_id`) VALUES
(1, 1),
(2, 1),
(3, 1),
(4, 1),
(5, 1),
(6, 1),
(7, 1),
(8, 1),
(9, 1),
(10, 1),
(11, 1),
(12, 1),
(13, 1),
(14, 1),
(15, 1),
(16, 1),
(17, 1),
(18, 1),
(19, 1),
(20, 1),
(21, 1),
(22, 1),
(23, 1),
(24, 1),
(25, 1),
(26, 1),
(27, 1),
(28, 1),
(29, 1),
(30, 1),
(31, 1),
(32, 1),
(33, 1),
(34, 1),
(35, 1),
(36, 1),
(37, 1),
(38, 1),
(39, 1),
(40, 1),
(41, 1),
(42, 1),
(43, 1),
(44, 1),
(45, 1),
(46, 1),
(47, 1),
(48, 1),
(49, 1),
(50, 1),
(51, 1),
(52, 1),
(53, 1),
(54, 1),
(55, 1),
(56, 1),
(57, 1),
(58, 1),
(59, 1),
(60, 1),
(61, 1),
(62, 1),
(63, 1),
(64, 1),
(65, 1),
(66, 1),
(67, 1),
(68, 1),
(69, 1),
(70, 1),
(71, 1),
(72, 1),
(73, 1),
(74, 1),
(75, 1),
(76, 1),
(77, 1),
(78, 1),
(79, 1),
(80, 1),
(81, 1),
(82, 1),
(83, 1),
(84, 1),
(85, 1);

-- --------------------------------------------------------

--
-- Estructura de tabla para la tabla `personal_access_tokens`
--

CREATE TABLE `personal_access_tokens` (
  `id` bigint(20) UNSIGNED NOT NULL,
  `tokenable_type` varchar(255) COLLATE utf8mb4_unicode_ci NOT NULL,
  `tokenable_id` bigint(20) UNSIGNED NOT NULL,
  `name` varchar(255) COLLATE utf8mb4_unicode_ci NOT NULL,
  `token` varchar(64) COLLATE utf8mb4_unicode_ci NOT NULL,
  `abilities` text COLLATE utf8mb4_unicode_ci,
  `last_used_at` timestamp NULL DEFAULT NULL,
  `created_at` timestamp NULL DEFAULT NULL,
  `updated_at` timestamp NULL DEFAULT NULL
) ENGINE=InnoDB DEFAULT CHARSET=utf8mb4 COLLATE=utf8mb4_unicode_ci;

-- --------------------------------------------------------

--
-- Estructura de tabla para la tabla `projects`
--

CREATE TABLE `projects` (
  `id` int(10) UNSIGNED NOT NULL,
  `user_id` int(11) DEFAULT NULL,
  `gender_id` int(11) DEFAULT NULL,
  `year_id` int(11) DEFAULT NULL,
  `name` varchar(255) COLLATE utf8mb4_unicode_ci DEFAULT NULL,
  `description` longtext COLLATE utf8mb4_unicode_ci,
  `url` varchar(255) COLLATE utf8mb4_unicode_ci DEFAULT NULL,
  `team` longtext COLLATE utf8mb4_unicode_ci,
  `nominations` longtext COLLATE utf8mb4_unicode_ci,
  `awards` longtext COLLATE utf8mb4_unicode_ci,
  `funding` longtext COLLATE utf8mb4_unicode_ci,
  `order` int(11) DEFAULT NULL,
  `is_public` bigint(20) DEFAULT NULL,
  `is_featured` int(11) DEFAULT NULL,
  `created_at` timestamp NULL DEFAULT NULL,
  `updated_at` timestamp NULL DEFAULT NULL
) ENGINE=InnoDB DEFAULT CHARSET=utf8mb4 COLLATE=utf8mb4_unicode_ci;

--
-- Volcado de datos para la tabla `projects`
--

INSERT INTO `projects` (`id`, `user_id`, `gender_id`, `year_id`, `name`, `description`, `url`, `team`, `nominations`, `awards`, `funding`, `order`, `is_public`, `is_featured`, `created_at`, `updated_at`) VALUES
(1, NULL, 2, 3, 'Proyecto Rosa', 'Rosa Amelia Hernández es la protagonista que inspira este proyecto documental transmedia. Por medio del sitio web, su navegación, contenidos periodísticos y diversos contenidos generados a partir de su lucha, se conocen otras historias que giran entorno a la aplicación de ley de víctimas y restitución de tierras, de igual manera, a la violencia que está directamente relacionada con los sucesos.', '', '<p><strong>Direcci&oacute;n:</strong>&nbsp;Juanita Le&oacute;n y Olga Luc&iacute;a Lozano</p>\n<p><strong>Direcci&oacute;n creativa, coordinaci&oacute;n editorial y direcci&oacute;n y realizaci&oacute;n de la estrategia:</strong>&nbsp;Olga Luc&iacute;a Lozano y Marcela Pel&aacute;ez</p>\n<p><strong>Investigaci&oacute;n y realizaci&oacute;n contenidos period&iacute;sticos y apoyo gr&aacute;fico:</strong>&nbsp;Camila Osorio, Juan Pablo Pino, Carolina Garc&iacute;a y Andr&eacute;s Berm&uacute;dez (La silla vac&iacute;a).</p>\n<p><strong>Dise&ntilde;o:</strong>&nbsp;Lorena Parra y Diego Salcedo</p>\n<p><strong>Fotograf&iacute;a:</strong>&nbsp;Janca</p>\n<p><strong>Proyectos art&iacute;sticos:</strong>&nbsp;Fernando Arias, Libia Posada, Ana Patricia Palacios, Ana Fern&aacute;ndez y Leila Ali</p>\n<p><strong>M&uacute;sica:</strong>&nbsp;Palenque Soultribe, Sole Gim&eacute;nez, Fonseca y Bomba Est&eacute;reo</p>\n<p><strong>Videos musicales:</strong>&nbsp;Velouria TV, Liliana Andrade, Juli&aacute;n Correcha.</p>\n<p><strong>Period&iacute;sticos:</strong>&nbsp;Laura L&oacute;pez</p>', '', '<p>2013- *Premio Gabriel Garc&iacute;a M&aacute;rquez de periodismo, categor&iacute;a Innovaci&oacute;n. Colombia.</p>\n<p>*Premio Alem&aacute;n de Period&iacute;smo y desarrollo. Alemania.</p>', '<p>*La Silla Vac&iacute;a</p>\n<p>*Fundaci&oacute;n Pr&iacute;ncipe Claus para la cultura y el desarrollo</p>', 2, 1, 0, '2023-07-25 09:32:00', '2023-07-26 06:04:23'),
(2, NULL, 2, 3, 'Cuentos  de viejos ', 'Cuentos de viejos es un documental colaborativo transmedia, el proyecto colecciona y organiza pequeñas historias personales contadas por gente mayor. Por medio de la serie animada de TV, y el sitio web, se integran los testimonios a las plataformas contemporáneas y se busca una reflexión sobre la memoria y la identidad que traen los relatos contados. \n\nActualmente cuenta con 4 Temporadas al aire.', 'https://www.rtvcplay.co/series-ficcion/cuentos-de-viejos', '<p><strong>Creado por:</strong><br>Marcelo Dematei - Ana Ferrer - Laura Piaggio - Carlos Smith</p>\n<p><strong>Direcci&oacute;n:</strong><br>Carlos Smith - Marcelo Dematei</p>\n<p><strong>Producci&oacute;n:</strong><br>Carlos Smith</p>\n<p><strong>Co-producido por:</strong><br>HIERROanimaci&oacute;n, Piaggiodematei y Se&ntilde;al Colombia</p>\n<p><strong>Proyecto Online:</strong><br>Laura Piaggio</p>\n<p><strong>Sonido:</strong><br>Banda Sonora Original BSO- Edi Calder&oacute;n eDiC</p>', '', '<p>2016- Finalista <strong>Prix Jeunesse Internacional</strong>, categor&iacute;a No-Ficci&oacute;n, Munich, Alemania. &nbsp;<br>&nbsp; &nbsp; &nbsp; &nbsp; &nbsp; &nbsp;<br>2015- *Premio <strong>Comkids/Prix Jeneusse Iberoamericano</strong>, categor&iacute;a No-Ficci&oacute;n, San Pablo, Brasil.</p>\n<p>2014, Premio <strong>TAL</strong> a la Producci&oacute;n de Microprograma. Otorgado por la Red de televisiones culturales de Am&eacute;rica Latina.</p>\n<p>*Premio <strong>L&aacute;piz de Acero</strong>, Mejor Dise&ntilde;o audiovisual. Colombia.</p>\n<p>2015, Premio <strong>India Catalina</strong> a la Innovaci&oacute;n o Mejor Nuevo Formato para TV. Colombia. &nbsp;&nbsp;</p>\n<p>2014- * Premio <strong>TAL</strong> a la Producci&oacute;n Innovadora. Otorgado por la Red de Televisiones Culturales de Am&eacute;rica Latina. Uruguay.</p>\n<p>2015, Premio <strong>TAL</strong> a la Producci&oacute;n multimedia. Otorgado por la Red de Televisiones Culturales de Am&eacute;rica Latina. Uruguay.<br>&nbsp; &nbsp; &nbsp;&nbsp;<br>2014, Premio <strong>Golden Kuker-Sofia</strong>, categor&iacute;a &ldquo;Mejor episodio de serie de TV&rdquo;. Bulgaria. &nbsp; &nbsp; &nbsp; &nbsp;<br>&nbsp;&nbsp;<br>&nbsp;2012- *Premio <strong>CITIA/Imaginove</strong> al Mejor Proyecto Crossmedia. Annecy Animation Festival. Francia.</p>\n<p>*2014, Premio <strong>Adobe Educaci&oacute;n</strong> al Mejor Proyecto Crossmedia. Annecy Animation Festival. Francia.</p>\n<p>*Premio <strong>INA Expert.</strong> Annecy Animation Festival. Francia. &nbsp;</p>\n<p><strong>2019</strong>- 2do Puesto Premio Comkids/Prix Jeneusse Iberoamericano, categor&iacute;a 11-15 a&ntilde;os No-Ficci&oacute;n, San Pablo, Brasil.</p>', '<p><strong>* Crea Digital</strong></p>\n<p>* Co-producci&oacute;n entre: Se&ntilde;al Colombia, HierroAnimaci&oacute;n y Piaggiodematei</p>', 1, 1, 0, '2023-07-26 10:49:00', '2023-08-14 22:13:12'),
(3, NULL, 2, 4, 'El charco azul', 'El charco azul es un documental interactivo, donde una línea ferrea de un tren olvidado, conducido por los testimonios de los integrantes de la familia Ordóñez, relata historias entre fantasmas y la cotidianidad. Un viaje que permite evocar el pasado y recorrer una realidad compleja, fundida con la ficción.                         			\n', '', '<p><strong>Direcci&oacute;n:&nbsp; </strong>Irene Lema</p>\n<p><strong>Co-producido por:</strong>&nbsp;Se&ntilde;al Colombia</p>\n<p><strong>Producci&oacute;n: </strong>Tatiana Villacob</p>\n<p><strong>C&aacute;mara: </strong>Irene Lema</p>\n<p><strong>Sonido Directo/ Post: </strong>Rafael Ospino</p>\n<p><strong>M&uacute;sica: </strong>Alba Elena Aramburo- Grupo Buscaj&aacute;- Mario Londo&ntilde;o</p>\n<p><strong>Edici&oacute;n: </strong>Hern&aacute;n Arango &ndash; Irene Lema &nbsp; &nbsp;</p>', '<p>Selecci&oacute;n Oficial FICCI</p>\n<p>*Festival Internacional de Documentales de Santiago</p>\n<p>*Muestra Internacional Documental de Bogot&aacute;</p>\n<p>*Festival de Cine del Caribe</p>', '', '<p>Est&iacute;mulo de Creaci&oacute;n Documental FDC Colombia 2010</p>', 3, 1, 1, '2023-08-10 10:27:00', '2023-08-10 10:35:36'),
(4, NULL, 2, 4, 'Butrón cuentos para niños con barba', 'Tras la muerte de su amigo Isaías Barlett, el Capitán Butrón recibe una peculiar herencia que lo motiva a surcar de nuevo los mares. Esta vez en busca de una isla perdida, en alguna parte del Pacífico Sur, de la cual Isaías había dejado algunas pistas. A través de un libro ilustrado, canciones, un corto animado, una aplicación y una radionovela, seguimos las aventuras de Butrón en el mar. 			\n', 'https://www.capitanbutron.com/', '<p><strong>Autor&iacute;a, direcci&oacute;n, escritura pr&oacute;logo, gui&oacute;n animaci&oacute;n y composici&oacute;n de m&uacute;sica: </strong>David Rios &nbsp;</p>\n<p><strong>Animaci&oacute;n e ilustraciones: </strong>KUKU Design</p>\n<p><strong>Director fotogr&aacute;fico: </strong>Camilo Rozo</p>\n<p><strong>Edici&oacute;n contenidos audiovisuales: </strong>Sebasti&aacute;n Hern&aacute;ndez</p>\n<p><strong>Ilustraciones literarias: </strong>Sergio Ch&aacute;ves</p>\n<p><strong>Director animaci&oacute;n: </strong>Camilo Ayala</p>\n<p><strong>Ilustraci&oacute;n fondos y dise&ntilde;o de personajes: </strong>Daniel Roa &nbsp; &nbsp; &nbsp;</p>', '<p>2016- Competencia Nacional Videoclip Bogoshorts, Colombia</p>\n<p>2014- Competencia oficial, &nbsp;categor&iacute;a Showcase, SICAF, Corea del Sur</p>\n<p>2014- &nbsp;SHOCK Tigo, Premios SHOCK, Colombia &nbsp; &nbsp;<br>&nbsp; &nbsp; &nbsp;&nbsp;<br>2014- Mejor cortometraje animado, Festival de cortometrajes Hayah, Panam&aacute;</p>', '', '<p>Convocatoria Crea Digital de los Ministerios de Tecnolog&iacute;as de la Informaci&oacute;n y las Comunicaciones y de Cultura- 2013 y 2015</p>', 4, 1, 1, '2023-08-10 10:32:00', '2023-08-10 11:07:43'),
(5, NULL, 2, 4, 'Tierra de cantores', '\"Tierra de cantores evoca los trazos de un paisaje que se ha borrado con el tiempo. El sonido de un territorio que se hizo relato en la tradición vallenata, desde hace varios años nos llega como el residuo de una época que parece condenada a la levedad de un recuerdo melancólico, como si su transmisión se hubiera roto en el vértigo de la nueva ola y su boom mediático, y su presencia estuviera relegada a los festivales que se esfuerzan en conservarla.\n Este documental por episodios dialoga con viejos juglares que aún teclean sus acordeones mientras relatan pasajes de su tiempo en el Valle de antaño. Repasa las gestas de laboratorios musicales, en las que nacieron, tras parrandas amistosas, las canciones más importantes de una época de compositores que supieron retratar su tiempo con el corazón y no con el bolsillo. Tierra de cantores se asoma a la grieta en la que yacen olvidados músicos que se pasearon por la provincia.\"			\n', '', '<p><strong>Realizado por: </strong>Fundaci&oacute;n Sub Liminal y la Gobernaci&oacute;n del Cesar</p>', '', '', '<p>Gobernaci&oacute;n del Cesar</p>', 5, 1, 1, '2023-08-10 10:34:00', '2023-08-10 10:36:16'),
(6, NULL, 2, 4, 'Qué pasa Colombia', 'Proyecto sobre la escena musical colombiana. Muestra la diversidad de géneros musicales y músicos que se encuentran en Bogotá , Medellín y Cali. Polifonía de voces de músicos.', 'http://www.quepasacolombia.net/', '<p><strong>Direcci&oacute;n y edici&oacute;n: </strong>Olivier Hoffschir - Thomas Petitberghien</p>\n<p><strong>Direcci&oacute;n de arte: </strong>AnGi Bidault</p>\n<p><strong>Dise&ntilde;o gr&aacute;fico: </strong>J&eacute;r&ocirc;me Gon&ccedil;alv&egrave;s<br>&nbsp;<br><strong>Desarrollo: </strong>Emmanuel Durgoni&nbsp;</p>\n<p><strong>L&iacute;der t&eacute;cnico: </strong>Maxime Quintard</p>', '', '', '<p>Con el apoyo de:</p>\n<p>*Upian</p>\n<p>*Nikon</p>\n<p>*Semantis</p>', 6, 1, 1, '2023-08-10 10:38:00', '2023-08-10 11:08:09'),
(7, NULL, 2, 4, 'Mnemea', 'Mnemea es un proyecto que busca salvaguardar, recuperar e investigar tres colecciones patrimoniales de la Universidad Autónoma de Bucaramanga; la Colección de cerámica Guane, la colección fotográfica Quintillio Gavassa y la Colección Musical Maestro Gustavo Gómez Ardila, por medio de una interfaz web para conocer cada una de las colecciones.', 'https://www.anateresaarciniegas.com/musunab/menu.php', '<p><strong>Direcci&oacute;n: </strong>Ana Teresa Arciniegas</p>\n<p><strong>Realizaci&oacute;n audiovisual y Montaje: </strong>Cristian Vera Pedraza y Sebasti&aacute;n C&aacute;rdenas Maestre&nbsp;</p>\n<p><strong>Programadores: </strong>Carlos Silva Villamizar, John Gamarra Gonz&aacute;lez y Carlos Ram&iacute;rez Rozo&nbsp;<br>&nbsp; &nbsp; &nbsp; &nbsp; &nbsp; &nbsp; &nbsp; &nbsp; &nbsp; &nbsp;<br><strong>Dise&ntilde;ador Gr&aacute;fico: </strong>Alejandro Arroyave</p>', '', '', '<p>Universidad A&uacute;tonoma de Bucaramanga</p>', 7, 1, 1, '2023-08-10 10:41:00', '2023-08-10 11:08:57'),
(8, NULL, 2, 4, 'Les voy a contar la historia ', 'Desplazada por la fuerza de sus tierras de trabajo en varias ocasiones, la comunidad de Las Pavas decide retornar. Bajo permanentes ataques y amenazas retoma la siembra de sus alimentos tratando de frenar el avance del monocultivo de palma aceitera. La música, su principal instrumento de resistencia, es la banda sonora de una historia trágica pero llena de esperanza, como la historia misma de Colombia. Les voy a contar la historia es una recopilación sonora y audiovisual de la memoria histórica de la comunidad de agricultores de Las Pavas, Bolívar, cantada y contada por sus protagonistas', 'https://museodememoria.gov.co/arte-y-cultura/les-voy-a-contar-la-historia/', '<p><strong>Direcci&oacute;n: </strong>Ricardo Torres</p>\n<p><strong>Producci&oacute;n: </strong>Fundaci&oacute;n Chasquis (Bogot&aacute;, Colombia) y Associazione REC (Lugano, Suiza)</p>\n<p><strong>Direcci&oacute;n de Fotograf&iacute;a: </strong>Freddy Bayona</p>\n<p><strong>Sonido Directo: </strong>Juan Manuel Pe&ntilde;a</p>\n<p><strong>M&uacute;sica original: </strong>C&eacute;sar L&oacute;pez &amp; Taty Hermides Manzano, Edwin Torres, Etni Torres, Orlando Ospino, Efra&iacute;n Alvear &nbsp; &nbsp;</p>', '', '<p>2013- Premio del International Human Rights Forum, Suiza &nbsp; &nbsp;&nbsp;<br>&nbsp; &nbsp; &nbsp; &nbsp; &nbsp; &nbsp; &nbsp; &nbsp; &nbsp; &nbsp; &nbsp;&nbsp;<br>2013- Nominaci&oacute;n Grabaci&oacute;n Especial, Premios Shock, Colombia &nbsp; &nbsp; &nbsp; &nbsp; &nbsp; &nbsp; &nbsp; &nbsp; &nbsp; &nbsp;</p>\n<p>2013-Premio Nacional de Paz para ASOCAB (Asociaci&oacute;n de Campesinos de Buenos Aires, Las Pavas), Colombia &nbsp;</p>\n<p>2013- Reconocimiento oficial como v&iacute;ctimas de desplazamiento forzado a las familias campesinas de ASOCAB, por la Unidad de V&iacute;ctimas del gobierno colombiano, Colombia</p>', '<p>*Pic&oacute; Films &nbsp; &nbsp; &nbsp; &nbsp; &nbsp; &nbsp; &nbsp; &nbsp; &nbsp; &nbsp; &nbsp; &nbsp; &nbsp; &nbsp; &nbsp; &nbsp; &nbsp; &nbsp; &nbsp; &nbsp; &nbsp; &nbsp;</p>\n<p>*Beca del Ministerio de Cultura y el Centro Nacional de Memoria Hist&oacute;rica para proyectos museogr&aacute;ficos sobre memoria - 2013</p>', 8, 1, 1, '2023-08-10 10:44:00', '2023-08-10 11:09:17'),
(9, NULL, 2, 4, 'Memorias del Rio Atrato', 'Memorias del Río Atrato es un sitio web alimentado por el trabajo de diez comunidades del Medio Atrato Chocoano. Como resultado se evidencia la construcción y elaboración de contenidos de memoria desde la región, La importancia de dichos contenidos se valora en la medida que surgen desde las costumbres y expresiones culturales de los habitantes del Medio Atrato, permitiéndoles narrar y mantener presente esa memoria.', 'http://www.memoriasdelatrato.org', '<p><strong>Realizaci&oacute;n: </strong>Consejo comunitario mayor de la asociaci&oacute;n campesina integral del Atrato (COCOMACIA)</p>\n<p><strong>Administraci&oacute;n P&aacute;gina: </strong>Lucely Rivas &nbsp;Espinoza</p>', '', '<p>2014 - Premio de periodismo comunitario por la Revista semana y Grupo Argos</p>\n<p>2014 - Premio a mejor expresi&oacute;n art&iacute;stica con el art&iacute;culo de mi tierra no me quiero ir con la agrupaci&oacute;n etnia company</p>', '<p>Consejo comunitario mayor de la asociaci&oacute;n campesina integral del Atrato (COCOMACIA)</p>\n<p>Apoyo de la Agencia de los Estados unidos para el Desarrollo Internacional (USAID)</p>\n<p>Apoyo t&eacute;cnico de la Organizaci&oacute;n Internacional para las Migraciones (OIM)</p>\n<p>Apoyo t&eacute;cnico del centro nacional de memoria hist&oacute;rica CNMH</p>', 9, 1, 1, '2023-08-10 10:46:00', '2023-08-10 11:09:38'),
(10, NULL, 2, 5, ' 4 ríos', '4 Ríos es un proyecto transmedia que cuenta historias del conflicto armado en Colombia con un enfoque artístico, comunicativo, social y tecnológico, que busca ofrecer diversas experiencias de inmersión y construcción junto a los usuarios y visitantes del proyecto por medio del uso de diversas herramientas, plataformas, medios y servicios.', 'http://4rios.co/', '<p><strong>Producci&oacute;n: </strong>Yack Reyes y Org&aacute;nica digital&nbsp;</p>\n<p><strong>Programador L&iacute;der y Disparador de Contenido: </strong>David Pe&ntilde;a Lopera &nbsp;</p>\n<p><strong>Concepto y Dise&ntilde;o Gr&aacute;fico: </strong>Karlos Velasquez&nbsp;</p>\n<p><strong>Programaci&oacute;n Blog y Flujo de Memoria: </strong>Juan Diego Rodr&iacute;guez &nbsp;</p>\n<p><strong>Maquetas y dise&ntilde;o de Hardware: </strong>Adriana S&aacute;nchez Aguilar&nbsp;</p>\n<p><strong>Story board y diagramaci&oacute;n: </strong>Diego Fernando S&aacute;nchez &nbsp;</p>\n<p><strong>Investigaci&oacute;n Documental: </strong>Pablo Ernesto Tobar&nbsp;</p>\n<p><strong>Realidad Aumentada: </strong>Pablo Enrique Arias Enciso y Andiie&nbsp;</p>\n<p><strong>Detr&aacute;s de C&aacute;maras:</strong>&nbsp;Rafael Santamar&iacute;a</p>', '', '<p>2012- Primer Premio Distrito Cinema Festival, por Distrito Cinema Festival y Centro &Aacute;tico, Pontificia Universidad Javeriana, Colombia &nbsp; &nbsp;&nbsp;</p>\n<p>2013- Premio Crea Digital &ndash; Categor&iacute;a Sorprende Digital del Ministerio de Tecnolog&iacute;as de la Informaci&oacute;n y las Comunicaciones y Cultura, Colombia &nbsp; &nbsp;</p>', '<p>*Est&iacute;mulos del Ministerio de Cultura- 2011</p>\n<p>* 2012 - Beca de creaci&oacute;n, circulaci&oacute;n y apropiaci&oacute;n de contenidos audiovisuales a trav&eacute;s de las nuevas tecnolog&iacute;as y redes de informaci&oacute;n. Instituto Distrital de las Artes (IDARTES) &ndash; Cinemateca Distrital</p>\n<p>Centro &Aacute;tico Universidad Pontificia Javeriana</p>\n<p>Animaedro Estudio de Animaci&oacute;n</p>', 10, 1, 1, '2023-08-10 10:49:00', '2023-08-10 11:09:56'),
(11, NULL, 2, 5, 'Las crónicas elefantiles', 'Las crónicas elefantiles es un proyecto transmedia, tipo serie web animada, en el que los niños son cronistas de sus propias historias de vida. A través de cuentos narrados por ellos, donde se utilizan escenarios reales, se recrean relatos familiares inéditos ayudados por la ilustración y la animación. Paisajes de colores, formas, personajes e historias cobran vida a través de la narración y generan escenarios únicos. ', 'http://www.lascronicaselefantiles.com/', '<p><strong>Direcci&oacute;n y creaci&oacute;n: </strong>Miguel Ot&aacute;lora</p>\n<p><strong>Asistente de direcci&oacute;n: </strong>Juli&aacute;n S&aacute;nchez</p>\n<p><strong>Direcci&oacute;n de arte: </strong>Carlos Ria&ntilde;o</p>\n<p><strong>Producci&oacute;n de campo: </strong>Nina Valenzuela</p>\n<p><strong>Fotograf&iacute;a: </strong>Tarcisio Rinc&oacute;n</p>\n<p><strong>Animaci&oacute;n: </strong>Emiliano Gonz&aacute;lez, Mauricio Vargas, Miguel Ot&aacute;lora</p>\n<p><strong>M&uacute;sica: </strong>Manuel Borda</p>\n<p><strong>Asistente de producci&oacute;n: </strong>Andr&eacute;s Calder&oacute;n</p>', '<p>2019 - Seleccionado como finalista en el FAN CHILE 2019, Festival Audiovisual para Ni&ntilde;@s</p>\n<p>2019 - Nominados en el IV Festival de Cine de Animaci&oacute;n Latinoamericano ANIMA Latina 2019 en Buenos Aires Argentina y&nbsp;</p>\n<p>2019 - Nominados en el ComKids - Prix Jeneusse Iberoamericano 2019 en Brasil</p>', '<p>2017- Ganador Mercado de Coproducci&oacute;n de Se&ntilde;al Colombia</p>\n<p>2019- &nbsp;Ganador en Los Premios India Catalina 2019 como Mejor Producci&oacute;n Audivisual de Animaci&oacute;n</p>\n<p>2019 - Ganador del Premio Kolibr&iacute; en la categor&iacute;a de Mejor Serie de Televisi&oacute;n. Festival Internacional para la Ni&ntilde;ez y la Adolescencia KOLIBRI&nbsp;</p>\n<p>2019 - Ganador en la categor&iacute;a Mejor Microprograma, de los #PremiosTAL2019&nbsp;</p>', '<p>Convocatoria Crea Digital de los Ministerios de Tecnolog&iacute;as de la Informaci&oacute;n y las Comunicaciones y de Cultura, Colombia- 2014</p>', 11, 1, 1, '2023-08-10 10:53:00', '2023-08-10 11:10:19'),
(12, NULL, 2, 5, 'El centro: Bogotá', 'El centro de Bogotá es protagonista, con su caos, persoajes y espacios. Desde diversas esquinas, los realizadores muestran un univsero diferente de cada una. A través del documental interactivo se conocen diferentes lugares, personajes y se aproxima a la realidad de una manera diferente.', 'http://elcentro.com.co - http://www.inter-doc.org/el-centro-bogota/', '<p><strong>Realizadores por secciones</strong></p>\n<p><strong>El miedo: </strong>Ang&eacute;lica Meza, Carolina Navas, Camilo Mart&iacute;nez y Diana Ni&ntilde;o&nbsp; &nbsp; &nbsp; &nbsp; &nbsp; &nbsp; &nbsp; &nbsp; &nbsp; &nbsp; &nbsp; &nbsp; &nbsp; &nbsp; &nbsp; &nbsp; &nbsp; &nbsp; &nbsp; &nbsp; &nbsp; &nbsp; &nbsp; &nbsp; &nbsp; &nbsp; &nbsp;&nbsp;<br><strong>Personajes: </strong>Carlos Cordero, Irene Lema, David Lombana y Juan Pablo Moya</p>\n<p><strong>Los oficios: </strong>Lady Quintero, Edgar Medina, Juan Pablo G&oacute;mez y Javier Ballestero<br>&nbsp; &nbsp; &nbsp; &nbsp; &nbsp; &nbsp; &nbsp; &nbsp; &nbsp; &nbsp; &nbsp; &nbsp; &nbsp; &nbsp; &nbsp; &nbsp; &nbsp; &nbsp; &nbsp; &nbsp; &nbsp; &nbsp; &nbsp; &nbsp;&nbsp;<br><strong>Los sobrevivientes:&nbsp;</strong>N&eacute;stor Vidales, Johanna Perdomo, July Rodr&iacute;guez, Camilo P&eacute;rez y Gabriel Castrill&oacute;n<br>&nbsp; &nbsp; &nbsp; &nbsp; &nbsp; &nbsp; &nbsp; &nbsp; &nbsp; &nbsp; &nbsp; &nbsp; &nbsp; &nbsp; &nbsp; &nbsp; &nbsp; &nbsp; &nbsp; &nbsp; &nbsp; &nbsp; &nbsp; &nbsp; &nbsp; &nbsp; &nbsp; &nbsp; &nbsp; &nbsp; &nbsp; &nbsp; &nbsp; &nbsp; &nbsp; &nbsp; &nbsp; &nbsp; &nbsp; &nbsp; &nbsp; &nbsp; &nbsp; &nbsp; &nbsp; &nbsp; &nbsp; &nbsp; &nbsp; &nbsp; &nbsp; &nbsp; &nbsp; &nbsp; &nbsp; &nbsp; &nbsp; &nbsp; &nbsp; &nbsp; &nbsp; &nbsp; &nbsp; &nbsp; &nbsp; &nbsp; &nbsp; &nbsp; &nbsp; &nbsp; &nbsp; &nbsp; &nbsp; &nbsp; &nbsp; &nbsp; &nbsp; &nbsp; &nbsp; &nbsp; &nbsp; &nbsp; &nbsp;&nbsp;<br><strong>Dise&ntilde;o Gr&aacute;fico: </strong>Lady Quintero</p>\n<p>Festival &nbsp;de Cine Creative Commons Bogot&aacute; / &nbsp;Armadillo Media<br>Alejandro &Aacute;ngel, Daniela Melo, Olga Noguera</p>', '', '', '<p style=\"text-align: left;\">*Klynt<br>*Alta Consejer&iacute;a Distrital TIC<br>*Universidad Agustiniana</p>\n<p style=\"text-align: left;\">*ViveLab Bogot&aacute;</p>', 12, 1, 1, '2023-08-10 10:57:00', '2023-08-10 11:11:29'),
(13, NULL, 2, 5, 'El naranjal', 'El Naranjal es un paraíso oculto ubicado en pleno centro de Medellín. Paradójicamente, este barrio será destruído y arrasado con el pretexto de la renovación urbana, el desarrollo y embellecimiento de la ciudad y unos cuantos intereses público-privados. A través de diferentes recursos audiovisuales e interactivos, se conoce este barrio, sus personajes y todas las historias de las cuales el barrio ha sido testigo. ', 'http://www.antesquedesaparezca.com/elnaranjal/', '<p><strong>Direcci&oacute;n: </strong>Juan David Escobar<br>&nbsp; &nbsp; &nbsp; &nbsp; &nbsp; &nbsp; &nbsp; &nbsp; &nbsp; &nbsp; &nbsp; &nbsp; &nbsp; &nbsp; &nbsp; &nbsp; &nbsp; &nbsp; &nbsp; &nbsp; &nbsp; &nbsp; &nbsp; &nbsp; &nbsp; &nbsp; &nbsp; &nbsp; &nbsp; &nbsp; &nbsp; &nbsp; &nbsp; &nbsp; &nbsp; &nbsp; &nbsp; &nbsp; &nbsp; &nbsp; &nbsp; &nbsp; &nbsp; &nbsp; &nbsp; &nbsp; &nbsp; &nbsp; &nbsp; &nbsp; &nbsp; &nbsp; &nbsp; &nbsp; &nbsp; &nbsp; &nbsp; &nbsp; &nbsp; &nbsp; &nbsp; &nbsp; &nbsp; &nbsp; &nbsp;&nbsp;<br><strong>Producci&oacute;n general: </strong>Punto Link Casa Creativa<br>&nbsp; &nbsp; &nbsp; &nbsp; &nbsp; &nbsp; &nbsp; &nbsp; &nbsp; &nbsp; &nbsp; &nbsp; &nbsp; &nbsp; &nbsp; &nbsp; &nbsp; &nbsp; &nbsp; &nbsp; &nbsp; &nbsp; &nbsp; &nbsp; &nbsp; &nbsp; &nbsp; &nbsp; &nbsp; &nbsp; &nbsp; &nbsp; &nbsp; &nbsp; &nbsp; &nbsp; &nbsp; &nbsp; &nbsp; &nbsp; &nbsp; &nbsp; &nbsp; &nbsp; &nbsp; &nbsp; &nbsp; &nbsp; &nbsp; &nbsp; &nbsp;<br><strong>Producci&oacute;n Ejecutiva: </strong>Jorge Serna<br>&nbsp; &nbsp; &nbsp; &nbsp; &nbsp; &nbsp; &nbsp; &nbsp; &nbsp; &nbsp; &nbsp; &nbsp; &nbsp; &nbsp; &nbsp; &nbsp; &nbsp; &nbsp; &nbsp; &nbsp; &nbsp; &nbsp; &nbsp; &nbsp; &nbsp; &nbsp; &nbsp; &nbsp; &nbsp; &nbsp; &nbsp; &nbsp; &nbsp; &nbsp; &nbsp; &nbsp; &nbsp; &nbsp; &nbsp; &nbsp; &nbsp; &nbsp; &nbsp; &nbsp; &nbsp; &nbsp; &nbsp; &nbsp; &nbsp; &nbsp; &nbsp; &nbsp; &nbsp; &nbsp; &nbsp; &nbsp; &nbsp; &nbsp; &nbsp; &nbsp; &nbsp; &nbsp; &nbsp;<br><strong>Realizaci&oacute;n Audiovisual: </strong>Juan David Escobar, Juan Pablo Quintero y Carlos Esteban Orozco<br>&nbsp; &nbsp; &nbsp; &nbsp; &nbsp; &nbsp; &nbsp; &nbsp; &nbsp; &nbsp; &nbsp; &nbsp; &nbsp; &nbsp; &nbsp; &nbsp; &nbsp; &nbsp; &nbsp; &nbsp; &nbsp; &nbsp; &nbsp; &nbsp; &nbsp; &nbsp; &nbsp; &nbsp; &nbsp; &nbsp; &nbsp; &nbsp; &nbsp; &nbsp; &nbsp; &nbsp; &nbsp; &nbsp; &nbsp; &nbsp; &nbsp; &nbsp; &nbsp; &nbsp; &nbsp; &nbsp; &nbsp; &nbsp; &nbsp; &nbsp; &nbsp; &nbsp; &nbsp; &nbsp; &nbsp; &nbsp; &nbsp; &nbsp; &nbsp; &nbsp;<br><strong>Investigaci&oacute;n: </strong>Juan Pablo Quintero<br>&nbsp; &nbsp; &nbsp; &nbsp; &nbsp; &nbsp; &nbsp; &nbsp; &nbsp; &nbsp; &nbsp; &nbsp; &nbsp; &nbsp; &nbsp; &nbsp; &nbsp; &nbsp; &nbsp; &nbsp; &nbsp; &nbsp; &nbsp; &nbsp; &nbsp; &nbsp; &nbsp; &nbsp; &nbsp; &nbsp; &nbsp; &nbsp; &nbsp; &nbsp; &nbsp; &nbsp; &nbsp; &nbsp; &nbsp; &nbsp; &nbsp; &nbsp; &nbsp; &nbsp; &nbsp; &nbsp; &nbsp; &nbsp; &nbsp; &nbsp; &nbsp; &nbsp; &nbsp; &nbsp; &nbsp; &nbsp; &nbsp; &nbsp; &nbsp; &nbsp; &nbsp; &nbsp; &nbsp; &nbsp; &nbsp;<br><strong>C&aacute;mara: </strong>Daniel Quintero y Diego Guisao<br>&nbsp; &nbsp; &nbsp; &nbsp; &nbsp; &nbsp; &nbsp; &nbsp; &nbsp; &nbsp; &nbsp; &nbsp; &nbsp; &nbsp; &nbsp; &nbsp; &nbsp; &nbsp; &nbsp; &nbsp; &nbsp; &nbsp; &nbsp; &nbsp; &nbsp; &nbsp; &nbsp; &nbsp; &nbsp; &nbsp; &nbsp; &nbsp; &nbsp; &nbsp; &nbsp; &nbsp; &nbsp; &nbsp; &nbsp; &nbsp; &nbsp; &nbsp; &nbsp; &nbsp; &nbsp; &nbsp; &nbsp; &nbsp; &nbsp; &nbsp; &nbsp; &nbsp; &nbsp; &nbsp; &nbsp; &nbsp; &nbsp; &nbsp; &nbsp;<br><strong>Fotograf&iacute;as: </strong>Diego Guisao, Juan Pablo Quintero, Daniel Quintero<br>&nbsp; &nbsp; &nbsp; &nbsp; &nbsp; &nbsp; &nbsp; &nbsp; &nbsp; &nbsp; &nbsp; &nbsp; &nbsp; &nbsp; &nbsp; &nbsp; &nbsp; &nbsp; &nbsp; &nbsp; &nbsp; &nbsp; &nbsp; &nbsp; &nbsp; &nbsp; &nbsp; &nbsp; &nbsp; &nbsp; &nbsp; &nbsp; &nbsp; &nbsp; &nbsp; &nbsp; &nbsp; &nbsp; &nbsp; &nbsp;&nbsp;<br><strong>Sonido Directo: </strong>Jorge Escobar<br>&nbsp; &nbsp; &nbsp; &nbsp; &nbsp; &nbsp; &nbsp; &nbsp; &nbsp; &nbsp; &nbsp; &nbsp; &nbsp; &nbsp; &nbsp; &nbsp; &nbsp; &nbsp; &nbsp; &nbsp; &nbsp; &nbsp; &nbsp; &nbsp; &nbsp; &nbsp; &nbsp; &nbsp; &nbsp; &nbsp; &nbsp; &nbsp; &nbsp; &nbsp; &nbsp; &nbsp; &nbsp; &nbsp; &nbsp; &nbsp; &nbsp; &nbsp; &nbsp; &nbsp; &nbsp; &nbsp; &nbsp; &nbsp; &nbsp; &nbsp; &nbsp; &nbsp; &nbsp; &nbsp; &nbsp; &nbsp; &nbsp; &nbsp; &nbsp; &nbsp; &nbsp; &nbsp; &nbsp; &nbsp; &nbsp; &nbsp; &nbsp; &nbsp; &nbsp; &nbsp; &nbsp;<br><strong>Edici&oacute;n:</strong>&nbsp;Manuel Casta&ntilde;o, Jorge Escobar y Juan David Escobar<br>&nbsp; &nbsp; &nbsp; &nbsp; &nbsp; &nbsp; &nbsp; &nbsp; &nbsp; &nbsp; &nbsp; &nbsp; &nbsp; &nbsp; &nbsp; &nbsp; &nbsp; &nbsp; &nbsp; &nbsp; &nbsp; &nbsp; &nbsp; &nbsp; &nbsp; &nbsp; &nbsp; &nbsp; &nbsp; &nbsp; &nbsp; &nbsp; &nbsp; &nbsp; &nbsp; &nbsp; &nbsp; &nbsp; &nbsp;&nbsp;<br><strong>M&uacute;sica: </strong>Christian de los Rios y Camilo Sisquiarco<br>&nbsp; &nbsp; &nbsp; &nbsp; &nbsp; &nbsp; &nbsp; &nbsp; &nbsp; &nbsp; &nbsp; &nbsp; &nbsp; &nbsp; &nbsp; &nbsp; &nbsp; &nbsp; &nbsp; &nbsp; &nbsp; &nbsp; &nbsp; &nbsp; &nbsp; &nbsp; &nbsp; &nbsp; &nbsp; &nbsp; &nbsp; &nbsp; &nbsp; &nbsp; &nbsp; &nbsp; &nbsp; &nbsp; &nbsp; &nbsp; &nbsp; &nbsp; &nbsp; &nbsp; &nbsp; &nbsp; &nbsp; &nbsp; &nbsp; &nbsp; &nbsp;&nbsp;<br><strong>Dise&ntilde;o Web y graficaci&oacute;n: </strong>Alejandra Arboleda y Jon Montoya</p>', '', '', '', 13, 1, 1, '2023-08-10 11:00:00', '2023-08-10 11:11:56'),
(14, NULL, 2, 5, 'Picó, la Máquina Musical del Caribe', 'Picó, la máquina musical del Caribe, es un proyecto transmedia sobre el Picó, un sistema de sonido artesanal considerado una expresión de una cultura urbana, popular y contemporánea de la costa caribe colombiana, que ha influenciado la historia de la música tropical desde hace aproximadamente 50 años. El proyecto esta constituido por un largometraje documental, un sitio web y una aplicación móvil que le permite al usuario crear su propia música a través del sampling y compartirla en las redes sociales.', 'https://www.youtube.com/watch?v=cuDf5axx-aU', '<p><strong>Direcci&oacute;n: </strong>Roberto De Zubir&iacute;a y Sergio Zaraza<br>&nbsp; &nbsp; &nbsp; &nbsp; &nbsp; &nbsp; &nbsp; &nbsp; &nbsp; &nbsp; &nbsp; &nbsp; &nbsp; &nbsp; &nbsp; &nbsp; &nbsp; &nbsp; &nbsp; &nbsp; &nbsp; &nbsp; &nbsp; &nbsp; &nbsp; &nbsp; &nbsp; &nbsp; &nbsp; &nbsp; &nbsp; &nbsp; &nbsp; &nbsp; &nbsp; &nbsp; &nbsp; &nbsp; &nbsp; &nbsp; &nbsp;&nbsp;<br><strong>Direcci&oacute;n de Fotograf&iacute;a: </strong>Sergio Zaraza<br>&nbsp; &nbsp; &nbsp; &nbsp; &nbsp; &nbsp; &nbsp; &nbsp; &nbsp; &nbsp; &nbsp; &nbsp; &nbsp; &nbsp; &nbsp; &nbsp; &nbsp; &nbsp; &nbsp; &nbsp; &nbsp; &nbsp; &nbsp; &nbsp; &nbsp; &nbsp; &nbsp; &nbsp; &nbsp; &nbsp; &nbsp; &nbsp; &nbsp; &nbsp; &nbsp; &nbsp; &nbsp; &nbsp; &nbsp; &nbsp; &nbsp; &nbsp; &nbsp; &nbsp; &nbsp; &nbsp; &nbsp; &nbsp; &nbsp;<br><strong>C&aacute;mara: </strong>Sergio Zaraza, Roberto De Zubir&iacute;a, Mar&iacute;a Neyla Santamar&iacute;a y Keka Serrano&nbsp;</p>\n<p><strong>Producci&oacute;n ejecutiva: </strong>Mar&iacute;a Neyla Santamar&iacute;a y Keka Serrano&nbsp;<br>&nbsp; &nbsp; &nbsp; &nbsp; &nbsp; &nbsp; &nbsp; &nbsp; &nbsp; &nbsp; &nbsp; &nbsp; &nbsp; &nbsp; &nbsp; &nbsp; &nbsp; &nbsp; &nbsp; &nbsp; &nbsp; &nbsp; &nbsp; &nbsp; &nbsp; &nbsp; &nbsp; &nbsp; &nbsp;&nbsp;<br><strong>Montaje: </strong>C&eacute;sar Pinilla<br>&nbsp; &nbsp; &nbsp; &nbsp; &nbsp; &nbsp; &nbsp; &nbsp; &nbsp; &nbsp; &nbsp; &nbsp; &nbsp; &nbsp; &nbsp; &nbsp; &nbsp; &nbsp; &nbsp; &nbsp; &nbsp; &nbsp; &nbsp; &nbsp; &nbsp; &nbsp; &nbsp; &nbsp; &nbsp; &nbsp; &nbsp; &nbsp; &nbsp; &nbsp; &nbsp; &nbsp; &nbsp; &nbsp; &nbsp; &nbsp; &nbsp; &nbsp; &nbsp; &nbsp; &nbsp; &nbsp; &nbsp; &nbsp; &nbsp; &nbsp; &nbsp; &nbsp; &nbsp; &nbsp; &nbsp; &nbsp; &nbsp; &nbsp;&nbsp;<br><strong>Postproducci&oacute;n: </strong>Lapost&nbsp;<br><strong>&nbsp; &nbsp; &nbsp; &nbsp; &nbsp; &nbsp; &nbsp; &nbsp; &nbsp; &nbsp; &nbsp; &nbsp; &nbsp; &nbsp; &nbsp; &nbsp; &nbsp; &nbsp; &nbsp; &nbsp; &nbsp; &nbsp; &nbsp; &nbsp; &nbsp; &nbsp; &nbsp; &nbsp; &nbsp; &nbsp; &nbsp; &nbsp; &nbsp; &nbsp; &nbsp; &nbsp; &nbsp; &nbsp; &nbsp; &nbsp; &nbsp; &nbsp; &nbsp; &nbsp; &nbsp; &nbsp; &nbsp; &nbsp; &nbsp; &nbsp; &nbsp; &nbsp; &nbsp; &nbsp; &nbsp; &nbsp; &nbsp; &nbsp; &nbsp; &nbsp; &nbsp; &nbsp; &nbsp; &nbsp;&nbsp;</strong><br><strong>Dise&ntilde;o gr&aacute;fico: </strong>Dafna Vallejo, Wanda Quintero, Eddymer Salamanca, Freddy Romero, Diego Romero, Juan David Duque y Roberto De Zubir&iacute;a<br>&nbsp; &nbsp; &nbsp; &nbsp; &nbsp; &nbsp; &nbsp; &nbsp; &nbsp; &nbsp; &nbsp; &nbsp; &nbsp; &nbsp; &nbsp; &nbsp; &nbsp; &nbsp; &nbsp; &nbsp; &nbsp; &nbsp; &nbsp; &nbsp; &nbsp; &nbsp; &nbsp; &nbsp; &nbsp; &nbsp; &nbsp; &nbsp; &nbsp; &nbsp; &nbsp; &nbsp; &nbsp; &nbsp; &nbsp; &nbsp; &nbsp; &nbsp; &nbsp;&nbsp;<br><strong>Sonido Directo: </strong>Carlos \"Chusco\" Trujillo y Esteban Espinoza&nbsp;</p>', '<p>Finalista en Sundance London Film and Music Festival, 2013&nbsp;</p>', '', '<p>*Ganador premio documental del Fondo para el Desarrollo Cinematogr&aacute;fico Colombiano, 2012<br>&nbsp; &nbsp; &nbsp; &nbsp; &nbsp; &nbsp; &nbsp; &nbsp; &nbsp; &nbsp; &nbsp; &nbsp; &nbsp; &nbsp; &nbsp; &nbsp; &nbsp; &nbsp; &nbsp; &nbsp;<br>*Ol&iacute;mipica St&eacute;reo y Styllart Records<br>&nbsp; &nbsp; &nbsp; &nbsp; &nbsp; &nbsp; &nbsp; &nbsp; &nbsp; &nbsp; &nbsp; &nbsp; &nbsp; &nbsp; &nbsp; &nbsp; &nbsp; &nbsp; &nbsp; &nbsp; &nbsp; &nbsp; &nbsp; &nbsp; &nbsp; &nbsp; &nbsp; &nbsp; &nbsp; &nbsp; &nbsp; &nbsp;<br>*Convocatoria Crea digital de los Ministerios de Tecnolog&iacute;as de la Informaci&oacute;n y las Comunicaciones y de Cultura, 2014</p>', 14, 1, 1, '2023-08-10 11:03:00', '2023-08-10 11:12:16'),
(15, NULL, 2, 6, 'Pregoneros de Medellín ', 'Pregoneros de Medellín presenta por medio de fotografías, videos y material multimedia, el universo laboral y personal de los vendedores informales que se apuestan en cualquier esquina, parque, plazoleta, lugar público o barrio del área metropolitana de la capital antioqueña. Su principal característica, quizás el sello que los identifica, es su permanente pregonar: ellos cantan a viva voz estribillos y canciones que imitan ritmos de la música popular, y con los cuales llaman la atención de los transeúntes para tocar sus corazones, y convertirlos en nuevos clientes.', 'http://www.pregonerosdemedellin.com/#streetwalk/plazabotero-start-carabobo', '<p><strong>Creado por: </strong>Juliana Carabal&iacute;, &Aacute;ngela Carabal&iacute;, Esa&uacute; Carabal&iacute; y Thibault Durand&nbsp;<br>&nbsp; &nbsp; &nbsp; &nbsp; &nbsp; &nbsp; &nbsp; &nbsp; &nbsp; &nbsp; &nbsp; &nbsp; &nbsp; &nbsp; &nbsp; &nbsp; &nbsp; &nbsp; &nbsp; &nbsp; &nbsp; &nbsp; &nbsp; &nbsp; &nbsp; &nbsp; &nbsp; &nbsp;<br><strong>Direcci&oacute;n: </strong>&Aacute;ngela Carabal&iacute; y Thibault Durand &nbsp;<br>&nbsp; &nbsp; &nbsp; &nbsp; &nbsp; &nbsp; &nbsp; &nbsp; &nbsp; &nbsp; &nbsp; &nbsp; &nbsp; &nbsp; &nbsp; &nbsp; &nbsp; &nbsp; &nbsp; &nbsp; &nbsp; &nbsp; &nbsp; &nbsp; &nbsp; &nbsp; &nbsp; &nbsp; &nbsp; &nbsp; &nbsp; &nbsp; &nbsp; &nbsp; &nbsp; &nbsp; &nbsp; &nbsp; &nbsp; &nbsp; &nbsp; &nbsp; &nbsp; &nbsp; &nbsp; &nbsp; &nbsp; &nbsp; &nbsp; &nbsp; &nbsp; &nbsp; &nbsp; &nbsp; &nbsp; &nbsp;<br><strong>Realizaci&oacute;n audiovisual: &nbsp;</strong>&Aacute;ngela Carabal&iacute;<br>&nbsp; &nbsp; &nbsp; &nbsp; &nbsp; &nbsp; &nbsp; &nbsp; &nbsp; &nbsp; &nbsp; &nbsp; &nbsp; &nbsp; &nbsp; &nbsp; &nbsp; &nbsp; &nbsp; &nbsp; &nbsp; &nbsp; &nbsp; &nbsp; &nbsp; &nbsp; &nbsp; &nbsp; &nbsp; &nbsp; &nbsp; &nbsp; &nbsp; &nbsp; &nbsp; &nbsp; &nbsp; &nbsp; &nbsp; &nbsp; &nbsp; &nbsp; &nbsp; &nbsp; &nbsp; &nbsp; &nbsp; &nbsp; &nbsp; &nbsp; &nbsp; &nbsp; &nbsp; &nbsp; &nbsp; &nbsp; &nbsp; &nbsp; &nbsp; &nbsp;<br><strong>Realizaci&oacute;n Web:</strong>&nbsp;Thibault Durand&nbsp;<br>&nbsp; &nbsp; &nbsp; &nbsp; &nbsp; &nbsp; &nbsp; &nbsp; &nbsp; &nbsp; &nbsp; &nbsp; &nbsp; &nbsp; &nbsp; &nbsp; &nbsp; &nbsp; &nbsp; &nbsp; &nbsp; &nbsp; &nbsp; &nbsp; &nbsp; &nbsp; &nbsp; &nbsp; &nbsp; &nbsp; &nbsp; &nbsp; &nbsp; &nbsp; &nbsp; &nbsp; &nbsp; &nbsp; &nbsp; &nbsp; &nbsp; &nbsp; &nbsp; &nbsp; &nbsp; &nbsp; &nbsp; &nbsp; &nbsp; &nbsp; &nbsp; &nbsp; &nbsp; &nbsp; &nbsp; &nbsp; &nbsp; &nbsp; &nbsp; &nbsp; &nbsp; &nbsp; &nbsp; &nbsp; &nbsp; &nbsp; &nbsp;&nbsp;<br><strong>Producci&oacute;n: </strong>Sara Espinal Ram&iacute;rez<br>&nbsp; &nbsp; &nbsp; &nbsp; &nbsp; &nbsp; &nbsp; &nbsp; &nbsp; &nbsp; &nbsp; &nbsp; &nbsp; &nbsp; &nbsp; &nbsp; &nbsp; &nbsp; &nbsp; &nbsp; &nbsp; &nbsp; &nbsp; &nbsp; &nbsp; &nbsp; &nbsp; &nbsp; &nbsp; &nbsp; &nbsp; &nbsp; &nbsp; &nbsp; &nbsp; &nbsp; &nbsp; &nbsp; &nbsp; &nbsp; &nbsp; &nbsp; &nbsp; &nbsp; &nbsp; &nbsp; &nbsp; &nbsp; &nbsp; &nbsp; &nbsp; &nbsp; &nbsp; &nbsp; &nbsp; &nbsp; &nbsp; &nbsp; &nbsp; &nbsp; &nbsp; &nbsp; &nbsp; &nbsp; &nbsp; &nbsp; &nbsp; &nbsp; &nbsp; &nbsp; &nbsp; &nbsp;<br><strong>Dise&ntilde;o Gr&aacute;fico:</strong>&nbsp;Nicole G&oacute;mez&nbsp;<br>&nbsp; &nbsp; &nbsp; &nbsp; &nbsp; &nbsp; &nbsp; &nbsp; &nbsp; &nbsp; &nbsp; &nbsp; &nbsp; &nbsp; &nbsp; &nbsp; &nbsp; &nbsp; &nbsp; &nbsp; &nbsp; &nbsp; &nbsp; &nbsp; &nbsp; &nbsp; &nbsp; &nbsp; &nbsp; &nbsp; &nbsp; &nbsp; &nbsp; &nbsp; &nbsp; &nbsp; &nbsp; &nbsp; &nbsp; &nbsp; &nbsp; &nbsp; &nbsp; &nbsp; &nbsp; &nbsp; &nbsp; &nbsp; &nbsp; &nbsp; &nbsp; &nbsp; &nbsp; &nbsp; &nbsp; &nbsp; &nbsp; &nbsp; &nbsp; &nbsp; &nbsp; &nbsp; &nbsp; &nbsp; &nbsp; &nbsp; &nbsp; &nbsp; &nbsp; &nbsp; &nbsp; &nbsp; &nbsp; &nbsp; &nbsp; &nbsp; &nbsp;&nbsp;<br><strong>Direcci&oacute;n de Fotograf&iacute;a, C&aacute;mara y Montaje:</strong>&nbsp;Mario Barrios</p>\n<p><strong>Sonido directo, Dise&ntilde;o Sonoro y Mezcla: </strong>Carlos Arcila<br>&nbsp; &nbsp; &nbsp; &nbsp; &nbsp; &nbsp; &nbsp; &nbsp; &nbsp; &nbsp; &nbsp; &nbsp; &nbsp; &nbsp; &nbsp; &nbsp; &nbsp; &nbsp; &nbsp; &nbsp; &nbsp; &nbsp; &nbsp; &nbsp; &nbsp; &nbsp; &nbsp; &nbsp; &nbsp; &nbsp; &nbsp; &nbsp; &nbsp; &nbsp; &nbsp; &nbsp; &nbsp; &nbsp; &nbsp; &nbsp; &nbsp; &nbsp; &nbsp; &nbsp; &nbsp; &nbsp; &nbsp; &nbsp; &nbsp; &nbsp; &nbsp; &nbsp; &nbsp; &nbsp;&nbsp;<br><strong>M&uacute;sica Original: </strong>Juancho Valencia</p>', '', '<p>2016- Premio New Media del New Media Film Festival, Estados Unidos &nbsp; &nbsp; &nbsp; &nbsp; &nbsp; &nbsp; &nbsp; &nbsp; &nbsp; &nbsp; &nbsp; &nbsp; &nbsp;</p>\n<p>2016- Premio Best Interactive Documentary del Film Gate, Estados Unidos&nbsp;</p>\n<p>2016- Premio Prix Du Jury del Swiss Web Program Fetival, Suiza&nbsp;<br>&nbsp; &nbsp; &nbsp; &nbsp; &nbsp; &nbsp; &nbsp; &nbsp; &nbsp; &nbsp; &nbsp; &nbsp; &nbsp; &nbsp; &nbsp; &nbsp; &nbsp; &nbsp; &nbsp; &nbsp;<br>2016- Premio Prix Du Jury del Parios Web Program Festival, Francia<br>&nbsp; &nbsp; &nbsp; &nbsp; &nbsp; &nbsp; &nbsp; &nbsp; &nbsp; &nbsp; &nbsp; &nbsp; &nbsp; &nbsp; &nbsp; &nbsp; &nbsp; &nbsp; &nbsp;&nbsp;<br>2016- Premio Prix Varenne Web&amp;Doc del FIGRA, Francia</p>\n<p>2016- Menci&oacute;n de Honor, Mejor Serie web colombiana, FIS-MED, Colombia</p>\n<p>2016- Selecci&oacute;n Oficial, Premio y Festival Gabriel Garc&iacute;a Marquez<br>&nbsp; &nbsp; &nbsp; &nbsp; &nbsp; &nbsp; &nbsp; &nbsp; &nbsp; &nbsp; &nbsp; &nbsp; &nbsp; &nbsp; &nbsp; &nbsp; &nbsp; &nbsp; &nbsp; &nbsp; &nbsp; &nbsp; &nbsp; &nbsp; &nbsp;<br>2017- Premio Best Interactive Digital Story del Madeira Film Festival, Portugal</p>', '<p>&nbsp;Convocatoria Crea Digital de los Ministerios de Tecnolog&iacute;as de la Informaci&oacute;n y las Comunicaciones y de Cultura- 2015</p>', 15, 1, 1, '2023-08-10 11:07:00', '2023-08-10 11:12:28'),
(16, NULL, 2, 6, 'Paisaje Cultural Cañón del Chicamocha', 'Paisaje Cultural Cañon del Chicamocha es un documental interactivo que a través de fotografias y videos articulados por medio de las nuevas tecnologías, muestra el patrimonio arqueológico, arquitectónico y gastronómico, la riqueza que habita en el oriente colombiano. ', 'http://www.anateresaarciniegas.com/chicamocha/', '<p><strong>Direcci&oacute;n: </strong>Ana Teresa Arciniegas<br>&nbsp; &nbsp; &nbsp; &nbsp; &nbsp; &nbsp; &nbsp; &nbsp; &nbsp; &nbsp; &nbsp; &nbsp; &nbsp; &nbsp; &nbsp; &nbsp; &nbsp; &nbsp; &nbsp; &nbsp; &nbsp; &nbsp; &nbsp; &nbsp; &nbsp; &nbsp; &nbsp; &nbsp; &nbsp; &nbsp; &nbsp; &nbsp; &nbsp; &nbsp; &nbsp; &nbsp; &nbsp; &nbsp; &nbsp; &nbsp; &nbsp; &nbsp; &nbsp; &nbsp; &nbsp; &nbsp; &nbsp; &nbsp; &nbsp; &nbsp; &nbsp; &nbsp; &nbsp; &nbsp; &nbsp; &nbsp; &nbsp; &nbsp; &nbsp; &nbsp; &nbsp; &nbsp; &nbsp; &nbsp; &nbsp; &nbsp; &nbsp; &nbsp; &nbsp; &nbsp; &nbsp; &nbsp; &nbsp; &nbsp; &nbsp; &nbsp; &nbsp; &nbsp; &nbsp; &nbsp; &nbsp; &nbsp; &nbsp; &nbsp; &nbsp; &nbsp; &nbsp; &nbsp; &nbsp; &nbsp; &nbsp; &nbsp; &nbsp; &nbsp; &nbsp; &nbsp; &nbsp; &nbsp; &nbsp; &nbsp; &nbsp; &nbsp; &nbsp; &nbsp; &nbsp; &nbsp; &nbsp; &nbsp; &nbsp; &nbsp; &nbsp; &nbsp; &nbsp; &nbsp;&nbsp;<br><strong>Realizaci&oacute;n audiovisual y Montaje: </strong>Sebasti&aacute;n C&aacute;rdenas Maestre, Cristian Vera Pedraza y La Monta&ntilde;a Producciones&nbsp;</p>\n<p><strong>C&aacute;mara: </strong>H&eacute;ctor Abad G&oacute;mez&nbsp;<br>&nbsp; &nbsp; &nbsp; &nbsp; &nbsp; &nbsp; &nbsp; &nbsp; &nbsp; &nbsp; &nbsp; &nbsp; &nbsp; &nbsp; &nbsp; &nbsp; &nbsp; &nbsp; &nbsp; &nbsp; &nbsp; &nbsp; &nbsp; &nbsp; &nbsp; &nbsp; &nbsp; &nbsp; &nbsp; &nbsp; &nbsp; &nbsp; &nbsp; &nbsp; &nbsp; &nbsp; &nbsp; &nbsp; &nbsp; &nbsp; &nbsp; &nbsp; &nbsp; &nbsp; &nbsp; &nbsp; &nbsp; &nbsp; &nbsp; &nbsp; &nbsp; &nbsp; &nbsp; &nbsp; &nbsp; &nbsp; &nbsp; &nbsp; &nbsp; &nbsp; &nbsp; &nbsp; &nbsp; &nbsp; &nbsp; &nbsp; &nbsp; &nbsp; &nbsp; &nbsp; &nbsp; &nbsp; &nbsp; &nbsp; &nbsp; &nbsp; &nbsp; &nbsp;<br><strong>Drone: </strong>Juan Camilo Ram&oacute;n&nbsp;<br>&nbsp; &nbsp; &nbsp; &nbsp; &nbsp; &nbsp; &nbsp; &nbsp; &nbsp; &nbsp; &nbsp; &nbsp; &nbsp; &nbsp; &nbsp; &nbsp; &nbsp; &nbsp; &nbsp; &nbsp; &nbsp; &nbsp; &nbsp; &nbsp; &nbsp; &nbsp; &nbsp; &nbsp; &nbsp; &nbsp; &nbsp; &nbsp; &nbsp; &nbsp; &nbsp; &nbsp; &nbsp; &nbsp; &nbsp; &nbsp; &nbsp; &nbsp; &nbsp; &nbsp; &nbsp; &nbsp; &nbsp; &nbsp; &nbsp; &nbsp; &nbsp; &nbsp; &nbsp; &nbsp; &nbsp; &nbsp; &nbsp; &nbsp; &nbsp; &nbsp; &nbsp; &nbsp; &nbsp; &nbsp; &nbsp; &nbsp; &nbsp; &nbsp; &nbsp; &nbsp; &nbsp; &nbsp; &nbsp; &nbsp; &nbsp; &nbsp; &nbsp; &nbsp; &nbsp; &nbsp; &nbsp;<br><strong>M&uacute;sica: </strong>Ikara wayra, Ricardo Barreto, Ricardo Barreto, Julian Abaunza, Oscar G&oacute;mez, Henry Rinc&oacute;n y Cristian Vera&nbsp;</p>\n<p><strong>Dise&ntilde;o: </strong>David Rodr&iacute;guez Dur&aacute;n<br>&nbsp; &nbsp; &nbsp; &nbsp; &nbsp; &nbsp; &nbsp; &nbsp; &nbsp; &nbsp; &nbsp; &nbsp; &nbsp; &nbsp; &nbsp; &nbsp; &nbsp; &nbsp; &nbsp; &nbsp; &nbsp; &nbsp; &nbsp; &nbsp; &nbsp; &nbsp; &nbsp; &nbsp; &nbsp; &nbsp; &nbsp; &nbsp; &nbsp; &nbsp; &nbsp; &nbsp; &nbsp; &nbsp; &nbsp; &nbsp; &nbsp; &nbsp; &nbsp; &nbsp; &nbsp; &nbsp; &nbsp; &nbsp; &nbsp; &nbsp; &nbsp; &nbsp; &nbsp; &nbsp; &nbsp; &nbsp; &nbsp; &nbsp; &nbsp; &nbsp; &nbsp; &nbsp; &nbsp; &nbsp; &nbsp; &nbsp; &nbsp; &nbsp; &nbsp; &nbsp; &nbsp; &nbsp;&nbsp;<br><strong>Programaci&oacute;n: </strong>John Gamarra Gonz&aacute;lez, Carlos Silva Villamizar y Anderson Silva Lizarazo&nbsp;</p>', '', '', '<p>Universidad Aut&oacute;noma de Bucaramanga</p>', 16, 1, 1, '2023-08-10 11:14:35', '2023-08-10 11:14:35'),
(17, NULL, 2, 7, 'Paciente', 'En Colombia, país cuyo inclemente sistema de salud obliga a sus usuarios a enfrentar absurdos obstáculos burocráticos para acceder a sus servicios, Paciente no es solo quien padece la enfermedad y espera superarla, sino también quien se encarga de cuidarlo y luchar diariamente contra el sistema para garantizar que su ser querido reciba todo lo necesario. Paciente es Nubia, una madre cabeza de hogar que pese a convivir con la angustia de perder a su hija por cuenta de un agresivo cáncer, consigue atravesar con admirable firmeza y convicción los laberínticos procesos del sistema de salud del cual depende la vida de su hija.', 'https://www.gusano.org/paciente/', '<p><strong>Direcci&oacute;n: </strong>Jorge Caballero<br>&nbsp; &nbsp; &nbsp; &nbsp; &nbsp; &nbsp; &nbsp; &nbsp; &nbsp; &nbsp; &nbsp; &nbsp; &nbsp; &nbsp; &nbsp; &nbsp; &nbsp; &nbsp; &nbsp; &nbsp; &nbsp; &nbsp; &nbsp; &nbsp; &nbsp; &nbsp; &nbsp; &nbsp; &nbsp; &nbsp; &nbsp; &nbsp; &nbsp; &nbsp; &nbsp; &nbsp; &nbsp; &nbsp; &nbsp; &nbsp; &nbsp; &nbsp; &nbsp; &nbsp; &nbsp; &nbsp; &nbsp; &nbsp; &nbsp; &nbsp; &nbsp; &nbsp; &nbsp; &nbsp; &nbsp; &nbsp; &nbsp; &nbsp;<br><strong>Investigaci&oacute;n: </strong>Carol Ann Figueroa &nbsp;<br>&nbsp; &nbsp; &nbsp; &nbsp; &nbsp; &nbsp; &nbsp; &nbsp; &nbsp; &nbsp; &nbsp; &nbsp; &nbsp; &nbsp; &nbsp; &nbsp; &nbsp; &nbsp; &nbsp; &nbsp; &nbsp; &nbsp; &nbsp; &nbsp; &nbsp; &nbsp; &nbsp; &nbsp; &nbsp; &nbsp; &nbsp; &nbsp; &nbsp; &nbsp; &nbsp; &nbsp; &nbsp; &nbsp; &nbsp; &nbsp; &nbsp; &nbsp; &nbsp; &nbsp; &nbsp; &nbsp; &nbsp; &nbsp; &nbsp; &nbsp; &nbsp;<br><strong>Producci&oacute;n: </strong>Gusano Films S.A.S &nbsp;<br>&nbsp; &nbsp; &nbsp; &nbsp; &nbsp; &nbsp; &nbsp; &nbsp; &nbsp; &nbsp; &nbsp; &nbsp; &nbsp; &nbsp; &nbsp; &nbsp; &nbsp; &nbsp; &nbsp; &nbsp; &nbsp; &nbsp; &nbsp; &nbsp; &nbsp; &nbsp; &nbsp; &nbsp; &nbsp; &nbsp; &nbsp; &nbsp; &nbsp; &nbsp; &nbsp; &nbsp; &nbsp; &nbsp; &nbsp; &nbsp; &nbsp; &nbsp; &nbsp; &nbsp; &nbsp; &nbsp; &nbsp; &nbsp; &nbsp; &nbsp; &nbsp; &nbsp; &nbsp; &nbsp; &nbsp; &nbsp; &nbsp; &nbsp; &nbsp; &nbsp;<br><strong>Co-producci&oacute;n: </strong>Se&ntilde;al Colombia &nbsp;&nbsp;<br>&nbsp; &nbsp; &nbsp; &nbsp; &nbsp; &nbsp; &nbsp; &nbsp; &nbsp; &nbsp; &nbsp; &nbsp; &nbsp; &nbsp; &nbsp; &nbsp; &nbsp; &nbsp; &nbsp; &nbsp; &nbsp; &nbsp; &nbsp; &nbsp; &nbsp; &nbsp; &nbsp; &nbsp; &nbsp; &nbsp; &nbsp; &nbsp; &nbsp; &nbsp; &nbsp; &nbsp; &nbsp; &nbsp; &nbsp; &nbsp; &nbsp; &nbsp; &nbsp; &nbsp; &nbsp; &nbsp; &nbsp; &nbsp; &nbsp; &nbsp; &nbsp; &nbsp; &nbsp;&nbsp;<br><strong>Producci&oacute;n Ejecutiva: </strong>Rosa Mercedes Ramos Cort&eacute;s &nbsp;<br>&nbsp; &nbsp; &nbsp; &nbsp; &nbsp; &nbsp; &nbsp; &nbsp; &nbsp; &nbsp; &nbsp; &nbsp; &nbsp; &nbsp; &nbsp; &nbsp; &nbsp; &nbsp; &nbsp; &nbsp; &nbsp; &nbsp; &nbsp; &nbsp; &nbsp; &nbsp; &nbsp; &nbsp; &nbsp; &nbsp; &nbsp; &nbsp; &nbsp; &nbsp; &nbsp; &nbsp; &nbsp; &nbsp; &nbsp; &nbsp; &nbsp; &nbsp;<br><strong>Direcci&oacute;n de Fotograf&iacute;a: </strong>Lukas Jaramillo Ortiz<br>&nbsp; &nbsp; &nbsp; &nbsp; &nbsp; &nbsp; &nbsp; &nbsp; &nbsp; &nbsp; &nbsp; &nbsp; &nbsp; &nbsp; &nbsp; &nbsp; &nbsp; &nbsp; &nbsp; &nbsp; &nbsp; &nbsp; &nbsp; &nbsp; &nbsp; &nbsp; &nbsp; &nbsp; &nbsp; &nbsp; &nbsp; &nbsp; &nbsp; &nbsp; &nbsp; &nbsp; &nbsp; &nbsp; &nbsp; &nbsp; &nbsp; &nbsp; &nbsp;<br><strong>Sonidista: </strong>Alejandro Molano<br>&nbsp; &nbsp; &nbsp; &nbsp; &nbsp; &nbsp; &nbsp; &nbsp; &nbsp; &nbsp; &nbsp; &nbsp; &nbsp; &nbsp; &nbsp; &nbsp; &nbsp; &nbsp; &nbsp; &nbsp; &nbsp; &nbsp; &nbsp; &nbsp; &nbsp; &nbsp; &nbsp; &nbsp; &nbsp; &nbsp; &nbsp; &nbsp; &nbsp; &nbsp; &nbsp; &nbsp; &nbsp; &nbsp; &nbsp; &nbsp; &nbsp; &nbsp; &nbsp; &nbsp; &nbsp; &nbsp; &nbsp; &nbsp; &nbsp; &nbsp; &nbsp; &nbsp; &nbsp; &nbsp; &nbsp; &nbsp; &nbsp; &nbsp; &nbsp; &nbsp; &nbsp; &nbsp; &nbsp; &nbsp; &nbsp; &nbsp; &nbsp; &nbsp; &nbsp; &nbsp; &nbsp; &nbsp; &nbsp; &nbsp;<br><strong>M&uacute;sica:</strong>&nbsp;Alejandro Gall&oacute;n<br>&nbsp; &nbsp; &nbsp; &nbsp; &nbsp; &nbsp; &nbsp; &nbsp; &nbsp; &nbsp; &nbsp; &nbsp; &nbsp; &nbsp; &nbsp; &nbsp; &nbsp; &nbsp; &nbsp; &nbsp; &nbsp; &nbsp; &nbsp; &nbsp; &nbsp; &nbsp; &nbsp; &nbsp; &nbsp; &nbsp; &nbsp; &nbsp; &nbsp; &nbsp; &nbsp; &nbsp; &nbsp; &nbsp; &nbsp; &nbsp; &nbsp; &nbsp; &nbsp; &nbsp; &nbsp; &nbsp; &nbsp; &nbsp; &nbsp; &nbsp; &nbsp; &nbsp; &nbsp; &nbsp; &nbsp; &nbsp; &nbsp; &nbsp; &nbsp; &nbsp; &nbsp; &nbsp; &nbsp; &nbsp;<br><strong>Montaje: </strong>Jorge Caballero e Iv&aacute;n Guarnizo</p>', '', '<p>Colombia<br>&nbsp; &nbsp; &nbsp; &nbsp; &nbsp; &nbsp; &nbsp; &nbsp; &nbsp; &nbsp; &nbsp; &nbsp; &nbsp; &nbsp; &nbsp; &nbsp; &nbsp; &nbsp; &nbsp; &nbsp; &nbsp; &nbsp; &nbsp; &nbsp; &nbsp; &nbsp; &nbsp;&nbsp;<br>2016- Premio Especial del Jurado del FICG, M&eacute;xico<br>&nbsp; &nbsp; &nbsp; &nbsp; &nbsp; &nbsp; &nbsp; &nbsp; &nbsp; &nbsp; &nbsp; &nbsp; &nbsp; &nbsp; &nbsp; &nbsp; &nbsp; &nbsp; &nbsp; &nbsp; &nbsp; &nbsp; &nbsp; &nbsp; &nbsp; &nbsp; &nbsp; &nbsp; &nbsp; &nbsp; &nbsp; &nbsp; &nbsp; &nbsp; &nbsp; &nbsp; &nbsp; &nbsp; &nbsp;&nbsp;<br>2016- Premio SIGNES del Festival Cinelatino Recontres de Touluse, Francia<br>&nbsp; &nbsp; &nbsp; &nbsp; &nbsp; &nbsp; &nbsp; &nbsp; &nbsp; &nbsp; &nbsp; &nbsp; &nbsp; &nbsp; &nbsp; &nbsp; &nbsp; &nbsp; &nbsp; &nbsp; &nbsp;<br>2016- Premio Mejor documental del San Diego Latino Film Fetsival, Estados Unidos&nbsp;</p>\n<p>2016-Premio Mejor Pel&iacute;cula secci&oacute;n Latitudes del Docs Barcelona, Espa&ntilde;a<br>&nbsp; &nbsp; &nbsp; &nbsp; &nbsp; &nbsp; &nbsp; &nbsp; &nbsp; &nbsp;&nbsp;<br>2017- Premio Nacional Cinemateca a la distribuci&oacute;n de largometrajes, Colombia&nbsp;</p>\n<p>2017- Premio Night Award del Signes de Nuit Ecuador, Ecuador &nbsp;<br>&nbsp; &nbsp; &nbsp; &nbsp; &nbsp; &nbsp; &nbsp; &nbsp; &nbsp; &nbsp; &nbsp; &nbsp; &nbsp; &nbsp; &nbsp; &nbsp; &nbsp; &nbsp; &nbsp; &nbsp; &nbsp; &nbsp; &nbsp; &nbsp; &nbsp;<br>2017- Premio Mejor documental del FENAVID, Ecuador<br>&nbsp; &nbsp; &nbsp; &nbsp; &nbsp; &nbsp; &nbsp; &nbsp; &nbsp; &nbsp; &nbsp; &nbsp; &nbsp; &nbsp; &nbsp; &nbsp; &nbsp; &nbsp; &nbsp; &nbsp; &nbsp; &nbsp; &nbsp; &nbsp; &nbsp;<br>&nbsp;2017- Premio SIGNIS del FENAVID, Ecuador&nbsp;</p>\n<p>2017- Premio Edward Snowden del Signes de Nuit, Berl&iacute;n<br>&nbsp; &nbsp; &nbsp; &nbsp; &nbsp; &nbsp; &nbsp; &nbsp; &nbsp; &nbsp; &nbsp; &nbsp; &nbsp; &nbsp; &nbsp; &nbsp; &nbsp; &nbsp; &nbsp; &nbsp; &nbsp; &nbsp; &nbsp; &nbsp; &nbsp; &nbsp; &nbsp; &nbsp; &nbsp; &nbsp; &nbsp; &nbsp;&nbsp;<br>2017-Premio Mejor Pel&iacute;cula del Human Rights Film Fest, Espa&ntilde;a&nbsp;</p>', '<p>*Fondo para el Desarrollo Cinematogr&aacute;fico (FDC)&nbsp;</p>\n<p>*Fondo Latino del Tribeca Film Institude</p>', 17, 1, 1, '2023-08-10 11:18:13', '2023-08-10 11:18:13'),
(18, NULL, 2, 7, 'Yo no soy', 'Proyecto sobre la construcción del género, que retrata experiencias de vida y luchas trans, para la reivindicación de identidades alternativas, no normativas y disidentes del género en la sociedad colombiana.', '', '<p><strong>Direcci&oacute;n: </strong>M&aacute;ximo Castellanos&nbsp;</p>', '', '', '', 18, 1, 1, '2023-08-10 11:22:10', '2023-08-10 11:22:10'),
(19, NULL, 2, 7, 'Proyecto ciudad. Más que paredes', 'Proyecto ciudad. Más que paredes muestra a Bucaramanga desde la perspectiva enriquecedora del patrimonio arquitectónico, centrado en los relatos de sus habitantes y sus historias, con el fin de fortalecer y diversificar el discurso e inventario oficial ya existente. La ciudad cuenta la historia de sus espacios, los que sobreviven y los que ya no están, a partir de los relatos que la componen.', '', '<p><strong>Direcci&oacute;n: </strong>Frank Rodr&iacute;guez y Camilo Arenas<br>&nbsp; &nbsp; &nbsp; &nbsp; &nbsp; &nbsp; &nbsp; &nbsp; &nbsp; &nbsp; &nbsp; &nbsp; &nbsp; &nbsp; &nbsp; &nbsp; &nbsp; &nbsp; &nbsp; &nbsp; &nbsp; &nbsp; &nbsp; &nbsp; &nbsp; &nbsp; &nbsp; &nbsp; &nbsp; &nbsp; &nbsp; &nbsp; &nbsp; &nbsp; &nbsp; &nbsp; &nbsp; &nbsp;<br><strong>Direcci&oacute;n Desarrollo Web: </strong>Carlos Alberto Beltr&aacute;n</p>', '', '', '<p>Universidad Industrial de Santander&nbsp;</p>\n<p>Universidad Aut&oacute;noma de Bucaramanga</p>', 19, 1, 1, '2023-08-10 11:24:39', '2023-08-10 11:24:39');
INSERT INTO `projects` (`id`, `user_id`, `gender_id`, `year_id`, `name`, `description`, `url`, `team`, `nominations`, `awards`, `funding`, `order`, `is_public`, `is_featured`, `created_at`, `updated_at`) VALUES
(20, NULL, 2, 7, 'Aislados', '540 personas habitan una isla del tamaño de media manzana. Aislados nos lleva a la isla artificial más densamente poblada del Caribe colombiano. Allí no hay policías. Ni curas. Ni conflicto armado. Hay 97 casas en las que viven 18 familias. Una escuela y una plaza pequeña con una cruz en el medio que hace honor a su nombre: Santa Cruz del Islote. \nLa llegada de la modernidad y la posibilidad de un desalojo, los hace despertar como comunidad para enfrentarse a las nuevas posibilidades que les plantea el futuro. ', '', '<p><strong>Direcci&oacute;n: </strong>Marcela Lizcano<br>&nbsp; &nbsp; &nbsp; &nbsp; &nbsp; &nbsp; &nbsp; &nbsp; &nbsp; &nbsp; &nbsp; &nbsp; &nbsp; &nbsp; &nbsp; &nbsp; &nbsp; &nbsp; &nbsp; &nbsp; &nbsp; &nbsp; &nbsp; &nbsp; &nbsp; &nbsp; &nbsp; &nbsp; &nbsp; &nbsp; &nbsp; &nbsp; &nbsp; &nbsp; &nbsp; &nbsp; &nbsp; &nbsp; &nbsp; &nbsp; &nbsp; &nbsp; &nbsp; &nbsp; &nbsp; &nbsp; &nbsp; &nbsp; &nbsp; &nbsp; &nbsp; &nbsp;<br><strong>Producci&oacute;n: </strong>Sim&oacute;n Beltr&aacute;n, Marcela Lizcano, Juan Pablo Solano Vergara, Diego F. Bustamante, Sarah&iacute; Echevarr&iacute;a&nbsp;<br>&nbsp; &nbsp; &nbsp; &nbsp; &nbsp; &nbsp; &nbsp; &nbsp; &nbsp; &nbsp; &nbsp; &nbsp; &nbsp; &nbsp; &nbsp; &nbsp; &nbsp; &nbsp; &nbsp; &nbsp; &nbsp; &nbsp; &nbsp; &nbsp; &nbsp; &nbsp; &nbsp; &nbsp; &nbsp; &nbsp; &nbsp; &nbsp; &nbsp; &nbsp; &nbsp; &nbsp; &nbsp; &nbsp; &nbsp; &nbsp; &nbsp; &nbsp; &nbsp; &nbsp; &nbsp; &nbsp; &nbsp; &nbsp; &nbsp; &nbsp; &nbsp; &nbsp;<br><strong>Direcci&oacute;n de fotograf&iacute;a: </strong>Marcela Lizcano y Cecilia Madorno&nbsp;<br>&nbsp; &nbsp; &nbsp; &nbsp; &nbsp; &nbsp; &nbsp; &nbsp; &nbsp; &nbsp; &nbsp; &nbsp; &nbsp; &nbsp; &nbsp; &nbsp; &nbsp; &nbsp; &nbsp; &nbsp; &nbsp; &nbsp; &nbsp; &nbsp; &nbsp; &nbsp;&nbsp;<br><strong>Sonidista: </strong>Daniel Najar Garc&eacute;s<br>&nbsp; &nbsp; &nbsp; &nbsp; &nbsp; &nbsp; &nbsp; &nbsp; &nbsp; &nbsp; &nbsp; &nbsp; &nbsp; &nbsp; &nbsp; &nbsp; &nbsp; &nbsp; &nbsp; &nbsp; &nbsp; &nbsp; &nbsp; &nbsp; &nbsp; &nbsp; &nbsp; &nbsp; &nbsp; &nbsp; &nbsp; &nbsp; &nbsp; &nbsp; &nbsp; &nbsp; &nbsp; &nbsp; &nbsp; &nbsp; &nbsp; &nbsp; &nbsp; &nbsp; &nbsp; &nbsp; &nbsp; &nbsp; &nbsp; &nbsp; &nbsp; &nbsp; &nbsp; &nbsp;&nbsp;<br><strong>M&uacute;sica: </strong>Daniel Michel y Carlos Valencia<br>&nbsp; &nbsp; &nbsp; &nbsp; &nbsp; &nbsp; &nbsp; &nbsp; &nbsp; &nbsp; &nbsp; &nbsp; &nbsp; &nbsp; &nbsp; &nbsp; &nbsp; &nbsp; &nbsp; &nbsp; &nbsp; &nbsp; &nbsp; &nbsp; &nbsp; &nbsp; &nbsp; &nbsp; &nbsp; &nbsp; &nbsp; &nbsp; &nbsp; &nbsp; &nbsp; &nbsp; &nbsp; &nbsp; &nbsp; &nbsp; &nbsp; &nbsp; &nbsp;&nbsp;<br><strong>Montaje: </strong>Etienne Boussac, Carla Valencia</p>', '', '<p>2014- Premio Co-producci&oacute;n CNCINE, Ecuador<br>&nbsp; &nbsp; &nbsp; &nbsp; &nbsp; &nbsp; &nbsp; &nbsp; &nbsp; &nbsp; &nbsp; &nbsp; &nbsp; &nbsp; &nbsp; &nbsp; &nbsp; &nbsp; &nbsp; &nbsp; &nbsp; &nbsp; &nbsp; &nbsp; &nbsp; &nbsp; &nbsp; &nbsp; &nbsp; &nbsp; &nbsp;&nbsp;<br>2015-Premio Mejor Largometraje Documental Screenings del BAM, Colombia<br>&nbsp; &nbsp; &nbsp; &nbsp; &nbsp; &nbsp; &nbsp; &nbsp; &nbsp; &nbsp; &nbsp; &nbsp; &nbsp; &nbsp; &nbsp; &nbsp; &nbsp; &nbsp; &nbsp; &nbsp; &nbsp; &nbsp; &nbsp; &nbsp; &nbsp; &nbsp; &nbsp; &nbsp; &nbsp; &nbsp; &nbsp;<br>2015-Premio Mejor documental del DocsDF, M&eacute;xico&nbsp;<br>&nbsp; &nbsp; &nbsp; &nbsp; &nbsp; &nbsp; &nbsp; &nbsp; &nbsp; &nbsp; &nbsp; &nbsp; &nbsp; &nbsp; &nbsp; &nbsp; &nbsp; &nbsp; &nbsp; &nbsp; &nbsp; &nbsp; &nbsp;<br>2016- Premio Mejor documental del FICBAQ, Colombia&nbsp;<br>&nbsp; &nbsp; &nbsp; &nbsp; &nbsp; &nbsp; &nbsp; &nbsp; &nbsp; &nbsp; &nbsp; &nbsp; &nbsp; &nbsp; &nbsp; &nbsp; &nbsp; &nbsp; &nbsp; &nbsp; &nbsp;&nbsp;<br>2016- Premio Mejor documental del Festival de cine colombiano de Nueva York, Estados Unidos</p>', '<p>Fondo para el Desarrollo Cinematogr&aacute;fico (FDC)</p>', 20, 1, 1, '2023-08-10 11:27:11', '2023-08-10 11:27:11'),
(21, NULL, 2, 7, 'Colombia Salvaje', 'Colombia Salvaje es una plataforma interactiva documental con elementos de docugame, que crea una experiencia humorística y una herramienta de participación colectiva en torno a uno de los aspectos más desastrosos de cultura política colombiana: el clientelismo. Este webdoc está construido para crecer gracias a los aportes de la comunidad de científicos, aficionados e ilustradores que hagan parte de las redes sociales del documental.', '', '<p><strong>Direcci&oacute;n e Investigaci&oacute;n: </strong>Richard Tamayo Nieto<br>&nbsp; &nbsp; &nbsp; &nbsp; &nbsp; &nbsp; &nbsp; &nbsp; &nbsp; &nbsp; &nbsp; &nbsp; &nbsp; &nbsp; &nbsp; &nbsp; &nbsp; &nbsp; &nbsp; &nbsp; &nbsp; &nbsp; &nbsp; &nbsp; &nbsp; &nbsp; &nbsp; &nbsp; &nbsp; &nbsp; &nbsp; &nbsp; &nbsp; &nbsp; &nbsp; &nbsp; &nbsp; &nbsp; &nbsp; &nbsp; &nbsp; &nbsp; &nbsp;<br><strong>Direcci&oacute;n Creativa:</strong>&nbsp;Andr&eacute;s Carvajal<br>&nbsp; &nbsp; &nbsp; &nbsp; &nbsp; &nbsp; &nbsp; &nbsp; &nbsp; &nbsp; &nbsp; &nbsp; &nbsp; &nbsp; &nbsp; &nbsp; &nbsp; &nbsp; &nbsp; &nbsp; &nbsp; &nbsp; &nbsp; &nbsp; &nbsp; &nbsp; &nbsp; &nbsp; &nbsp; &nbsp; &nbsp; &nbsp; &nbsp; &nbsp; &nbsp; &nbsp; &nbsp; &nbsp; &nbsp; &nbsp; &nbsp; &nbsp; &nbsp; &nbsp; &nbsp; &nbsp; &nbsp; &nbsp; &nbsp; &nbsp; &nbsp; &nbsp; &nbsp; &nbsp; &nbsp;&nbsp;<br><strong>Direcci&oacute;n Audiovisual: </strong>Carolina Montes &nbsp;<br>&nbsp; &nbsp; &nbsp; &nbsp; &nbsp; &nbsp; &nbsp; &nbsp; &nbsp; &nbsp; &nbsp; &nbsp; &nbsp; &nbsp; &nbsp; &nbsp; &nbsp; &nbsp; &nbsp; &nbsp; &nbsp; &nbsp; &nbsp; &nbsp; &nbsp; &nbsp; &nbsp; &nbsp; &nbsp; &nbsp; &nbsp; &nbsp; &nbsp; &nbsp; &nbsp; &nbsp; &nbsp; &nbsp; &nbsp; &nbsp; &nbsp; &nbsp; &nbsp; &nbsp; &nbsp; &nbsp; &nbsp; &nbsp; &nbsp; &nbsp; &nbsp;&nbsp;<br><strong>Direcci&oacute;n de Desarrollo: </strong>Camilo Rosero</p>\n<p><strong>Desarrollo Web:&nbsp;</strong>Guillermo Malag&oacute;n y Carlos Moncada&nbsp;<br>&nbsp; &nbsp; &nbsp; &nbsp; &nbsp; &nbsp; &nbsp; &nbsp; &nbsp; &nbsp; &nbsp; &nbsp; &nbsp; &nbsp; &nbsp; &nbsp; &nbsp; &nbsp; &nbsp; &nbsp; &nbsp; &nbsp; &nbsp; &nbsp; &nbsp; &nbsp; &nbsp; &nbsp; &nbsp; &nbsp; &nbsp; &nbsp; &nbsp; &nbsp; &nbsp; &nbsp; &nbsp; &nbsp; &nbsp; &nbsp; &nbsp; &nbsp;<br><strong>Dise&ntilde;o gr&aacute;fico: </strong>Vivian S&aacute;nchez</p>', '', '', '<p>Beca para el Desarrollo Interactivo del Ministerio de Cultura, 2015</p>', 21, 1, 1, '2023-08-10 11:29:59', '2023-08-10 11:29:59'),
(22, NULL, 2, 7, 'Álbum familiar colectivo', 'Ante el olvido, álbum familiar colectivo” es un documental transmedia que desarrolla desde diferentes plataformas historias de familias bumanguesas que comparten a través de sus álbumes familiares relatos para reconstruir y evidenciar parte fundamental de la memoria, el patrimonio e identidad de la ciudad.', '', '<p><strong>Direcci&oacute;n: </strong>Alejandra Rojas<br>&nbsp; &nbsp; &nbsp; &nbsp; &nbsp; &nbsp; &nbsp; &nbsp; &nbsp; &nbsp; &nbsp; &nbsp; &nbsp; &nbsp; &nbsp; &nbsp; &nbsp; &nbsp; &nbsp; &nbsp; &nbsp; &nbsp; &nbsp; &nbsp; &nbsp; &nbsp; &nbsp; &nbsp; &nbsp; &nbsp; &nbsp; &nbsp; &nbsp; &nbsp; &nbsp; &nbsp; &nbsp; &nbsp; &nbsp; &nbsp; &nbsp; &nbsp; &nbsp; &nbsp; &nbsp; &nbsp; &nbsp; &nbsp; &nbsp; &nbsp; &nbsp; &nbsp; &nbsp; &nbsp; &nbsp; &nbsp; &nbsp;&nbsp;<br><strong>C&aacute;mara: </strong>Alejandra Rojas y Ang&eacute;lica B.<br>&nbsp; &nbsp; &nbsp; &nbsp; &nbsp; &nbsp; &nbsp; &nbsp; &nbsp; &nbsp; &nbsp; &nbsp; &nbsp; &nbsp; &nbsp; &nbsp; &nbsp; &nbsp; &nbsp; &nbsp; &nbsp; &nbsp; &nbsp; &nbsp; &nbsp; &nbsp; &nbsp; &nbsp; &nbsp; &nbsp; &nbsp; &nbsp; &nbsp; &nbsp; &nbsp; &nbsp; &nbsp; &nbsp; &nbsp; &nbsp; &nbsp; &nbsp; &nbsp; &nbsp; &nbsp; &nbsp;<br><strong>Sonidista: </strong>Diego Villar</p>', '', '', '<p>Con apoyo de la Universidad Aut&oacute;noma UNAB</p>', 22, 1, 1, '2023-08-10 11:31:42', '2023-08-10 11:31:42'),
(23, NULL, 2, 7, 'Radio Va-llena ', 'La radio Va-Llena es uno de los proyectos que hacen parte la acción colectiva Hacía el Litoral. Se trata de una radio viajera que adopta la lógica de la Va-llena como animal migratorio para pasar de poblado en poblado llevando postales sonoras y también fotografías y un mapa que vienen alimentándose desde otros lugares. Está llena de saludos de parientes que se han ido, de relatos sobre sus proyectos y las iniciativas que surgen de las comunidades para no tener que irse, para cuidar el territorio y también historias y personajes.', '', '<p><strong>Producci&oacute;n: </strong>Ana Milena Garz&oacute;n, Yolanda Chois</p>\n<p><strong>Dise&ntilde;o Dispositivo: </strong>Colectivo La n-&eacute;sima, Colectivo No&iacute;sRadio, Miguel Tejada,&nbsp;Evelyn Soto Arizmendy, Leonardo Herrera, Melissa Saavedra,&nbsp;Camilo Aguilera, Yolanda Cho&iacute;s y Ana Milena Garz&oacute;n Plataforma Digital</p>\n<p><strong>Dibujos: </strong>Miguel Tejada, Colectivo La n-&eacute;sima</p>\n<p><strong>Montaje web: </strong>Colectivo La n-&eacute;sima<br>&nbsp; &nbsp; &nbsp; &nbsp; &nbsp; &nbsp; &nbsp; &nbsp; &nbsp; &nbsp; &nbsp; &nbsp; &nbsp; &nbsp; &nbsp; &nbsp; &nbsp; &nbsp; &nbsp; &nbsp; &nbsp; &nbsp; &nbsp; &nbsp; &nbsp; &nbsp; &nbsp; &nbsp; &nbsp; &nbsp; &nbsp; &nbsp; &nbsp; &nbsp; &nbsp; &nbsp; &nbsp; &nbsp; &nbsp; &nbsp; &nbsp; &nbsp; &nbsp; &nbsp; &nbsp; &nbsp; &nbsp;&nbsp;<br><strong>Fotograf&iacute;a Documental: </strong>Evelyn Soto Arizmendy</p>\n<p><strong>Infofon&iacute;as: </strong>Colectivo La n-&eacute;sima</p>\n<p><strong>Postales Sonora y Programas de Radio: </strong>Colectivo No&iacute;sRadio</p>\n<p><strong>Correspondencias Hip-Hop: </strong>Bagual Project</p>\n<p><strong>Registro Documental: </strong>Melissa Saavedra, Evelyn Soto Arizmendy,&nbsp;Carolina &Aacute;ngel, Mauro Colombo</p>\n<p><strong>Montaje y Edici&oacute;n de Microdocumentales: </strong>Andr&eacute;s V&eacute;lez</p>', '', '', '<p>*Fundaci&oacute;n M&aacute;s Arte M&aacute;s Acci&oacute;n y la plataforma Hacia el Litoral (Panam&aacute; - Colombia)<br>&nbsp; &nbsp; &nbsp; &nbsp; &nbsp; &nbsp; &nbsp; &nbsp; &nbsp; &nbsp; &nbsp; &nbsp; &nbsp; &nbsp; &nbsp; &nbsp; &nbsp; &nbsp; &nbsp; &nbsp; &nbsp; &nbsp; &nbsp;&nbsp;<br>*Convocatoria Crea Digital de los Ministerios de Tecnolog&iacute;as de la Informaci&oacute;n y las Comunicaciones y de Cultura,, 2014</p>', 23, 1, 1, '2023-08-10 11:34:42', '2023-08-10 11:34:42'),
(24, NULL, 2, 7, 'Proyecto pacífico', 'Proyecto pacífico es un proyecto interactivo que reconstruye y difunde la memoria histórica y la tradición oral de las comunidades del pacífico, por medio de relatos, realizados por los jóvenes de Ladrilleros, en combinación de animaciones que registran la memoria y la tradición oral del pacífico colombiano. ', 'http://www.sommagroup.com/ladrilleros/site/', '<p><strong>Ilustraciones: </strong>Nathaly Cede&ntilde;o<br>&nbsp; &nbsp; &nbsp; &nbsp; &nbsp; &nbsp; &nbsp; &nbsp; &nbsp; &nbsp; &nbsp; &nbsp; &nbsp; &nbsp; &nbsp; &nbsp; &nbsp; &nbsp; &nbsp; &nbsp; &nbsp; &nbsp; &nbsp; &nbsp; &nbsp; &nbsp; &nbsp; &nbsp; &nbsp; &nbsp; &nbsp; &nbsp; &nbsp; &nbsp; &nbsp; &nbsp; &nbsp; &nbsp; &nbsp; &nbsp; &nbsp; &nbsp; &nbsp; &nbsp; &nbsp; &nbsp; &nbsp; &nbsp; &nbsp; &nbsp; &nbsp; &nbsp; &nbsp; &nbsp; &nbsp;<br><strong>Animaci&oacute;n: </strong>Bernardo Restrepo<br>&nbsp; &nbsp; &nbsp; &nbsp; &nbsp; &nbsp; &nbsp; &nbsp; &nbsp; &nbsp; &nbsp; &nbsp; &nbsp; &nbsp; &nbsp; &nbsp; &nbsp; &nbsp; &nbsp; &nbsp; &nbsp; &nbsp; &nbsp; &nbsp; &nbsp; &nbsp; &nbsp; &nbsp; &nbsp; &nbsp; &nbsp; &nbsp; &nbsp; &nbsp; &nbsp; &nbsp; &nbsp; &nbsp; &nbsp; &nbsp; &nbsp; &nbsp; &nbsp; &nbsp; &nbsp; &nbsp; &nbsp; &nbsp; &nbsp; &nbsp; &nbsp; &nbsp; &nbsp; &nbsp; &nbsp; &nbsp; &nbsp;&nbsp;<br><strong>Sonido:</strong>&nbsp;Kevin Miranda<br>&nbsp; &nbsp; &nbsp; &nbsp; &nbsp; &nbsp; &nbsp; &nbsp; &nbsp; &nbsp; &nbsp; &nbsp; &nbsp; &nbsp; &nbsp; &nbsp; &nbsp; &nbsp; &nbsp; &nbsp; &nbsp; &nbsp; &nbsp; &nbsp; &nbsp; &nbsp; &nbsp; &nbsp; &nbsp; &nbsp; &nbsp; &nbsp; &nbsp; &nbsp; &nbsp; &nbsp; &nbsp; &nbsp; &nbsp; &nbsp; &nbsp; &nbsp; &nbsp; &nbsp; &nbsp; &nbsp; &nbsp; &nbsp; &nbsp; &nbsp; &nbsp; &nbsp; &nbsp; &nbsp; &nbsp; &nbsp; &nbsp; &nbsp; &nbsp; &nbsp; &nbsp;&nbsp;<br><strong>Narraci&oacute;n: </strong>Comunidad Ladrilleros</p>', '', '', '<p>&nbsp;Convocatoria Crea Digital de los Ministerios de Tecnolog&iacute;as de la Informaci&oacute;n y las Comunicaciones y de Cultura, 2016</p>', 24, 1, 1, '2023-08-10 11:36:23', '2023-08-10 11:36:23'),
(25, NULL, 2, 8, 'Saberes y quehaceres', 'Saberes y quehaceres es un documental interactivo sobre los saberes y quehaceres tradicionales que hace parte del patrimonio cultural inmaterial del oriente colombiano, de los cuales se destacan como oficios tradicionales de la región: la talla en piedra y el tejido de artesanías en fique.', 'http://www.anateresaarciniegas.com/saberes/', '<p><strong>Direcci&oacute;n: </strong>Ana Teresa Arciniegas</p>\n<p><strong>Realizaci&oacute;n: </strong>Cristian Vera y Sebasti&aacute;n C&aacute;rdenas<br>&nbsp; &nbsp; &nbsp; &nbsp; &nbsp; &nbsp; &nbsp; &nbsp; &nbsp; &nbsp; &nbsp; &nbsp; &nbsp; &nbsp; &nbsp; &nbsp; &nbsp; &nbsp; &nbsp; &nbsp; &nbsp; &nbsp; &nbsp; &nbsp; &nbsp; &nbsp; &nbsp; &nbsp; &nbsp; &nbsp; &nbsp; &nbsp; &nbsp; &nbsp; &nbsp; &nbsp; &nbsp; &nbsp; &nbsp; &nbsp; &nbsp; &nbsp; &nbsp; &nbsp; &nbsp;&nbsp;<br><strong>Fotograf&iacute;a: </strong>Sebasti&aacute;n C&aacute;rdenas y Jos&eacute; Miguel Franco<br>&nbsp; &nbsp; &nbsp; &nbsp; &nbsp; &nbsp; &nbsp; &nbsp; &nbsp; &nbsp; &nbsp; &nbsp; &nbsp; &nbsp; &nbsp; &nbsp; &nbsp; &nbsp; &nbsp; &nbsp; &nbsp; &nbsp; &nbsp; &nbsp; &nbsp; &nbsp; &nbsp; &nbsp; &nbsp; &nbsp; &nbsp; &nbsp; &nbsp; &nbsp; &nbsp; &nbsp; &nbsp; &nbsp; &nbsp; &nbsp;<br><strong>Sonido y M&uacute;sica: </strong>Cristian Vera<br>&nbsp; &nbsp; &nbsp; &nbsp; &nbsp; &nbsp; &nbsp; &nbsp; &nbsp; &nbsp; &nbsp; &nbsp; &nbsp; &nbsp; &nbsp; &nbsp; &nbsp; &nbsp; &nbsp; &nbsp; &nbsp; &nbsp; &nbsp; &nbsp; &nbsp; &nbsp; &nbsp; &nbsp; &nbsp; &nbsp; &nbsp; &nbsp; &nbsp; &nbsp; &nbsp; &nbsp; &nbsp; &nbsp; &nbsp; &nbsp; &nbsp; &nbsp; &nbsp; &nbsp; &nbsp; &nbsp; &nbsp; &nbsp; &nbsp; &nbsp; &nbsp; &nbsp; &nbsp; &nbsp; &nbsp; &nbsp; &nbsp; &nbsp; &nbsp; &nbsp; &nbsp;<br><strong>Drone: </strong>Alonso Angulo<br>&nbsp; &nbsp; &nbsp; &nbsp; &nbsp; &nbsp; &nbsp; &nbsp; &nbsp; &nbsp; &nbsp; &nbsp; &nbsp; &nbsp; &nbsp; &nbsp; &nbsp; &nbsp; &nbsp; &nbsp; &nbsp; &nbsp; &nbsp; &nbsp; &nbsp; &nbsp; &nbsp; &nbsp; &nbsp; &nbsp; &nbsp; &nbsp; &nbsp; &nbsp; &nbsp; &nbsp; &nbsp; &nbsp; &nbsp; &nbsp; &nbsp; &nbsp; &nbsp; &nbsp; &nbsp; &nbsp; &nbsp; &nbsp; &nbsp; &nbsp; &nbsp; &nbsp; &nbsp; &nbsp; &nbsp; &nbsp; &nbsp; &nbsp; &nbsp; &nbsp; &nbsp; &nbsp; &nbsp; &nbsp; &nbsp; &nbsp; &nbsp;<br><strong>Montaje: </strong>La Monta&ntilde;a Producciones, Camilo Guerrero, Cristian Vera y Sebasti&aacute;n C&aacute;rdenas<br>&nbsp; &nbsp; &nbsp; &nbsp; &nbsp; &nbsp; &nbsp; &nbsp;<br><strong>Montaje de Interfaz: </strong>Alejandra Rojas<br>&nbsp; &nbsp; &nbsp; &nbsp; &nbsp; &nbsp; &nbsp; &nbsp; &nbsp; &nbsp; &nbsp; &nbsp; &nbsp; &nbsp; &nbsp; &nbsp; &nbsp; &nbsp; &nbsp; &nbsp; &nbsp; &nbsp; &nbsp; &nbsp; &nbsp; &nbsp; &nbsp; &nbsp; &nbsp; &nbsp; &nbsp; &nbsp; &nbsp; &nbsp; &nbsp; &nbsp; &nbsp; &nbsp; &nbsp; &nbsp; &nbsp; &nbsp; &nbsp; &nbsp; &nbsp; &nbsp; &nbsp; &nbsp; &nbsp; &nbsp; &nbsp; &nbsp; &nbsp; &nbsp; &nbsp; &nbsp;<br><strong>Dise&ntilde;o Gr&aacute;fico: </strong>Mar&iacute;a Juliana Due&ntilde;as</p>', '', '', '<p>Universidad Aut&oacute;noma de Bucaramanga</p>', 25, 1, 1, '2023-08-10 11:38:37', '2023-08-10 11:38:37'),
(26, NULL, 2, 8, 'Sin Oficio', 'Sin Oficio es memoria para esquivar el olvido, una mirada a siete personajes que encarnan oficios que se están extinguiendo en Bucaramanga derivando en la desaparición de saberes y de las construcciones sociales tejidas alrededor de ellos a lo largo de los años. ', '', '<p><strong>Direcci&oacute;n:</strong>&nbsp;Laura C&aacute;rdenas Moreno<br>&nbsp; &nbsp; &nbsp; &nbsp; &nbsp; &nbsp; &nbsp; &nbsp; &nbsp; &nbsp; &nbsp; &nbsp; &nbsp; &nbsp; &nbsp; &nbsp; &nbsp; &nbsp; &nbsp; &nbsp; &nbsp; &nbsp; &nbsp; &nbsp; &nbsp; &nbsp; &nbsp; &nbsp; &nbsp; &nbsp; &nbsp; &nbsp; &nbsp; &nbsp; &nbsp; &nbsp; &nbsp; &nbsp; &nbsp; &nbsp; &nbsp; &nbsp; &nbsp; &nbsp; &nbsp; &nbsp; &nbsp; &nbsp; &nbsp; &nbsp; &nbsp; &nbsp; &nbsp; &nbsp; &nbsp;&nbsp;<br><strong>Producci&oacute;n: </strong>Mario Camargo<br>&nbsp; &nbsp; &nbsp; &nbsp; &nbsp; &nbsp; &nbsp; &nbsp; &nbsp; &nbsp; &nbsp; &nbsp; &nbsp; &nbsp; &nbsp; &nbsp; &nbsp; &nbsp; &nbsp; &nbsp; &nbsp; &nbsp; &nbsp; &nbsp; &nbsp; &nbsp; &nbsp; &nbsp; &nbsp; &nbsp; &nbsp; &nbsp; &nbsp; &nbsp; &nbsp; &nbsp; &nbsp; &nbsp; &nbsp; &nbsp; &nbsp; &nbsp; &nbsp; &nbsp; &nbsp; &nbsp; &nbsp; &nbsp; &nbsp; &nbsp; &nbsp; &nbsp; &nbsp; &nbsp; &nbsp; &nbsp; &nbsp; &nbsp; &nbsp; &nbsp; &nbsp; &nbsp; &nbsp; &nbsp; &nbsp; &nbsp;&nbsp;<br><strong>Direcci&oacute;n de fotograf&iacute;a: </strong>Alejandro Morantes<br>&nbsp; &nbsp; &nbsp; &nbsp; &nbsp; &nbsp; &nbsp; &nbsp; &nbsp; &nbsp; &nbsp; &nbsp; &nbsp; &nbsp; &nbsp; &nbsp; &nbsp; &nbsp; &nbsp; &nbsp; &nbsp; &nbsp; &nbsp; &nbsp; &nbsp; &nbsp; &nbsp; &nbsp; &nbsp; &nbsp; &nbsp; &nbsp; &nbsp; &nbsp; &nbsp; &nbsp; &nbsp; &nbsp; &nbsp; &nbsp; &nbsp; &nbsp; &nbsp; &nbsp; &nbsp; &nbsp; &nbsp; &nbsp; &nbsp; &nbsp;<br><strong>Edici&oacute;n y montaje: </strong>Samuel Moreno</p>\n<p><strong>Sonido:&nbsp;</strong>Diego Rosas<br>&nbsp; &nbsp; &nbsp; &nbsp; &nbsp; &nbsp; &nbsp; &nbsp; &nbsp; &nbsp; &nbsp; &nbsp; &nbsp; &nbsp; &nbsp; &nbsp; &nbsp; &nbsp; &nbsp; &nbsp; &nbsp; &nbsp; &nbsp; &nbsp; &nbsp; &nbsp; &nbsp; &nbsp; &nbsp; &nbsp; &nbsp; &nbsp; &nbsp; &nbsp; &nbsp; &nbsp; &nbsp; &nbsp; &nbsp; &nbsp; &nbsp;&nbsp;<br><strong>Dise&ntilde;o Plataforma Web: </strong>Alejandra Rojas&nbsp;</p>\n<p><strong>M&uacute;sica: </strong>Kevin Ariza</p>', '', '', '<p>Con apoyo de la universidad Aut&oacute;noma de Bucaramanga UNAB</p>', 26, 1, 1, '2023-08-10 11:40:33', '2023-08-10 11:40:33'),
(27, NULL, 2, 8, 'Desarmados', 'Desarmados, un proyecto de comunicación transmedia para intercambiar correspondencia entre los protagonistas del conflicto. A partir de historias narradas en video-cartas, los protagonistas generan un espacio de relatos en primera persona de los hechos ocurridos durante el conflicto para reconstruir la memoria histórica.', '', '<p><strong>Realizaci&oacute;n: </strong>Paola Morales Escobar, Fabio D&iacute;az Vergara y Juan Sebasti&aacute;n Zuluaga</p>', '<p>Nominado Kids\' Choice Award Colombia a la Website Favorita, 2017</p>', '', '<p>Convocatoria Crea Digital de los Ministerios de Tecnolog&iacute;as de la Informaci&oacute;n y las Comunicaciones y de Cultura, 2016</p>', 27, 1, 1, '2023-08-10 12:57:05', '2023-08-10 12:57:05'),
(28, NULL, 2, 8, 'Imagina la paz', 'Imagina la paz es un documental interactivo por el cual se vinculan los contenidos generados a partir de Laboratorios creativos lúdico-pedagógicos donde niños y las niñas crearon productos en radio, video y fotografía, basados en personajes colombianos que han sido olvidados o invisibilizados.  Esa “otra historia” que busca fortalecer una memoria colectiva diversa, incluyente, orgullosa de su condición afro, indígena y mestiza, que reivindica la libertad, el amor por la tierra, la libre expresión, el respeto por la naturaleza y el poder del arte como movilizadores sociales.', '', '<p><strong>Realizadores: </strong>Carolina Mej&iacute;a, Carolina Quimbayo, Diego Santamar&iacute;a, Edna Higuera, Paula L&oacute;pez, Emmanuel Molano, Laura Rodr&iacute;guez,&nbsp;<br>Alejandro Dur&aacute;n, Camila Torres, Juli&aacute;n Valencia, Angie Benavides, Sergio Barrag&aacute;n, Alejandra Z&aacute;rate, Andr&eacute;s Mora, Leonardo Norato, Oscar Pulido.</p>', '', '<p>*2017- Premio Kids\' Choice Award Colombia a la Website Favorita</p>', '<p>&nbsp;Convocatoria Crea Digital de los Ministerios de Tecnolog&iacute;as de la Informaci&oacute;n y las Comunicaciones y de Cultura, 2016</p>\n<p>&nbsp;Escuela de Medios para el Desarrollo de la Facultad de Ciencias de la Comunicaci&oacute;n y la Corporaci&oacute;n LUMEN 2000 Colombia</p>', 28, 1, 1, '2023-08-10 12:59:00', '2023-08-10 12:59:00'),
(29, NULL, 2, 8, 'Extracciones', 'Sara Montoya para su proyecto de tesis de universidad crea un documental interactivo en donde se encuentran partes de su diario, por medio de fragmentos, fotografías y videos se viaja con ella, a uno de los periodos más críticos de su vida.', 'http://cargocollective.com/extracciones/', '<p><strong>Direcci&oacute;n: </strong>Sara Montoya Sep&uacute;lveda<br>&nbsp; &nbsp; &nbsp; &nbsp; &nbsp; &nbsp; &nbsp; &nbsp; &nbsp; &nbsp; &nbsp; &nbsp; &nbsp; &nbsp; &nbsp; &nbsp; &nbsp; &nbsp; &nbsp; &nbsp; &nbsp; &nbsp; &nbsp; &nbsp; &nbsp; &nbsp; &nbsp; &nbsp; &nbsp; &nbsp; &nbsp; &nbsp; &nbsp; &nbsp; &nbsp; &nbsp; &nbsp; &nbsp; &nbsp; &nbsp; &nbsp; &nbsp; &nbsp; &nbsp; &nbsp; &nbsp; &nbsp; &nbsp; &nbsp; &nbsp;<br><strong>Dise&ntilde;o gr&aacute;fico: </strong>Sebasti&aacute;n Mart&iacute;nez y Renata Morales<br>&nbsp; &nbsp; &nbsp; &nbsp; &nbsp; &nbsp; &nbsp; &nbsp; &nbsp; &nbsp; &nbsp; &nbsp; &nbsp; &nbsp; &nbsp; &nbsp; &nbsp; &nbsp; &nbsp; &nbsp; &nbsp; &nbsp; &nbsp; &nbsp; &nbsp; &nbsp; &nbsp; &nbsp; &nbsp; &nbsp; &nbsp; &nbsp; &nbsp;<br><strong>Edici&oacute;n video: </strong>Jahiber Mu&ntilde;oz<br>&nbsp; &nbsp; &nbsp; &nbsp; &nbsp; &nbsp; &nbsp; &nbsp; &nbsp; &nbsp; &nbsp; &nbsp; &nbsp; &nbsp; &nbsp; &nbsp; &nbsp; &nbsp; &nbsp; &nbsp; &nbsp; &nbsp; &nbsp; &nbsp; &nbsp; &nbsp; &nbsp; &nbsp; &nbsp; &nbsp; &nbsp; &nbsp; &nbsp; &nbsp; &nbsp; &nbsp; &nbsp; &nbsp; &nbsp; &nbsp; &nbsp; &nbsp; &nbsp; &nbsp; &nbsp; &nbsp; &nbsp; &nbsp; &nbsp; &nbsp; &nbsp;&nbsp;<br><strong>Realizaci&oacute;n audiovisual: </strong>Iv&aacute;n Wild, Santiago Estrada, Juan Camilo Olmos, Carlos Correa y Sara Montoya</p>', '', '', '<p>Proyecto de Grado, Universidad del Valle, en Cali, Colombia</p>', 29, 1, 1, '2023-08-10 13:01:11', '2023-08-10 13:01:11'),
(30, NULL, 2, 7, 'Benkoz', 'Benkoz es un proyecto transmedia desarrollado al rededor de una novela gráfica que busca ofrecer una punto de vista diferente de la cultura negra, mulata y mestiza del país. El personaje principal de este universo transmedia es Benkoz, un personaje inspirado de una personaje historico de San Basilio de Palenque recurrente en los anécdotas históricas de las comunidades afro del Pacifico colombiano como uno de los primeros nativos resistentes contra las fuerzas españolas en la época de la conquista.', '', '<p><strong>Direcci&oacute;n: </strong>Jean Paul Zapata<br>&nbsp; &nbsp; &nbsp; &nbsp; &nbsp; &nbsp; &nbsp; &nbsp; &nbsp; &nbsp; &nbsp; &nbsp; &nbsp; &nbsp; &nbsp; &nbsp; &nbsp; &nbsp; &nbsp; &nbsp; &nbsp; &nbsp; &nbsp; &nbsp; &nbsp; &nbsp; &nbsp; &nbsp; &nbsp; &nbsp; &nbsp; &nbsp; &nbsp; &nbsp; &nbsp; &nbsp; &nbsp; &nbsp; &nbsp; &nbsp; &nbsp; &nbsp; &nbsp; &nbsp; &nbsp; &nbsp; &nbsp; &nbsp; &nbsp; &nbsp; &nbsp; &nbsp; &nbsp; &nbsp; &nbsp; &nbsp; &nbsp; &nbsp; &nbsp;<br><strong>M&uacute;sica:</strong>&nbsp;Juan Chongo Cuello</p>', '', '', '<p>*Convocatoria Crea Digital de los Ministerios de Tecnolog&iacute;as de la Informaci&oacute;n y las Comunicaciones y de Cultura, 2015</p>\n<p>*Beca de creaci&oacute;n IDARTES</p>', 30, 1, 1, '2023-08-10 13:02:37', '2023-08-10 13:02:37'),
(31, NULL, 2, 7, 'Aguablanca: Pacífico Urbano ', 'Aguablanca: Pacífico Urbano es un proyecto transmedia documental que busca valorizar la realidad y la memoria de las comunidades afropacíficas del Distrito de Aguablanca. El proyecto cuenta una plataforma interactiva que permite al ‘prosumidor’ compartir contenidos sonoros, audiovisuales y fotográficos.', 'https://aguablancapacificourbano.wordpress.com/', '<p><strong>Realizaci&oacute;n: </strong>Stephanie L&oacute;pez, Jahiber Andr&eacute;s Mu&ntilde;oz, John Rojas, Karen Bravo, Valentina Cort&eacute;s, Daniela Anaconas, Oscar Narv&aacute;ez, Victor Palacios,&nbsp;<br>Jeniffer Quintero, Nathaly Espitia, Sof&iacute;a Giraldo, Leonardo Linares, C&eacute;sar Osorio, Diana Gir&oacute;n, James Gutierrez y William Torres</p>', '', '', '<p>&nbsp;Convocatoria Crea Digital de los Ministerios de Tecnolog&iacute;as de la Informaci&oacute;n y las Comunicaciones y de Cultura, 2015&nbsp;</p>', 31, 1, 1, '2023-08-10 13:05:43', '2023-08-10 13:05:43'),
(32, NULL, 2, 7, 'Destinos', '¿A dónde va el tiempo que se pierde? ¿Se hace o se sigue el destino? Cinco historias se entrelazan en la búsqueda de los sueños, la nostalgia del pasado y la vida que pasa frente a nuestros ojos.   Un boxeador quiere algo más que un triunfo. Un ex presidiario necesita retomar el rumbo tras 30 años. Un barrendero que tiene un único sueño. Un ayudante de construcción dedicado a otros. Una mujer que renuncia a la música por culpa del dolor.   Estas cinco personas se darán cuenta que a veces, mirar al futuro es la única forma de recuperar el pasado.', '', '<p><strong>Direcci&oacute;n y gui&oacute;n: </strong>Alexander Giraldo&nbsp;<br>&nbsp; &nbsp; &nbsp; &nbsp; &nbsp; &nbsp; &nbsp; &nbsp; &nbsp; &nbsp; &nbsp; &nbsp; &nbsp; &nbsp; &nbsp; &nbsp; &nbsp; &nbsp; &nbsp; &nbsp; &nbsp; &nbsp; &nbsp; &nbsp; &nbsp; &nbsp; &nbsp; &nbsp; &nbsp; &nbsp; &nbsp; &nbsp; &nbsp; &nbsp; &nbsp;&nbsp;<br><strong>Producci&oacute;n: </strong>Cine de Amigos, Camilo Fonseca y Ana Sof&iacute;a Osorio<br>&nbsp; &nbsp; &nbsp; &nbsp; &nbsp; &nbsp; &nbsp; &nbsp; &nbsp; &nbsp; &nbsp; &nbsp; &nbsp; &nbsp; &nbsp;&nbsp;<br><strong>Direcci&oacute;n de Fotograf&iacute;a: </strong>Eduardo Ram&iacute;rez<br>&nbsp; &nbsp; &nbsp; &nbsp; &nbsp; &nbsp; &nbsp; &nbsp; &nbsp; &nbsp; &nbsp; &nbsp; &nbsp; &nbsp; &nbsp; &nbsp; &nbsp; &nbsp; &nbsp; &nbsp; &nbsp; &nbsp; &nbsp; &nbsp; &nbsp; &nbsp; &nbsp; &nbsp; &nbsp; &nbsp; &nbsp; &nbsp; &nbsp;<br><strong>Direcci&oacute;n de arte: </strong>Carolina Iregui&nbsp;<br>&nbsp; &nbsp; &nbsp; &nbsp; &nbsp; &nbsp; &nbsp; &nbsp; &nbsp; &nbsp; &nbsp; &nbsp; &nbsp; &nbsp; &nbsp; &nbsp; &nbsp; &nbsp; &nbsp; &nbsp; &nbsp; &nbsp; &nbsp; &nbsp; &nbsp; &nbsp; &nbsp; &nbsp; &nbsp; &nbsp; &nbsp; &nbsp; &nbsp; &nbsp; &nbsp; &nbsp; &nbsp; &nbsp; &nbsp; &nbsp; &nbsp; &nbsp; &nbsp; &nbsp; &nbsp; &nbsp;<br><strong>Sonido directo: </strong>Yesid V&aacute;squez<br>&nbsp; &nbsp; &nbsp; &nbsp; &nbsp; &nbsp; &nbsp; &nbsp; &nbsp; &nbsp; &nbsp; &nbsp; &nbsp; &nbsp; &nbsp; &nbsp; &nbsp; &nbsp; &nbsp; &nbsp; &nbsp; &nbsp; &nbsp; &nbsp; &nbsp; &nbsp; &nbsp; &nbsp; &nbsp; &nbsp; &nbsp; &nbsp; &nbsp; &nbsp; &nbsp; &nbsp; &nbsp; &nbsp; &nbsp; &nbsp; &nbsp; &nbsp; &nbsp; &nbsp; &nbsp; &nbsp;<br><strong>M&uacute;sica: </strong>Alejandro Ram&iacute;rez&nbsp;<br>&nbsp; &nbsp; &nbsp; &nbsp; &nbsp; &nbsp; &nbsp; &nbsp; &nbsp; &nbsp; &nbsp; &nbsp; &nbsp; &nbsp; &nbsp; &nbsp; &nbsp; &nbsp; &nbsp; &nbsp; &nbsp; &nbsp; &nbsp; &nbsp; &nbsp; &nbsp; &nbsp; &nbsp; &nbsp; &nbsp; &nbsp; &nbsp; &nbsp; &nbsp; &nbsp; &nbsp; &nbsp; &nbsp; &nbsp; &nbsp; &nbsp; &nbsp; &nbsp; &nbsp; &nbsp; &nbsp; &nbsp; &nbsp; &nbsp;<br><strong>Montaje: </strong>Andr&eacute;s Porras</p>', '', '<p>*2016- Premio del p&uacute;blico del FICCU, Colombia<br>&nbsp; &nbsp; &nbsp; &nbsp; &nbsp; &nbsp; &nbsp; &nbsp; &nbsp; &nbsp; &nbsp; &nbsp; &nbsp; &nbsp; &nbsp;<br>&nbsp;*2016- Premio Mejor pel&iacute;cula colombiana del FICS, Colombia</p>', '<p>Est&iacute;mulos Cali 2016</p>\n<p>*Campa&ntilde;a Crowdfounding</p>', 32, 1, 1, '2023-08-10 13:07:48', '2023-08-10 13:07:48'),
(33, NULL, 2, 6, 'Colombian Loops ', 'Colombian Loops, es el primer banco de sonidos profesional colombianos en el mundo, cuenta con una tienda virtual donde puede comprar loops, instrumentos virtuales y tracks de ritmos de Cumbia, Vallenato, Banda de Vientos (porro) y sonidos de las islas. ', 'https://www.colombianloops.com/', '<p><strong>Directora de la plataforma: </strong>Johanna Pinz&oacute;n<br>&nbsp; &nbsp; &nbsp; &nbsp; &nbsp; &nbsp; &nbsp; &nbsp; &nbsp; &nbsp; &nbsp; &nbsp; &nbsp; &nbsp; &nbsp; &nbsp; &nbsp; &nbsp; &nbsp; &nbsp; &nbsp; &nbsp; &nbsp; &nbsp; &nbsp; &nbsp; &nbsp; &nbsp; &nbsp; &nbsp; &nbsp; &nbsp; &nbsp; &nbsp;&nbsp;<br><strong>Producci&oacute;n musical: </strong>Ernesto Santos<br>&nbsp; &nbsp; &nbsp; &nbsp; &nbsp; &nbsp; &nbsp; &nbsp; &nbsp; &nbsp; &nbsp; &nbsp; &nbsp; &nbsp;<br><strong>Investigadora musical: </strong>Doris &Aacute;rbelaez&nbsp;<br>&nbsp; &nbsp; &nbsp; &nbsp; &nbsp; &nbsp; &nbsp; &nbsp; &nbsp; &nbsp; &nbsp; &nbsp; &nbsp; &nbsp; &nbsp; &nbsp; &nbsp; &nbsp; &nbsp; &nbsp; &nbsp; &nbsp; &nbsp; &nbsp; &nbsp; &nbsp; &nbsp; &nbsp; &nbsp; &nbsp; &nbsp; &nbsp;<br><strong>Ingeniero de sonido y mezcla: </strong>Harvey Mar&iacute;n&nbsp;</p>\n<p><strong>Abogado de propieda intelectual: </strong>Felipe Cardenas</p>', '', '<p>*2013- Premio Crea Digital, por el ministerio de las Tecnolog&iacute;as de Colombia y ministro cultural. &nbsp;<br>&nbsp; &nbsp; &nbsp; &nbsp; &nbsp; &nbsp; &nbsp; &nbsp; &nbsp; &nbsp; &nbsp; &nbsp; &nbsp; &nbsp;<br>*2014- Premio categor&iacute;a productos de alta innovaci&oacute;n.&nbsp;</p>', '<p>Con apoyo de Poliedro</p>', 33, 1, 1, '2023-08-10 13:10:08', '2023-08-10 13:10:08'),
(34, NULL, 2, 4, 'Atarraya:  Escuela itinerante ', 'Escuela que busca fomentar el desarrollo cinematográfico y poblacional colombiano mediante procesos de formación audiovisual para jóvenes talentos que carecen de dichas oportunidades.', '', '<p><strong>Fundador, Director y productor:</strong>&nbsp;Jhonny Hendrix Hinestroza.</p>', '', '', '<p>2013 - Proyecto ganador de la convocatoria Crea Digital.</p>\n<p>2014 - del Ministerio de las TIC, con el proyecto del E‐Book interactivo &ldquo;Encuentro de Almas&rdquo;.</p>\n<p>Productora: Antorcha Films</p>', 34, 1, 1, '2023-08-10 13:12:44', '2023-08-10 13:12:44'),
(35, NULL, 2, 9, 'Dulce y Salada', 'Dulce y Salada es un proyecto multiplaforma que plantea una metáfora entre los estados del agua con los estados de la memoria humana en el departamento del Magdalena, Nueva Valencia. ', 'http://dulceysalada.com/', '<p><strong>Director y fot&oacute;grafo: </strong>Jorge Panchoaga</p>\n<p><strong>Producci&oacute;n General:&nbsp;</strong>Sabrina Rodrigu&eacute;z, Santiago Murillo</p>\n<p><strong>Asistente de direcci&oacute;n: </strong>Pablo Ernesto Tobar Panchoaga</p>\n<p><strong>Convergencia de plataformas: </strong>Elder Manuel Tobar Panchoaga</p>\n<p><strong>Investigaci&oacute;n de campo: </strong>Jorge Panchoaga</p>\n<p><strong>Investigaci&oacute;n documental: </strong>Pablo Ernesto Tobar Panchoaga,&nbsp;Jorge Panchoaga</p>', '', '<p>*2017- Premiado con el Poy LATAM.&nbsp;</p>\n<p>*2017- Ganador del segundo premio del POYLatam categor&iacute;a Nuestra Mirada.</p>\n<p>*Ganador del Premio Iberoamericano de Fotograf&iacute;a NEXOFOTO.&nbsp;</p>\n<p>*Espa&ntilde;a; el IX Premio Nacional Colombo Suizo de Fotograf&iacute;a del Ministerio de Cultura, del Sexto Sal&oacute;n De Arte Joven del Club el Nogal.&nbsp;</p>\n<p>*El III Premio Nacional de Fotograf&iacute;a del Patrimonio Cultural de la Naci&oacute;n.&nbsp;</p>', '<p>*Emerging Talent Award 2016 de Lens Culture.</p>\n<p>*Ganador de la beca SMArt Sustainable Mountain de creaci&oacute;n fotogr&aacute;fica en Suiza.</p>\n<p>*Transmedia del Ministerio de las Tecnologias y las Comunicaciones de Colombia.&nbsp;</p>\n<p>*Ganador beca de emprendimiento art&iacute;stico de tipo colaborativo.&nbsp;</p>\n<p>*Programa distrital de est&iacute;mulos.</p>\n<p>*Beca de coproducci&oacute;n de proyectos cross y transmedia del MINTIC.</p>\n<p>*Campa&ntilde;a Crowfounding</p>', 35, 1, 1, '2023-08-10 13:15:56', '2023-08-10 13:15:56'),
(36, NULL, 2, 1, 'Memorias de la libertad', 'Memorias de la Libertad es un proyecto transdisciplinario que busca generar espacios colectivos de indagación, reflexión y acción alrededor de las memorias locales en diversos contextos culturales. La memoria se aborda, no solamente como el lugar en donde se asientan saberes e identidades, sino además, como un espacio político estratégico de construcción del pasado y, por consiguiente, de reclamación o formulación del presente.', '', '', '', '', '<p>Apoyado por la &nbsp;Direcci&oacute;n de Patrimonio y el ministerio de Cultura</p>', 36, 1, 1, '2023-08-10 13:16:47', '2023-08-10 13:16:47'),
(37, NULL, 2, 9, 'Anahí, la guerra del corazón, de la serie lauzul', 'Anahí, es un proyecto transmedia que empieza con el prototipo de un comic digital en un app, luego pasará a una webserie donde se relata la precuela del\ncómic, es decir el mundo de Melissa y cómo afrenta inteligentemente el bullying.\nLuego en una tercera pantalla se realizará un largometraje, dónde los dos mundos se encunetran y Melissa/Anahí tendrá que ver que tan preparada llegó de su aprendizaje en el mundo\nMarokee.', '', '<p><strong>Coproducci&oacute;n: </strong>Animatropo S.A.S</p>', '', '', '<p>Creadigital 2018 en la categor&iacute;a transmedia</p>\n<p>Animatropo S.A.S</p>', 37, 1, 1, '2023-08-10 13:19:08', '2023-08-10 13:19:08'),
(38, NULL, 2, 8, 'Pasos de Libertad', 'Este proyecto tiene como objetivo proponer un Contenido Educativo Digital (CED) implementado a través de narrativas transmediales que permita acercar a las nuevas generaciones a temáticas específicas de carácter cultural como “La Ruta Libertadora en Boyacá”, y permitirle a los jóvenes comprender y revivir la gesta libertadora que los hizo libres.', 'https://pasosdelibertad.co/', '<p><strong>Creadores y Autores:&nbsp;</strong>Diana Cuervo y Fernanda Lisseth Pach&oacute;n, bajo la tutor&iacute;a de la D.G. Marcela Arango.</p>\n<p><strong>Coproducci&oacute;n: </strong>Universidad de Boyac&aacute;, la coordinaci&oacute;n del grupo de investigaci&oacute;n XISQUA.</p>', '', '', '<p>*2018 - Seleccionado como ganador de la convocatoria Crea Digital del Ministerio Tic y el Ministerio de Cultura de Colombia.</p>\n<p>*Coproducci&oacute;n: Universidad de Boyac&aacute;, la coordinaci&oacute;n del grupo de investigaci&oacute;n XISQUA.</p>', 38, 1, 1, '2023-08-10 13:20:36', '2023-08-10 13:20:36'),
(39, NULL, 2, 9, 'Viaje al centro de la laguna', '', '', '<p><strong>Coproducci&oacute;n: </strong>El viento lab S.A.S</p>', '', '', '', 39, 1, 1, '2023-08-10 13:21:36', '2023-08-10 13:21:36'),
(40, NULL, 2, 9, 'Champeta en mano', '', '', '<p><strong>Coproducci&oacute;n: </strong>Hydra Films</p>', '', '', '<p>Este proyecto recibi&oacute; la beca CREA DIGITAL 2018 de Mintic y MinCultura (Colombia) en la categor&iacute;a Transmedia - Crossmedia.</p>', 40, 1, 1, '2023-08-10 13:22:44', '2023-08-10 13:22:44'),
(41, NULL, 2, 8, 'La Piragua: Descubriendo el magdalena ', '“La Piragua” es un proyecto transmedia educativo que busca reconstruir el mapa emocional del Magdalena; un viaje a través de la memorias de los habitantes para sacar del olvido pequeñas grandes historias no nombradas en libros o medios de comunicación; que sirven para superar la amnesia presente.', 'https://lapiragua.com.co/', '<p><strong>Autores: </strong>Estudiantes de la Universidad de Magdalena<br><strong>&nbsp;</strong><br><strong>Coproducci&oacute;n: </strong>Universidad de Magdalena ( grupos de investigaci&oacute;n GICA. y ORALOTECA (Grupo de investigaci&oacute;n sobre oralidades, narrativas audiovisuales y cultura popular del caribe colombiano)</p>', '', '', '<p>**2018 - el premio CREA DIGITAL.</p>\n<p>Coproducci&oacute;n: Universidad de Magdalena ( grupos de investigaci&oacute;n GICA. y ORALOTECA (Grupo de investigaci&oacute;n sobre oralidades, narrativas audiovisuales y cultura popular del caribe colombiano)</p>', 41, 1, 1, '2023-08-10 13:24:15', '2023-08-10 13:24:15'),
(42, NULL, 2, NULL, 'Spirit Of Gospel', 'Spirit of Gospel muestra la estrecha relación que existe entre la música y la fe para el pueblo Raizal de San Andrés, Providencia y Santa Catalina. Los coros de música góspel tienen lugar principalmente en las iglesias de religiones protestantes. Esta manifestación cultural llegó por el caribe y fue adoptada por los raizales en el siglo XIX, pasando de generación en generación gracias a la marcada religiosidad de los nativos de las islas.', '', '', '', '', '', 42, 1, 1, '2023-08-10 13:27:29', '2023-08-10 13:27:29'),
(43, NULL, 2, 9, 'Flow importado, ritmo pegado', '“Flow importado, ritmo pegado” es un proyecto que contiene un universo narrativo extendido en diferentes plataformas y que narra la historia del reggaetón en Medellín y la influencia que ha tenido en el crecimiento de la industria musical y del entretenimiento local, al punto de hoy referirse a la ciudad como la Capital Mundial del Reggaetón.', 'https://telemedellin.tv/programas/flow-importado/contenido-extra/', '<p><strong>Productora: </strong>TeleMedell&iacute;n</p>', '', '', '<p>Producciones gracias al fondo FonTV2017 de la Autoridad Nacional de la Televisi&oacute;n en Colombia. Categoria 1.</p>', 43, 1, 1, '2023-08-10 13:28:47', '2023-08-10 13:28:47'),
(44, NULL, 2, 4, '¡Ñami y Telembi Viven!', 'Es un proyecto itinerante en conmemoración y armonización de los hermanos caídos en el conflicto armado, recordando la masacre del 4 de febrero del 2009, como parte esencial del reconocimiento como víctimas.', 'https://www.youtube.com/watch?v=sNbGqIvW738&t=20s', '<p><strong>Directoras: </strong>Lady V&aacute;squez y July Jojoa</p>\n<p><strong>Productora: </strong>AW&Aacute; TORTUGA&Ntilde;A</p>', '<p>Selecci&oacute;n Alternativa Sociedad Consciente - FICPA</p>', '', '<p>&nbsp;Producciones gracias al fondo FonTV2017 de la Autoridad Nacional de la Televisi&oacute;n en Colombia. Categoria 1.</p>', 44, 1, 1, '2023-08-10 13:30:17', '2023-08-10 13:30:17'),
(45, NULL, 2, 8, 'Aires de mis ancestros ', 'Dominguillo es uno de los epicentros del patrimonio musical del norte del Cauca. De allí son los Lasso Caracas, una familia de músicos que desde hace más de 20 años con su ancestral conjunto de violines, alegran las principales festividades. Anclados a sus raíces, Walter Lasso y su esposa Ana Lucía Caracas, junto a sus hijos y nietos, se han propuesto recuperar las composiciones que entonaban sus ancestros y revelar porque los conjuntos de violines son una de las joyas de las principales fiestas del suroccidente colombiano.', '', '<p><strong>Productora: </strong>Fundaci&oacute;n Aforcolombiana tambor y ca&ntilde;a.</p>', '', '', '<p>&nbsp;Producciones gracias al fondo FonTV2017 - II Semestre de la Autoridad Nacional de la Televisi&oacute;n en Colombia. Categoria 2.</p>', 45, 1, 1, '2023-08-10 13:34:33', '2023-08-10 13:34:33'),
(46, NULL, 2, 8, 'Alma y Sonido uno serán ', 'Desde el testimonio de vida y flauta del músico y lutier CENEN OMEN, descubriremos la estrecha relación entre la música de chirimía caucana y las celebraciones religiosas conocidas como Alumbranzas, en el resguardo Yanakona de Caquiona, Almaguer. Cauca.', 'https://www.youtube.com/watch?v=rhSU8h86_K4&t=52s (Documental)  -  https://soundcloud.com/alma-y-sonido/sets/alma-y-sonido-uno-seran (Álbum)', '<p><strong>Gui&oacute;n: </strong>&Aacute;lex Andr&eacute;s L&oacute;pez Guevara.</p>\n<p><strong>M&uacute;sica: </strong>Cenen Omen.&nbsp;</p>\n<p><strong>Direcci&oacute;n De Fotograf&iacute;a: </strong>Juan Ignacio Mu&ntilde;oz</p>\n<p><strong>Asistente De Fotograf&iacute;a: </strong>Jos&eacute; Juli&aacute;n Quintero M.&nbsp;</p>\n<p><strong>Microfonista: </strong>Horacio Carabal&iacute;.</p>\n<p><strong>Detr&aacute;s de C&aacute;mara y Fotofija: </strong>Andr&eacute;s Felipe Dorado.</p>\n<p><strong>Edici&oacute;n: </strong>Terry Valencia.&nbsp;</p>\n<p><strong>Post de Audio: </strong>Julian L&oacute;pez Lame.<br>&nbsp;<br><strong>Dise&ntilde;o Gr&aacute;fico: </strong>Oscar Ch&aacute;varro Vargas.&nbsp;</p>\n<p><strong>Protagonizado por: </strong>Cenen Omen.</p>', '', '', '<p>Producciones gracias al fondo FonTV2017 - II semestre de la Autoridad Nacional de la Televisi&oacute;n en Colombia. Categoria 2.</p>', 46, 1, 1, '2023-08-10 13:37:36', '2023-08-10 13:37:36'),
(47, NULL, 2, 9, 'Tugta, pinta de pensamiento ', 'Efrén Tarapues, indígena del pueblo de los Pastos, ha pintado durante toda su vida los mitos de origen de su comunidad. Sabina, su hija, con un grupo de niños se sientan a escucharlo al rededor de la tulpa. Entre recuerdos de su niñez y acontecimientos de su vida como líder indígena y pintor, se va narrando los orígenes míticos de los tres grandes territorios Pastos. Caminan entre paramos y montaña, aprenden del secreto de las plantas que enseñan a escuchar y pintar el territorio. Las generaciones actuales están en crisis con su herencia ancestral y este documental y está voz representan un legado para su pueblo y la humanidad.', 'https://youtube.com/watch?v=KM2aFmFadUg', '<p><strong>Organizaci&oacute;n: </strong>Shaqui&ntilde;an</p>\n<p><strong>Director: </strong>&nbsp;Fernando Guerrero&nbsp;</p>\n<p><strong>Producci&oacute;n: </strong>Lizeth Rodriguez</p>\n<p><strong>Apoyo: </strong>Asociaci&oacute;n de cabildos y/o autoridades ind&iacute;genas del nudo de los Pastos Shaqui&ntilde;an</p>', '', '', '<p>* Producciones gracias al fondo FonTV2017 - II semestre de la Autoridad Nacional de la Televisi&oacute;n en Colombia. Categoria 2.</p>', 47, 1, 1, '2023-08-10 13:39:00', '2023-08-24 21:07:56'),
(48, NULL, 2, 10, 'El viaje de Aluna', 'El Viaje de Aluna, es una serie que integra la fantasía, la ciencia ficción y la sostenibilidad alrededor de una historia en la que dos niños y su mascota provenientes del planeta Kyrox, llegan a la tierra para proteger la energía de su mundo.', '', '<p><strong>Organizaci&oacute;n:</strong>&nbsp;TOGETHER S.A.S.</p>', '', '', '<p>Con el Apoyo de la Autoridad Nacional de Televisi&oacute;n - ANTV, 2018, Grupo 3, categoria 1.</p>', 48, 1, 1, '2023-08-10 13:40:28', '2023-08-10 13:40:28'),
(49, NULL, 2, 9, 'Generación Tech', 'Un grupo de adolescentes narran las experiencias vividas en su escuela.', '', '<p><strong>Organizaci&oacute;n: </strong>FILMAWA Y ASUNTOS PUBLICITARIOS CREATIVOS</p>', '', '', '<p>Con el Apoyo de la Autoridad Nacional de Televisi&oacute;n - ANTV, 2018, Grupo 3, categoria 3.</p>', 49, 1, 1, '2023-08-10 13:41:28', '2023-08-10 13:41:28'),
(50, NULL, 2, 3, 'Travesia Urbana 1: Colores y Ritmos.', '', '', '<p><strong>Productora: </strong>Iguaque Lab</p>\n<p><strong>Representante legal: </strong>Andr&eacute;s Correa.</p>', '', '', '<p>Proyecto realizado gracias al apoyo del IDARTES, por medio de concurso de creaci&oacute;n, circulaci&oacute;n y apropiaci&oacute;n de contenidos audiovisuales a trav&eacute;s de las nuevas tecnolog&iacute;a y rede de informaci&oacute;n, 2012</p>\n<p>* Producido por: &nbsp;Iguaque Lab</p>', 50, 1, 1, '2023-08-10 13:42:33', '2023-08-10 13:42:33'),
(51, NULL, 2, 4, 'Nunca decir nunca ', 'Le pedí a Marcia Cabrera que hiciera el papel de una mujer de la cual no sabía mucho, excepto que compraría un café en una de las cafeterías de Lourdes y que insistiría en llevarlo al lugar al que se dirigía (también desconocido para mí) intacto, completo, entero, sin haber derramado una sola gota. Después de salir de la cafetería tendría que improvisar el recorrido y la acción de forma tal que derramara un poco del contenido o se deshiciera de él por completo, obligándola a volver a la misma cafetería para repetir la acción una y otra vez, hasta que los empleados de la cafetería dejaran de vendérselo.', '', '<p><strong>Acci&oacute;n: </strong>Marcia Cabrera.</p>\n<p><strong>C&aacute;maras: </strong>Facundo Hidalgo, Laura P&eacute;rez, Andr&eacute;s Mart&iacute;nez, Diego Corso, Ana Mar&iacute;a Montenegro.&nbsp;</p>\n<p><strong>Asistencia de c&aacute;mara: </strong>Danilo Volpato, Santiago Gamba, Mariana Murcia.</p>\n<p><strong>Montaje: </strong>Facundo Hidalgo, Ana Mar&iacute;a Montenegro.&nbsp;</p>\n<p><strong>Web: </strong>Jorge Parada.&nbsp;</p>', '', '', '<p>Proyecto realizado gracias al apoyo del IDARTES, por medio de la Beca de creaci&oacute;n y circulaci&oacute;n de contenidos audiovisuales a trav&eacute;s de las nuevas tecnolog&iacute;as y redes de la informaci&oacute;n, 2013.</p>', 51, 1, 1, '2023-08-10 13:48:33', '2023-08-10 13:48:33'),
(52, NULL, 2, 5, 'En Búsqueda Bogotá', 'En Búsqueda Bogotá es un proyecto transmedia interactivos que toma las calles de la ciudad para contar la historia de una multinacional de bioseguridad colombiano llamada Vítreo, una gran empresa que se esconde tras su fachada, la banda de cibercrimen más grande del país que Raúl es obligada a traicionar, dejando a su amigo Alex en grandes problemas. En Búsqueda es una comunidad activista que promueve tecnologías abiertas y el desarrollo tecnológico sostenible; para ellos, los métodos utilizados por estas empresas y el control social tienen como objetivo no se puede permitir.\n\nLa interacción se da de una web móvil que inicialmente contiene un E-Book que guiará a los participantes en un recorrido por la ciudad para encontrar diferentes pistas y continuar el desarrollo de la historia. La ciudad se convierte en el escenario perfecto para un universo futurista cyberpunk que dentro de sus muros tiene un mundo de alta tecnología que sólo unos pocos pueden alcanzar.', 'https://enbusquedabogota.wordpress.com/', '<p><strong>Productora: </strong>Mutante.Lab</p>\n<p><strong>Direcci&oacute;n General: </strong>Natalia Rivera</p>\n<p><strong>Producci&oacute;n General: </strong>Margarita Gonz&aacute;lez - Natalia Rivera</p>\n<p><strong>Producci&oacute;n Audiovisual: </strong>Juan Diego Rivera - Margarita Gonz&aacute;lez</p>\n<p><strong>Direcci&oacute;n Audiovisual: </strong>Natalia Rivera - Pedro Mendoza</p>\n<p><strong>Directora de Arte: </strong>Carol Pe&ntilde;a</p>\n<p><strong>Ilustrador:</strong>&nbsp;Diego Zhaken&nbsp;<br>&nbsp;<br><strong>Escritor: </strong>Nelson Gasca&nbsp;</p>\n<p><strong>Motion Graphichs: </strong>Christian L&oacute;pez&nbsp;</p>\n<p><strong>Dise&ntilde;o Sonoro:</strong>&nbsp;Juan Felipe Fernandez&nbsp;</p>\n<p><strong>Proyecto apoyado por: </strong>Punto.Lab&nbsp;</p>', '', '', '<p>Proyecto realizado gracias al apoyo del IDARTES, por medio de la Beca Cinemateca de Creaci&oacute;n de Narrativas Audiovisuales Transmedia, 2014</p>', 52, 1, 1, '2023-08-10 13:51:30', '2023-08-10 13:51:30'),
(53, NULL, 2, 6, 'Red Pandora', 'Ya ha pasado una semana desde que Laura desapareció. Mensajes de apoyo en Facebook inundan su muro sin respuestas. De repente, un video extraño posteado desde su perfil revive las hipótesis sobre su paradero. Su novio y sus amigos buscan pistas para determinar si una página anónima que Laura había visitado, es la causa de su desaparición.', 'https://www.facebook.com/ProyectoRedPandora/', '<p><strong>Productora: </strong>Cinegrafic.</p>\n<p><strong>Director: </strong>Fabian Bonilla.</p>\n<p><strong>Productor General: </strong>Felipe Villamil.</p>\n<p><strong>Director de Contenidos: </strong>Camilo Galvis</p>\n<p><strong>Dir Estrategia Digital: </strong>Frank Garc&iacute;a.</p>', '', '', '<p>Proyecto realizado gracias al apoyo del IDARTES, por medio de la Beca Cinemateca de Creaci&oacute;n de v&iacute;deo y tecnolog&iacute;as aplicadas, 2015</p>', 53, 1, 1, '2023-08-10 13:57:01', '2023-08-10 13:57:01'),
(54, NULL, 2, 7, 'Atrapado en el pasado \"19.48\"', 'Un videojuego basado en los hechos que sucedieron en el \"Bogotazo\"', '', '<p><strong>Productora: </strong>Wekantu Studios.</p>\n<p><strong>Fundador y Director: </strong>Sergio Nova</p>', '', '', '<p>Proyecto realizado gracias al apoyo del IDARTES, por medio de la Beca Cinemateca de Creaci&oacute;n audiovisual con nuevos medios, 2016.</p>', 54, 1, 1, '2023-08-10 13:58:27', '2023-08-10 13:58:27'),
(55, NULL, 2, 8, 'Crónica de una ciudad que fue', 'Una experiencia en realidad virtual por varias de las calles más emblemáticas del centro de Bogotá, contada a través de siete historias de uno de los pioneros de la crónica roja en Colombia, José Joaquín Jiménez “Ximénez”. Un viaje por una ciudad que fue y que ya nunca volverá a ser.', 'https://ximenez.gusano.org/es/', '<p><strong>Director: </strong>Jorge Caballero.</p>\n<p><strong>Dise&ntilde;o y Programaci&oacute;n: </strong>Taller Estampa.</p>\n<p><strong>Producci&oacute;n Ejecutiva:</strong>&nbsp;Rosa Mercedes Ramos.</p>\n<p><strong>Dise&ntilde;o de Experiencia: </strong>Jorge Caballero y Anna Giralt.</p>\n<p><strong>Investigaci&oacute;n: </strong>Adriana Bernal y Rosa M. Ramos</p>', '', '', '<p>*Programa Distrital de Est&iacute;mulos 2017 Cinemateca Distrital &ndash; Gerencia de Artes Audiovisuales.</p>\n<p>*Proyecto realizado gracias al apoyo del IDARTES, por medio de la Beca de Creaci&oacute;n audiovisual con nuevos medios, 2017.</p>', 55, 1, 1, '2023-08-10 14:00:24', '2023-08-10 14:00:24'),
(56, NULL, 2, 8, 'Las extraordinarias e inverosímiles aventuras de Biófilo Panclasta', 'Un Docu-Ficción interactivo e itinerante que narra las aventuras del revolucionario colombiano Vicente Rojas Lizcano, un romántico de inicios del siglo XX, quién bajo el seudonimo \"Biófilo Panclasta\" (Amante de la Vida, Destructor de Todo) se embarca en un viaje alrededor del mundo para llevar el anarquismo a todos los rincones de la tierra y confrontar a los poderosos.\nSus aventuras, encontradas en sus crónicas, son presentadas a través de pre cinematográficos y expandidas digitalmente usando una aplicación móvil con Realidad Aumentada y tecnologías del Internet de las Cosas. La experiencia toma forma de una feria viajera que se apropia de espacios cotidianos, invitando a las personas a recolectar los contenidos expandidos y conocer la historia detrás de este libertario colombiano.  ', '', '<p><strong>Direcci&oacute;n General: </strong>Juan Diego Rivera</p>\n<p><strong>Direcci&oacute;n Art&iacute;stica e Interactivos: </strong>Natalia Rivera</p>\n<p><strong>Direcci&oacute;n Teatral: </strong>Iv&aacute;n Dar&iacute;o &Aacute;lvarez</p>\n<p><strong>Co-producido por: </strong>Zero en Conducta - Mutante.Lab</p>', '', '', '<p>* Proyecto realizado gracias al apoyo del IDARTES, por medio de la Beca de Creaci&oacute;n audiovisual con nuevos medios, 2016.</p>\n<p>* Beca Cinemateca de Creaci&oacute;n Audiovisual con Nuevos Medios. 2018</p>', 56, 1, 1, '2023-08-10 14:03:17', '2023-08-10 14:03:17');
INSERT INTO `projects` (`id`, `user_id`, `gender_id`, `year_id`, `name`, `description`, `url`, `team`, `nominations`, `awards`, `funding`, `order`, `is_public`, `is_featured`, `created_at`, `updated_at`) VALUES
(57, NULL, 2, 9, '#Yosoydiverso', '#Yosoydiverso es una estrategia de comunicación transmedia, la cual surge a partir de un proceso de investigación de la maestría en Transmedia, en el que intervinieron actores sociales de la comunidad académica de las artes y el diseño en la ciudad de Bucaramanga-Colombia. \n​\nLa estrategia busca visibilizar el pluralismo cultural que se encuentra en estas personas, a partir de situaciones de discriminación identificadas en el proceso de investigación, como resultado, los participantes asumieron el rol de prosumidores (consumidores-productores) en el entorno transmedia y mediante sus aportes contribuyeron al diseño de los contenidos que hacen parte de toda la estrategia. ', 'https://yosoydiverso.wixsite.com/yosoydiverso', '<p><strong>Dise&ntilde;ador Transmedia: </strong>Norberto Diaz</p>\n<p><strong>Equipo t&eacute;cnico: </strong>Laura Murc&iacute;a, Giovanny Castillo, Maria Teresa Rojas, Silvia Delgado, Maria Alejandra Ni&ntilde;o, Sergio Pic&oacute;n, Juan Camilo Torres, Daniel Gonzalez, Nathaly Chinchilla, Daniela Barajas, Silvia Rodriguez, Edward Guti&eacute;rrez, Laura Ort&iacute;z, Iv&aacute;n Le&oacute;n, Lorena L&oacute;pez, Dumar S&aacute;nchez, Alejandra Leal, Miguel G&oacute;mez, y H&eacute;ctor P&eacute;rez</p>', '', '', '<p>Proyecto realizado como resultado del proceso acad&eacute;mico de la Maestr&iacute;a en Transmedia de la UMB</p>', 57, 1, 1, '2023-08-10 14:04:48', '2023-08-10 14:04:48'),
(58, NULL, 2, 9, 'Crealab', 'Este laboratorio surge como una oportunidad para dar a conocer las diferentes expresiones artísticas y culturales de la ciudad de Bucaramanga a través de la mirada de estudiantes de Diseño Gráfico,  Comunicación social, Publicidad y Marketing digital de la Universidad de Investigación y desarrollo dentro del curso  Introducción a la producción audiovisual, el cual se desarrolla de manera transversal a los 3 programas académicos. \n​\nLa propuesta del proyecto se centra en mostrar a Bucaramanga a través del arte, teniendo en cuenta los espacios, personas, imaginarios y las tradiciones que se narran por medio de  fotografías, podcast, video documental y crónicas escritas realizadas por los estudiantes. \n\nContenidos culturales \nLas bellas artes que hacen parte del proyecto son: pintura, escultura,  teatro, danza, cine, música, arquitectura y grabado.', 'https://ndiaz767.wixsite.com/crealabudi', '<p><strong>Dise&ntilde;ador Transmedia: </strong>Norberto Diaz</p>\n<p><strong>Equipo t&eacute;cnico: </strong>Lucia Sarmiento,Alejandra Zu&ntilde;iga,Andr&eacute;s Jaimes,Angela Mu&ntilde;oz, Camila Castellanos,William Bustamante,Jhon Garcia,Camilo Suarez,Joan Pava,Daniel Navarrete,C&eacute;sar Mu&ntilde;oz,Jorge Porras,Andr&eacute;s Merch&aacute;n,Anderson Hernandez,Daniela Lizcano,Edinson Forero,Vanesa Sanabria,Ricardo Parra Rangel,Paola Zapata,Jeffer Rosado,Daniel Vel&aacute;squez</p>', '', '', '<p>Proyecto realizado como resultado del proceso acad&eacute;mico del curso Introducci&oacute;n a la producci&oacute;n audiovisual de la Universidad de Investigaci&oacute;n y Desarrollo</p>', 58, 1, 1, '2023-08-10 14:07:40', '2023-08-10 14:07:40'),
(59, NULL, 2, 8, 'Cuásar', 'Cuásar es una experiencia donde nuestros sentidos se expanden y todos los elementos vibran, generando conciencia de nuestro entorno. En este viaje sensorial el espectador acompaña a Aura, una chica invidente que se encuentra atrapada en sus carencias sensoriales. Un encuentro caótico con su conciencia genera el despertar de sus sentidos, mediante la conexión con los elementos naturales y los siete chakras, centros energéticos del ser; para estar en armonía con el universo.', 'https://www.cuasaraudiovisual.com/cuasar/', '<p><strong>Direccci&oacute;n: </strong>Miguel &Aacute;ngel Correa</p>\n<p><strong>Producci&oacute;n: </strong>Natali Guilombo / Juan Jos&eacute; Vel&aacute;squez</p>\n<p><strong>Direcci&oacute;n de fotograf&iacute;a: </strong>Juan Pablo Castro y Miguel &Aacute;ngel Correa</p>\n<p><strong>Direcci&oacute;n de arte e ilustraci&oacute;n: </strong>Luis Eduardo Montoya</p>\n<p><strong>Direcci&oacute;n de sonido: </strong>David Escall&oacute;n</p>\n<p><strong>Asistente de direcci&oacute;n: </strong>Andr&eacute;s Palacio</p>\n<p><strong>Asistente de fotograf&iacute;a: </strong>Andr&eacute;s Carmona</p>\n<p><strong>Asistente de arte: </strong>Alexandra Ram&iacute;rez</p>\n<p><strong>Script, composiciones digitales y animaci&oacute;n: </strong>Alejandro Marulanda</p>\n<p><strong>Making off:</strong>Nicol&aacute;s Mej&iacute;a</p>\n<p><strong>Drone operator:</strong>Leonardo Gait&aacute;n</p>', '<p>* Invitado a participar en el evento Mediamorfosis M&eacute;xico 2019.</p>\n<p>* Selecci&oacute;n Conversaciones &ldquo;17 Festival Internacional de la Imagen Manizales 2018&rdquo;.</p>', '<p>* 2do puesto Mediamorfosis Medell&iacute;n 2018.&nbsp;</p>\n<p><br>* Laboratorio FICBAQ &ldquo;6to Festival Internacional de cine de Barranquilla 2018&rdquo;.</p>', '<p>Apoyo de la Universidad de Antioquia</p>\n<p>Co-Produci&oacute;n:<br>*Alamo<br>*Cam<br>*Guatap&eacute;<br>*Km0 Audiovisual</p>', 59, 1, 1, '2023-08-10 14:10:57', '2023-08-10 14:10:57'),
(60, NULL, 2, 8, 'La Esmeralda ladrillos de otro tiempo ', 'Entre las calles y paredes a punto de derrumbarse de un barrio llamado La Esmeralda, están las huellas del pasado que dejaron sus habitantes, esas que conviven con la memoria en el presente de aquellos que nunca dejaron el barrio viviendo entre la incertidumbre y las ansias de futuro.', 'https://www.cuasaraudiovisual.com/la-esmeralda/', '<p><strong>Direcci&oacute;n: </strong>Juan Jos&eacute; Vel&aacute;squez</p>\n<p><strong>Producci&oacute;n: </strong>Natali Guilombo</p>\n<p><strong>Direcci&oacute;n de fotograf&iacute;a: </strong>Miguel &Aacute;ngel Correa</p>', '', '<p>Selecci&oacute;n Conversaciones &ldquo;17 Festival Internacional de la Imagen Manizales 2018&rdquo;.&nbsp;</p>\n<p><br>Laboratorio FICBAQ &ldquo;6to Festival Internacional de cine de Barranquilla 2018&rdquo;.</p>', '', 60, 1, 1, '2023-08-10 14:12:34', '2023-08-10 14:12:34'),
(61, NULL, 2, 8, 'Fih Wih', 'Proyecto transmedia que muestra las situaciones a las que se enfrentan las islas en Colombia. La historia, creada colectivamente desde la comunidad, utiliza medios digitales y analógicos para facilitar la interacción del público.  Las historias de Fih Wih se conectan a través de un juego, producto que cumple la función de obra seminal y obra núcleo para posteriormente ampliarse a través de una serie web animada, un blog y un cómic. ​\nLa interacción del público con la historia es clave para la comprensión y apropiación de Fih Wih. Estas se conectan a través del juego, producto que cumple la función de obra seminal y obra núcleo, en el cual se hace una breve descripción de los personajes, para posteriormente ampliarse a través de los demás productos que componen el proyecto. ', '', '<p><strong>Realizadores: </strong>Carolina Ospina Foronda, Paula Andrea Colorado Ch&aacute;vez, Natalia Eugenia Palacio V&aacute;squez, Ana Mar&iacute;a Toro Aguirre,&nbsp;<br>Jenniffer Amanda Duitama Mart&iacute;nez, Diana Patricia Giraldo Giraldo. &nbsp; &nbsp; &nbsp; &nbsp;</p>', '', '<p>Primer &nbsp;puesto Mediamorfosis Medell&iacute;n 2018.&nbsp;</p>', '<p>Apoyo Universidad EAFIT</p>', 61, 1, 1, '2023-08-10 14:16:38', '2023-08-10 14:16:38'),
(62, NULL, 2, NULL, 'Cacique candela', 'Iniciativa transmedia que busca crear conciencia acerca de la diversidad de género al interior de los colegios de Medellín a través de la creación de una heroína llamada Cacique Candela. El proyecto se presenta como trabajo de grado de la maestría en Comunicación Transmedia de la Universidad EAFIT. \nPara lograr este proyecto, se crea una heroína transgenerista llamada Cacique Candela que da vida a un universo narrativo que se despliega tanto en plataformas análogas como digitales con diversos contenidos de interés para los usuarios. Este proyecto también presenta una propuesta gráfica de la heroína, así como la arquitectura de la marca, arquetipos de usuarios y su experiencia como usuarios a través de un Journey Map. ', '', '<p><strong>Realizadores: </strong>Alexy Carolina Triana Rodr&iacute;guez - Carlos Julio &Aacute;lvarez Restrepo &ndash; Nora Cristina Cardona Zuluaga.</p>', '', '', '<p>Apoyo Universidad EAFIT</p>', 62, 1, 1, '2023-08-10 14:17:53', '2023-08-10 14:17:53'),
(63, NULL, 2, NULL, 'Ciencia de lo cotidiano', 'Estrategia transmedia de características divulgativas y de apropiación social de la ciencia que busca posicionar la Universidad  EAFIT  como una institución de educación superior de tercera generación, es decir, que le transfiere a la sociedad su producción científica y académica.  ', 'https://projects.invisionapp.com/share/RS98QD2H7#/screens/203303658', '<p><strong>Realizadores: </strong>Ces&aacute;r Augusto Franco Restrepo &ndash; Juan Carlos Luj&aacute;n S&aacute;enz.</p>', '', '', '', 63, 1, 1, '2023-08-10 14:19:33', '2023-08-10 14:19:33'),
(64, NULL, 2, 7, '#Noescomolapintan', 'Proyecto de comunicación transmedia que busca aumentar el interés hacia la historia antioqueña a través de relatos no oficiales contados por los habitantes de la vereda La Loma del corregimiento de San Cristóbal de Medellín. El universo transmedia del proyecto gira en torno a cinco historias principales que se expanden para revelar el universo narrativo del lugar.  ', 'https://intybuelvas.wixsite.com/noescomo', '<p><strong>Realizadores: </strong>Paula Andrea S&aacute;nchez, Inty Bach&uacute;e Buelvas D&iacute;az, Laura Vallejo Uribe, Daniela Navarro, Sara Leyva, Ricardo Torres. &nbsp; &nbsp; &nbsp; &nbsp;&nbsp;</p>', '', '', '<p>Apoyo Universidad EAFIT</p>', 64, 1, 1, '2023-08-10 14:22:03', '2023-08-10 14:22:03'),
(65, NULL, 2, 8, 'Jardín de visión', ' “Jardín de Visión”, una serie documental cinematográfica interactiva en Realidad Virtual (VR), un viaje de inmersión hacia destinos remotos de América y de la conciencia humana que llega al corazón de los rituales indígenas con plantas sagradas. Cada episodio es una exploración etnográfica y espiritual de los fascinantes orígenes culturales de algunas plantas controvertidas y sus raíces en las antiguas culturas indígenas. La realidad virtual es el medio perfecto para transportar íntimamente a los usuarios y ampliar sus percepciones del uso medicinal y ritual de la coca, el tabaco, el peyote y la ayahuasca en sus territorios de origen.', 'https://4direcciones.tv/jardin-de-vision/', '<p><strong>Realizadores: </strong>Diana Rico y Richard D&eacute;caillet. Producci&oacute;n 4 direcciones y Deep Inc.&nbsp;</p>', '', '<p>75 Festival de cine de Venecia 2018, &nbsp;FICCI 2019 y &nbsp;reconocimientos como la mejor experiencia de Realidad Virtual del BAM 2019.</p>', '<p>New Media Colombia &ndash; Canad&aacute; &nbsp;2017&nbsp;</p>', 65, 1, 1, '2023-08-10 14:23:32', '2023-08-10 14:23:32'),
(66, NULL, 2, 8, 'Collab', 'Plataforma de colaboración para artistas en realidad virtual que se centra el intercambio artístico de mujeres indígenas de Canadá y Colombia. Laboratorio de arte.', '', '<p><strong>Realizadores:</strong>&nbsp;Marcela Lizacano y Lorraine Price. Producci&oacute;n: Vicerversa Cine &nbsp; &nbsp;</p>', '', '<p>Festival de Cannes 2018 secci&oacute;n NEXT del Marche du Film.</p>', '<p>New Media Colombia &ndash; Canad&aacute; &nbsp;2017&nbsp;</p>', 66, 1, 1, '2023-08-10 14:24:55', '2023-08-10 14:24:55'),
(67, NULL, 2, 8, 'Secuestrado', 'Rodado en Cinematic VR, \"Secuestrado\" es un experiencia inmersiva interactiva 360 / 3D que transportará al espectador al inquietante mundo de secuestro, convirtiéndolo en una víctima de secuestro. Esta experiencia recrea el mundo de una persona que, después de ser secuestrada por un grupo insurgente, está cautivo en las junglas de Colombia y está amarrada junto a otra víctima que ha sido encadenada por el cuello a un árbol durante 11 años.', 'https://signalspacelab.com/portfolio/kidnapped/', '<p><strong>Realizador: </strong>&nbsp;Mauricio V&eacute;lez.&nbsp;</p>\n<p><strong>Producci&oacute;n: </strong>Explora films y Signal space lab.</p>', '<p>Nominaci&oacute;n 50 Quincena de Realizadores Festival de Cannes, Francia, 2018.&nbsp;</p>\n<p>Nominaci&oacute;n Guanajuato Film Festival 2019, secci&oacute;n realidad virtual.</p>', '', '<p>New Media Colombia &ndash; Canad&aacute; &nbsp;2017&nbsp;</p>', 67, 1, 1, '2023-08-10 14:31:35', '2023-08-10 14:31:35'),
(68, NULL, 2, 8, 'El cóndor', 'Es la historia de un graciosos cóndor colombiano perdido en un bosque canadiense. Serie de TV animada en 3 D para niños.', 'https://www.behance.net/gallery/61263803/THE-CONDOR', '<p><strong>Realizador: </strong>Jairo Arcos.</p>\n<p><strong>Producci&oacute;n: </strong>Signos studio y Saturn Animation studios Inc.</p>', '', '', '<p>New Media Colombia &ndash; Canad&aacute; &nbsp;2017&nbsp;</p>', 68, 1, 1, '2023-08-10 14:33:00', '2023-08-10 14:33:00'),
(69, NULL, 2, 8, 'El beat VR', 'EL BEAT es una experiencia musical inmersiva que revela al espectador un pasado de rebelión y resistencia oculto en la selva. Siguiendo la búsqueda de Jacobo Vélez, un músico colombiano que desea encontrar sus raíces e identidad, conoceremos al maestro palenquero Rafael Cassiani y la historia de Benkos Biohó, el esclavo africano que huyó para fundar San Basilio de Palenque, el primer pueblo libre de América.\nEL BEAT comienza tan pronto como los usuarios entran al espacio de exhibición. Allí, se encontrarán en una fantasía tropical que combina proyecciones con diseño de iluminación LED. Una serie de instrumentos musicales, también protagonistas de la experiencia, se encontrarán en el espacio. Sensores al interior de estos instrumentos detonarán efectos visuales y sonoros que le darán vida al escenario.', 'https://vimeo.com/616494675', '<p><strong>Directora creativa: </strong>Irene Lema.</p>\n<p><strong>Director t&eacute;cnico: &nbsp;</strong>Sergio Bromberg.&nbsp;</p>\n<p><strong>Productor y dise&ntilde;o de sonido: </strong>Rafael Ospino.&nbsp;</p>\n<p><strong>Direcci&oacute;n de arte: </strong>Valeria Lombo.</p>\n<p><strong>Investigadora:</strong>&nbsp;Carolina Fern&aacute;ndez</p>', '', '<p>Beca de Sundance New Frontier Talent Forum 2019 .&nbsp;</p>', '<p>New Media Colombia &nbsp; 2017.&nbsp;</p>\n<p>Premio Crea Digital para coproducci&oacute;n de contenido transmedia.&nbsp;</p>\n<p>Ojo depez digital y Alterlab.</p>', 69, 1, 1, '2023-08-10 14:37:22', '2023-08-10 14:37:22'),
(70, NULL, 2, 8, 'Aprende con mucho trópico', 'Andrés Carvajal presenta la serie de tutoriales que te enseñará a ser casi, casi tan feliz como los políticos.\nProducida por Guoqui Toqui, Aprende con Muchotrópico es una serie de sátira para web y TV sobre nuestra cultura política y nuestra idiosincracia.\n\nEsta serie de videos parodiará los típicos tutoriales de YouTube para hacer una divertida crítica de las conductas y personajes que definen nuestra vida política, social y cultural. \nSobre nuestra cultura política, por ejemplo, por primera vez en la historia de los tutoriales, se abordarán divertidas y útiles técnicas para comprar votos, traficar con influencias y engendrar elefantes blancos. Se expondrá el ABC del clientelismo, la propedéutica del peculado y el manual del cohecho. Habrá tips para ser un buen delfín, lagartear con elegancia y debatir sin tener que usar argumentos reales. ', 'https://www.youtube.com/c/Muchotr%C3%B3pico/videos', '<p><strong>Direcci&oacute;n y guion: </strong>Andr&eacute;s Carvajal.&nbsp;</p>\n<p><strong>Producci&oacute;n: </strong>Carolina Montes, Mar&iacute;a Cristina Torres.&nbsp;</p>\n<p><strong>Realizaci&oacute;n: </strong>Arturo Ram&iacute;rez.&nbsp;</p>\n<p><strong>Fotograf&iacute;a: </strong>Nicol&aacute;s Forero.&nbsp;</p>\n<p><strong>Arte: </strong>Francisco Arbelaez.&nbsp;</p>\n<p><strong>Una producci&oacute;n de: </strong>Guoqui Toqui</p>', '', '', '<p>New Media Colombia &nbsp; 2017.&nbsp;</p>\n<p>Guoqui Toqui</p>', 70, 1, 1, '2023-08-10 14:39:50', '2023-08-10 14:39:50'),
(71, NULL, 2, 8, 'My awesome pet zombie', 'MANNY es un niño alérgico a casi todo lo que se mueva, a menos que sea humano. Su vida cambia cuando se muda a Kahuna Rock, una isla de plástico anti alérgica y libre de gérmenes. Allí conoce a su mejor amiga, AVRIL, una niña de espíritu aventurero y con habilidades de psicóloga pero de animales. Sin embargo, el cambio más drástico llega a Manny en forma de cuatro patas cuando descubre a CUZ, un perro torpe, energético y perfectamente antialérgico debido a su condición de mascota zombie.\n\nLa llegada de CUZ a la isla se vuelve la mayor amenaza para el gobernador HARPER, quien ha trabajado toda su vida por mantener a KAHUNA libre de gérmenes y de cualquier ser vivo no humanoide.', 'https://labtoon.co/portfolio/my-awesome-pet-zombie/', '<p><strong>Direcci&oacute;n creativa: </strong>Andr&eacute;s Cajigas.&nbsp;</p>\n<p><strong>Producci&oacute;n: </strong>M&oacute;nica Ortiz.&nbsp;</p>\n<p><strong>Dise&ntilde;o de personajes: </strong>David Casta&ntilde;o.</p>\n<p><strong>Textura y modelado: </strong>Valentina Irurita. &nbsp;&nbsp;</p>\n<p>Labtoon SAS</p>', '', '', '<p>New Media Colombia &nbsp;2017.&nbsp;</p>\n<p>Labtoon.</p>', 71, 1, 1, '2023-08-10 14:41:43', '2023-08-10 14:41:43'),
(72, NULL, 2, 8, 'El rastro de la mariposa', 'Es una historia interactiva que comienza con Esmeralda Cárdenas Ortega, ECO, una bióloga de 21 años que, cuando disfruta de una fiesta de despedida en 2017 en Bogotá, descubre una mariposa exótica. En un mundo paralelo, durante la misma noche pero en 1834 en Montreal, Émilien, un esclavo de 19 años, huye de los colonos franceses que intentan lincharlo. Se arroja al río San Lorenzo, mientras que ECO en 2017, cae en las aguas del río San Francisco llamado \"Eje Ambiental\", ambos jóvenes ahora cruzan el tiempo y el espacio, intercambiando lugares en el tiempo a través del agua. Vemos las aventuras de los dos protagonistas en diferentes épocas y culturas que no corresponden a su propio mundo. ECO, en 1834, Montreal aprende a sobrevivir en el pasado ya que la cultura apenas comienza a abolir la esclavitud, y Émilien en Bogotá de 2017 se enfrenta a nuestro mundo moderno, conectándose entre sí a través del río del tiempo. Donde incluso un ligero cambio interrumpirá el flujo del agua de maneras que no podemos entender.', 'https://www.hierro.tv/el-rastro-de-la-mariposa', '<p><strong>Direcci&oacute;n: &nbsp;</strong>Carlos Smith.&nbsp;</p>\n<p><strong>Guionista: </strong>Lina Ricaurte.&nbsp;</p>\n<p><strong>Producci&oacute;n: </strong>Nancy Granada.&nbsp;</p>\n<p><strong>Direcci&oacute;n de arte: </strong>Alejandra Rojas.&nbsp;</p>\n<p><strong>Artista gr&aacute;fico: </strong>Jaime Smith.</p>\n<p>&nbsp;<strong>Dise&ntilde;o sonoro:</strong>&nbsp;Edgar Cort&eacute;s.</p>\n<p><strong>Postproducci&oacute;n: </strong>Juli&aacute;n L&ouml;pez.</p>', '', '', '<p>New Media Colombia &nbsp;2017.&nbsp;</p>\n<p>Hierro animaci&oacute;n.</p>', 72, 1, 1, '2023-08-10 14:44:28', '2023-08-10 14:44:28'),
(73, NULL, 2, 5, 'Mostros afechantes', 'Tener un monstruo en casa es un problema, pero puede ser el comienzo de una nueva aventura si despertamos nuestra imaginación y la hacemos trabajar a nuestro favor ¡Descubrir monstruos puede ser muy divertido! Nuestros héroes ayudan a los niños a decidir qué hacer con los monstruos que los atemorizan usando la creatividad y el Gran Libro de los Monstruos donde están todos los monstruos que han existido y al que todo niño puede acudir para investigar o compartir un monstruo recién descubierto. Combinamos historias divertidas contadas por TV, juegos de descubrimiento y realidad aumentada y actividades de creación para ayudar a los niños a enfrentar sus miedos.', 'https://www.rtvcplay.co/ninos/mostros-afechantes', '<p><strong>Direcci&oacute;n: &nbsp;</strong>Carlos Smith.&nbsp;</p>', '', '<p>&nbsp;Cross-media del MIFA call for projects, ANNECY 2015;</p>\n<p>- Cartoon forum 2014;</p>\n<p>- Cinekid Junior Coproduction Market;</p>\n<p>- Cartoon 360 2015</p>', '<p>Se&ntilde;al colombia RTVC</p>', 73, 1, 1, '2023-08-10 14:49:35', '2023-08-10 14:49:35'),
(74, NULL, 2, 9, 'Artific I.O.', 'Serie TV y web interactiva sobre el poder transformador de la inteligencia artificial en el campo de las artes. A través de destacados artistas y expertos en inteligencia artificial , descubriremos el potencial creativo de la IA en su intersección con las artes.\n\n¿Quién es el autor, la máquina o el artista? ¿Puede la inteligencia artificial ser creativa o es solamente una característica humana? ¿Generará el próximo gran movimiento artístico?', 'https://www.gusano.org/video/artificio-eng/', '<p><strong>DIRECCI&Oacute;N: </strong>Jorge Caballero</p>\n<p><strong>PRODUCCI&Oacute;N: </strong>Jorge Caballero y Diego Brice&ntilde;o</p>\n<p><strong>PRODUCCI&Oacute;N EJECUTIVA: </strong>Rosa M. Ramos</p>\n<p><strong>GUI&Oacute;N Y DESARROLLO: </strong>Jorge Caballero, Diego Brice&ntilde;o, Anna Giralt y Manuel Mart&iacute;nez</p>\n<p><strong>PRODUCIDO POR: </strong>GusanoFilms y CuibaMedia</p>', '', '', '<p>New Media Colombia Canada 2018 Proimagenes, ANTV, MINTIC.</p>', 74, 1, 1, '2023-08-10 14:51:30', '2023-08-10 14:51:30'),
(75, NULL, 2, 9, 'Espectros', '', '', '<p><strong>Directora: </strong>Melissa Arias</p>\n<p><strong>Productor: </strong>V Cinema SAS y Lorenzo Orzari</p>', '', '', '<p>New Media Colombia Canada 2018 Proimagenes, ANTV, MINTIC.</p>', 75, 1, 1, '2023-08-10 14:52:40', '2023-08-10 14:52:40'),
(76, NULL, 2, 9, 'Las Pasantes', 'Serie que le apuesta al humor y a mostrar el universo de los practicantes en Colombia. Cristina y Laura, dos jóvenes estudiantes llegan a su primer día de prácticas en una importante empresa de arquitectos.  ', 'https://conexioncapital.co/laspasantes/', '<p><strong>Director y Director de Foto: </strong>Paul Cata&ntilde;o</p>\n<p><strong>Guion: </strong>Fidel Barboza, Sebasti&aacute;n Lapidus, Catalina Palomino</p>\n<p><strong>Productor General: </strong>Alessandro Angulo</p>\n<p><strong>Dise&ntilde;o de Producci&oacute;n: </strong>Gonzalo Martinez \"Chalo\"</p>\n<p><strong>Casting: </strong>Andrea Esquivel, Alejandra Chamorro, Francisco Bol&iacute;var, Norma Nivia, Felipe Botero, Oscar Alzate, Gianina Arana, Emmanuel Restrepo, Silvana Ria&ntilde;o, Juan Fernando S&aacute;nchez.</p>\n<p><strong>Productora: </strong>Laberinto cine y televisi&oacute;n</p>', '', '', '<p>New Media Colombia Canada 2018 Proimagenes, ANTV, MINTIC.</p>', 76, 1, 1, '2023-08-10 14:54:34', '2023-08-10 14:54:34'),
(77, NULL, 2, 9, 'Pueblito blanco', 'Historia transmedia del proyecto Minuto de Dios del Padre Rafael Garcia Herreros en Bogotá.', 'https://elartilugiodemadera.com/', '<p><strong>Direcci&oacute;n:</strong>&nbsp;Marta Ligia Jim&eacute;nez</p>\n<p><strong>Productor: </strong>UNIMINUTO</p>', '', '', '<p>UNIMINUTO</p>', 77, 1, 1, '2023-08-10 14:55:59', '2023-08-10 14:55:59'),
(78, NULL, 2, 10, 'Peludo Pelón', 'Peludo Pelón es un proyecto transmedia, para niñas y niños. Matín, el protagonista ,  tiene un enigma capilar. Para acompañarlo en esta aventura, se logra una experiencia ampliada por medio de un libro, su versión interactiva, una app, animaciones y una biblioteca de información.', 'http://peludopelon.com/', '<p><strong>TEXTO Y PRODUCCI&Oacute;N: </strong>Erika Esp&iacute;tia</p>\n<p><strong>IlUSTRACI&Oacute;N DISE&Ntilde;O GR&Aacute;FICO Y ANIMACI&Oacute;N: </strong>Roc&iacute;o Delgado</p>\n<p><strong>SONIDO: </strong>Benjamin Calais</p>\n<p><strong>VOZ: </strong>H&eacute;ctor Gonz&aacute;lez</p>\n<p><strong>DISE&Ntilde;O EDITORIAL: </strong>Tatiana Castillo</p>\n<p><strong>LIBRO INTERACTIVO Y P&Aacute;GINA WEB: </strong>Juan Carlos Jim&eacute;nez</p>\n<p><strong>DESARROLLO DE SOFTWARE: </strong>Daniel Rodr&iacute;guez</p>', '', '', '<p>CREA DIGITAL 2019</p>', 78, 1, 1, '2023-08-10 14:58:22', '2023-08-10 14:58:22'),
(79, NULL, 2, 10, 'S.O.S. Un llamado a despertar', 'S.O.S., un llamado a despertar,surge como un proyecto transmedia que desarrolla plataformas pedagógicas y de entretenimiento para los círculos cercanos a pacientes en coma, así como para la audiencia en general.  Busca fortalecer el entendimiento sobre lo que pasa con estos pacientes, propone alternativas para transformar la experiencia traumática del acompañamiento y aporta mecanismos de infoentretenimiento acerca del estado de coma.', '', '<p><strong>Realizadores: </strong>&Aacute;ngela Tob&oacute;n Ospina,Ximena Fl&oacute;rez Castrill&oacute;n, Kelly Marcela Vel&aacute;squez Amaya,Ana Mar&iacute;a Bol&iacute;var Nore&ntilde;a, Deicy Johana Pareja M, Manuel Valencia, Manuela Gonz&aacute;lez Cabrera, &Aacute;ngela Mar&iacute;a Salazar Restrepo, Juan Gabriel Jaramillo V&aacute;squez, Camila Borr&aacute;s,Paula Andrea &Aacute;lvarez Pati&ntilde;o</p>', '', '', '<p>CREA DIGITAL 2019</p>', 79, 1, 1, '2023-08-10 15:00:18', '2023-08-10 15:00:18'),
(80, NULL, 2, 10, 'Victoria', 'En los años 60\'s, Victoria, la hija de un poderoso político en el país, decide salir de la burbuja en la que se encuentra, desencadenando, por error, una serie de transformaciones sociales y culturales en una sociedad hambrienta de nuevas ideologías.', '', '<p><strong>Idea Original y Direcci&oacute;n: </strong>H&eacute;ctor Chiquillo</p>', '', '', '<p>CREA DIGITAL 2019</p>', 80, 1, 1, '2023-08-10 15:02:08', '2023-08-10 15:02:08'),
(81, NULL, 2, 8, 'Más aventuras de lobiaventuras.com', 'Sigue las aventuras de un grupo de animalitos que te enseñarán recetas, divertidos juegos y canciones.', 'http://www.lobiaventura.com', '<p><strong>Direcci&oacute;n: </strong>Natalia Serna Salazar</p>\n<p><strong>Historia: </strong>Jacque Aguirre</p>\n<p><strong>Edici&oacute;n:</strong>&nbsp;Juli&aacute;n P&eacute;rez</p>\n<p><strong>Animaci&oacute;n: </strong>Joan Cardona</p>\n<p><strong>Desarrollo Web: </strong>Laura &Aacute;lvarez</p>\n<p><strong>Desarrollo de Videojuegos: </strong>Cristian Gonz&aacute;lez ,&nbsp;H&eacute;ctor Alzate,&nbsp;Alejandro Mej&iacute;a</p>\n<p><strong>Compositor: </strong>Andr&eacute;s Alzate</p>\n<p><strong>Producci&oacute;n Musical: </strong>Richard Correa</p>\n<p><strong>Asesor&iacute;a Transmedia:</strong>&nbsp;Mauricio V&aacute;squez</p>\n<p>Ultrasonido Studio S.A.S<br>Alcald&iacute;a de Medell&iacute;n</p>', '', '', '<p>- Beca de Creaci&oacute;n Audiovisual para medios digitales de la Secretaria de Cultura Ciudadana de la Alcald&iacute;a de Medell&iacute;n.&nbsp;</p>\n<p>- CREA DIGITAL 2019</p>', 81, 1, 1, '2023-08-10 23:42:00', '2023-08-10 23:45:04'),
(82, NULL, 2, 11, 'Cuento viajero', 'Proyecto Transmedia en el que puedes crear cuentos con niños de cualquier lugar del mundo de forma colaborativa.', 'https://www.rtvcplay.co/ninos/cuento-viajero', '<p><strong>Direcci&oacute;n y Producci&oacute;n: </strong>Juana Gonz&aacute;lez&nbsp;</p>\n<p>Punta Mulata Producciones&nbsp;</p>', '', '', '<p>- CREA DIGITAL 2019</p>\n<p>Punta Mulata Producciones&nbsp;</p>', 82, 1, 1, '2023-08-10 23:46:23', '2023-08-10 23:46:23'),
(83, NULL, 2, 10, 'Money Stories', 'Una experiencia transmedia que permite al espectador saber sobre la historia de los billetes colombianos, por medio de una serie animada y una aplicación de realidad aumentada.', 'https://www.youtube.com/watch?v=SBmGwn8ehRw', '<p><strong>Direcci&oacute;n Audiovisual y Dir. de Arte : </strong>Cristian Arcos</p>\n<p><strong>Asistencia de Direcci&oacute;n y Dise&ntilde;o Sonoro: </strong>Catalina Bernal</p>\n<p><strong>Modelado y Animaci&oacute;n: </strong>Mois&eacute;s Monsalve</p>\n<p>Mono Dorado Animation Studios</p>', '', '', '<p>- CREA DIGITAL 2019</p>\n<p>Mono Dorado Animation Studios</p>', 83, 1, 1, '2023-08-10 23:48:16', '2023-08-10 23:48:16'),
(84, NULL, 2, 10, 'Oniria', 'Petra, una chica de 13 años y su mejor amigo Morph se enfrentan a Phob, una horrible criatura que manipula los sueños de las personas y los convierte en pesadillas. Petra debe salvar a Oniria, el mundo de los sueños y a todos los soñadores', 'https://makemake.com.co/fichas/MM0841/oniria-i-la-pesadilla-de-manuel-', '<p><strong>Directora: </strong>Yuyu Velasco.</p>\n<p><strong>Creadores: </strong>Grace cardenas, Sebastian Pastor y Yuyu Velasco.</p>\n<p>Mito Studio Creativo.</p>', '', '', '<p>- Est&iacute;mulo de Ministerio de Cultura 2017. Beca para desarrollo de proyecto transmedia para audiencia entre 12 a 15 a&ntilde;os con &eacute;nfasis a la lectoescritura.</p>\n<p>- CREA DIGITAL 2019</p>', 84, 1, 1, '2023-08-10 23:50:17', '2023-08-10 23:50:17'),
(85, NULL, 2, 10, 'Viajeros del Pentagrama', 'Este portal brinda herramientas de enseñanza musical para aplicar en el aula, aquí encontrarán didácticas, ejemplos de clase y recursos para dictar una clase de música óptima y para que los niños y las familias refuercen esas clases de forma autónoma. Vive junto a Doni, Mira y Labi un viaje lleno de aprendizajes musicales en busca de Opus, el dragón musical.', 'http://www.viajerosdelpentagrama.gov.co/', '<p>Ministerio de Cultura de Colombia</p>', '', '', '<p>Estrategia Digital de Apoyo a la Formaci&oacute;n Musical.</p>', 85, 1, 1, '2023-08-10 23:53:00', '2023-08-10 23:53:00'),
(86, NULL, 2, 10, 'Guardianes', 'Guardianes es un proyecto transmedia para  niños, niñas y jóvenes entre 6 y 14 años, instituciones educativas y familias. Partiendo de una narrativa de ciencia ficción basada en hechos científicos reales, invita a la audiencia a conocer los secretos del universo y a crear contenido digital para contrarrestar una amenaza interespacial, relacionada con villanos conocidos como los Archibios, quienes están generando comportamientos irracionales en la sociedad y ponen en riesgo el mundo en el que vivimos.', 'https://www.guardianesati.com', '<p>Critertec Educaci&oacute;n&nbsp;</p>', '', '', '<p>- CREA DIGITAL 2019</p>\n<p>Critertec Educaci&oacute;n&nbsp;</p>', 86, 1, 1, '2023-08-11 00:08:00', '2023-08-17 19:36:01'),
(87, NULL, 2, 10, 'Medusa de Papel', 'Corre el año 2050 y Sol una niña amante de las medusas llega a Exlibris, la última unidad comercial con libros de papel. Sol busca el objeto denominado “libro de papel - Medusas y el Mar”. Kafka un hombre mayor de profesión librero se enfrenta al cierre inminente de Exlibris su amada librería por falta de actividad comercial. Sol y Kafka redescubren el valor del libro, el mágico poder que encierran las medusas escarlatas y Sol encontrará la oportunidad única para salvar a Exlibris de su cierre.\n\nTe recuerdo que el libro también es una tecnología. Una historia que busca recuperar el valor del libro, su magia y a las librerias como tesoros que debemos preservar', 'http://www.tibaitata.org/medusaVR/#Muestra', '<p><strong>Direcci&oacute;n: </strong>Yesid Z&uacute;&ntilde;iga</p>\n<p><strong>Producci&oacute;n: </strong>Alejandra Ochoa</p>\n<p>Asociaci&oacute;n Tibaitata</p>', '<p>-Selecci&oacute;n Oficial Bogoshorts Incubadora 2015</p>', '', '<p>- CREA DIGITAL 2019</p>', 87, 1, 1, '2023-08-11 00:10:09', '2023-08-11 00:10:09'),
(88, NULL, 2, 8, 'De a Caballo', 'El Llano es la tierra del caballo y en él su gente recorre la sabana, caballicea, marisca, nada caños, transporta mercado, trabaja Llano, lleva la casa en ancas, sale en busca de amor y vuelve en busca de olvido. Desde diferentes puntos de vista, hemos querido acercarnos a la forma como se vive en esta tierra desde niño hasta viejo.', 'https://www.rtvcplay.co/series-ficcion/de-a-caballo', '<p><strong>Una idea original de: </strong>Hay-doc/</p>\n<p><strong>Direcci&oacute;n general: </strong>Tal&iacute;a Osorio Cardona</p>\n<p><strong>Una producci&oacute;n de: </strong>Francisca Reyes D&iacute;az / Tal&iacute;a Osorio Cardona</p>\n<p><strong>En coproducci&oacute;n con: </strong>Se&ntilde;al Colombia / Quinto color<br>&nbsp;<br><strong>Productor ejecutivo quinto color: </strong>Jorge Lopez Abella<br>&nbsp;<br><strong>Producci&oacute;n general: </strong>Maria Margarita Herrera<br>&nbsp;&nbsp;<br><strong>Guionista: </strong>Carolina Robledo Forero</p>\n<p><strong>Direcci&oacute;n de fotograf&iacute;a y c&aacute;mara: </strong>Daniel Fernando Trivi&ntilde;o<br>&nbsp;&nbsp;<br><strong>Sonido: </strong>Henry Quintero / Mireya Rinc&oacute;n<br>&nbsp;<br><strong>Jefe de montaje y asistente de direcci&oacute;n: </strong>Yuri Alvarado Rivera<br>&nbsp;<br><strong>Autor m&uacute;sica original: </strong>Tony song music / Juan Paulo Galvis / Adri&aacute;n Guzm&aacute;n</p>', '', '', '<p>Hay-doc</p>\n<p>Apoyo de Se&ntilde;al Colombia</p>\n<p>Quinto Color</p>', 88, 1, 1, '2023-08-11 00:13:05', '2023-08-11 00:13:05'),
(89, NULL, 2, 9, 'Muerte Lenta: El pueblo uitoto acorralado por el mercurio', 'Mineros ilegales han arrojado por décadas al río Caquetá enormes cantidades de mercurio, un elemento químico altamente tóxico. Indígenas uitotos de las riberas del afluente viven contaminados. En el resguardo Los Monos, se ha vuelto común el nacimiento de niños con malformaciones y enfermedades antes no vistas. La dieta milenaria a base de pescado ahora contaminado, los ha hecho pensar en volverse vegetarianos. Investigación de SEMANA. ', 'https://especiales.semana.com/mercurio-contaminacion/index.html', '<p><strong>Cronista e investigador: </strong>Jos&eacute; Guarnizo</p>\n<p><strong>Fotograf&iacute;a, realizaci&oacute;n y montaje: </strong>Alejandro Angel T.</p>\n<p><strong>Producci&oacute;n ejecutiva:</strong> Directora Semana.com,&nbsp;Cristina Castro</p>\n<p><strong>Desarrollo Front-End: </strong>Ing. Pedro Camacho</p>\n<p><strong>Dise&ntilde;o gr&aacute;fico: </strong>Hern&aacute;n Sansone</p>\n<p><strong>Editor multimedia: </strong>J&oacute;se Barrera</p>', '', '', '<p>Revista Semana</p>', 89, 1, 1, '2023-08-11 00:15:28', '2023-08-11 00:15:28'),
(90, NULL, 2, 7, 'Memorias y Caminos', 'Memorias y caminos es un espacio para compartir breves narrativas de origen autobiográfico y de carácter literario enriquecido, es decir, un texto que combina imágenes, video, audios e interacciones para potenciar el propósito narrativo. El usuario de memorias y caminos explorará una interfaz dinámica que lo llevará aleatoriamente a entradas que ambientan y cuentan a su manera la historia, y también encontrará el texto para leerla. La invitación es a explorar e interactuar con la plataforma libremente, sin la presión de una secuencia y bajo el placer del extravío laberíntico.', '', '<p><strong>Concepto y Animaci&oacute;n: </strong>Cecilia Traslavi&ntilde;a y Ana Caro</p>\n<p><strong>Programaci&oacute;n, M&uacute;sica y Dise&ntilde;o Sonoro: </strong>Alejandro Forero</p>\n<p><strong>Dise&ntilde;o Sonoro, diagramaci&oacute;n y Dise&ntilde;o de Textos: </strong>Carolina Lucio</p>\n<p><strong>Apoyado por: </strong>Vicerrector&iacute;a de la Universidad Javeriana</p>', '', '', '', 90, 1, 1, '2023-08-11 00:16:48', '2023-08-11 00:16:48'),
(91, NULL, 2, 9, 'Viviendo en los Bordes', 'Viviendo en los bordes se refiere al cuerpo como frontera porosa entre lo que se siente y lo que proyecta, trata sobre el cuerpo que no corresponde a ideas fijas y estáticas, sobre el cuerpo inestable que vibra y se expresa vitalmente con un amplio repertorio de posibilidades para enfrentarse a la realidad en la que estamos inmersos.', 'http://viviendoenlosbordes.moebiusanimacion.com/', '<p><strong>Direcci&oacute;n general, entrevistas y animaciones. </strong>Cecilia Traslavi&ntilde;a</p>\n<p><strong>Entrevistas, animaciones. </strong>Bibiana Rojas</p>\n<p><strong>Entrevistas, mezcla audio y creaci&oacute;n pieza sonora. </strong>Carolina Lucio</p>\n<p><strong>Dise&ntilde;o y programaci&oacute;n. </strong>Juan Camilo Gonz&aacute;lez</p>\n<p><strong>Apoyado por: </strong>Vicerrector&iacute;a de la Universidad Javeriana</p>', '', '', '<p>Apoyo de:&nbsp;<br>Vicerrector&iacute;a de Investigaci&oacute;n de la Pontificia Universidad Javeriana (PUJ)</p>\n<p>Moebius-Animaci&oacute;n.</p>', 91, 1, 1, '2023-08-11 00:18:21', '2023-08-11 00:18:21'),
(92, NULL, 2, NULL, 'Los Colorados', '', '', '<p><strong>Creaci&oacute;n: </strong>Frank Rodr&iacute;guez y Carlos Beltr&aacute;n</p>', '<p>Nominado a la Muestra Internacional Documental de Bogot&aacute; -MIDBO-</p>', '', '', 92, 1, 1, '2023-08-11 00:19:49', '2023-08-11 00:19:49'),
(93, NULL, 2, 8, 'Crónicas Desarmadas', 'Crónicas Desarmadas es un encuentro con las historias de personajes cuyas vidas están vinculadas con las Zonas Veredales Transitorias de Normalización (ZVTN), territorios donde los combatientes de las FARC-EP hicieron su dejación de armas e iniciaron su tránsito a la vida civil. Este proceso se llevó a cabo durante un periodo pactado con el Gobierno de Colombia que inició el 01/12/2016, denominado Día D, fecha que indica el comienzo de un nuevo y particular pasaje de la historia de Colombia.', 'https://cronicasdesarmadas.com/', '<p>ELEGANTE, Laboratorio de Comunicaci&oacute;n Visual</p>', '', '<p>Mejor proyecto de paz y reconciliaci&oacute;n 2019, Bogot&aacute; &nbsp;Webfest</p>', '<p>\"Contribuci&oacute;n de Aliados financieros:&nbsp;</p>\n<p>Uni&oacute;n Europea<br>Grupo Banco Mundial<br>Embajada de la Rep&uacute;blica Federal de Alemania, Bogota\"</p>\n<p>ELEGANTE</p>', 93, 1, 1, '2023-08-11 00:21:12', '2023-08-11 00:21:12'),
(94, NULL, 2, 8, 'Reconstrucción', '“Reconstrucción” es una aventura gráfica que propone una forma diferente de acercarse a la memoria del conflicto armado colombiano. Su pieza principal es un videojuego que acompañado de un comic, una serie de cortos documentales y un blog periodístico, ofrece a los usuarios una experiencia de inmersión y conocimiento sobre diferentes historias de guerra y resistencia en Colombia.\n\n\"Reconstrucción\" busca acercar a los ciudadanos a la historia del conflicto armado a través de una aventura gráfica que narra la violencia, el desplazamiento, el acedio de gurpos ilegales y el retorno de una comunidad. Este es el resultado del trabajo de un equipo multidisciplinario conformado por ingenieros, diseñadores e investigadores que juntos construyeron una innovadora propuesta para hacer pedagogía sobre la historia del conflicto colombiano.', 'http://www.reconstruccion.co/#overview', '<p>Jason Gil, Ingrid Barrios</p>\n<p><strong>Investigaci&oacute;n: </strong>Juana Callejas, Carlos Sandoval</p>\n<p><strong>Dise&ntilde;o: </strong>Mateo Rojas</p>\n<p><strong>Game Designer: </strong>Jairo Morales</p>\n<p><strong>Animadora: </strong>Ericka Rinc&oacute;n</p>\n<p><strong>Programadores: </strong>Camilo Bello, Cristian Montenegro</p>\n<p><strong>Dise&ntilde;o sonoro y musicalizaci&oacute;n: </strong>Aar&oacute;n Moreno</p>\n<p><strong>Producci&oacute;n de cortos documentales: </strong>Ricardo Restrepo, Octavio C&eacute;spedes, Luisa Fernanda Ram&iacute;rez, Patricia Ayala Ruiz</p>\n<p><strong>Dise&ntilde;o de comic: </strong>&Oacute;scar Romero</p>\n<p><strong>QA: </strong>Wilson Ortiz</p>\n<p><strong>Administraci&oacute;n: </strong>Alexandra Bedoya</p>', '', '', '<p>Proyecto ganador del Fondo de Innovaci&oacute;n de la agencia de cooperaci&oacute;n internacional GIZ</p>', 94, 1, 1, '2023-08-11 00:23:36', '2023-08-11 00:23:36'),
(95, NULL, 2, 11, 'Caballito de mar', 'Caballito de mar es una propuesta transmedia que busca dar a conocer las masculinidades alternativas, disminuir la violencia generada por los estereotipos de género y plantear una propuesta pedagógica, diversa e interactiva que mezcle formatos, historias y tecnología para ofrecer una mirada crítica al machismo.\n\nGeneramos contenidos que posibiliten la discusión sobre el tema en las  diversas plataformas.', 'http://caballitodemar.com.co/blog/proyecto/', '<p>Catalina Hoyos</p>\n<p><strong>Productora general: </strong>Sof&iacute;a L&oacute;pez</p>\n<p><strong>Productora ejecutiva: </strong>Mar&iacute;a Elena Mart&iacute;nez</p>\n<p><strong>Investigador, guionista e interventor creativo: </strong>Andr&eacute;s Mar&iacute;n Correa</p>\n<p><strong>Asistente de direcci&oacute;n: </strong>Leidy Martelo</p>\n<p><strong>Director de fotograf&iacute;a y Edici&oacute;n:&nbsp;</strong>Alejandro Tangarife</p>\n<p><strong>Sonidista: </strong>Juan Andr&eacute;s Tangarife</p>\n<p><strong>M&uacute;sico, compositor y arreglos: </strong>Pedro Pablo Gaibor</p>\n<p><strong>Direcci&oacute;n de arte y Maquillaje: </strong>Mar&iacute;a In&eacute;s Abad</p>\n<p><strong>Direcci&oacute;n de Arte y Foto Fija: </strong>Andr&eacute;s Bustamante</p>\n<p><strong>Motion Graphic y Foto fija: </strong>G&eacute;nesis Garc&iacute;a Feijo</p>\n<p><strong>Estratega digital: </strong>Juliana Salazar</p>\n<p><strong>Dise&ntilde;adora web: </strong>Carolina Orrego</p>\n<p><strong>Desarrollador Plataforma: </strong>Brian Echavarr&iacute;a</p>', '', '', '<p>Proyecto ganador de la Convocatoria de Est&iacute;mulos para el Arte y la Cultura 2020, Secretar&iacute;a de Cultura Ciudadana de Medell&iacute;n.</p>', 95, 1, 1, '2023-08-11 00:26:32', '2023-08-11 00:26:32'),
(96, NULL, 2, 8, 'La Otra Orilla', 'La Otra Orilla - Un mismo lugar es un proyecto transmedia para la promoción de los derechos de las personas y colectivos LGBTI en Colombia que se materializa en diferentes formatos audiovisuales e interactivos que buscan sensibilizar sobre el tema a las audiencias familiares.\n\nAdemás, busca trasladar la experiencia de personas LGBTI a usuarios de diferentes géneros, edades, procedencias, pensamientos, sentimientos y regiones de Colombia y el mundo, con el objetivo de crear un espacio de interactividad que evidencie la diversidad y la complejidad de las relaciones humanas, a partir de la confrontación de emociones y encuentros con otras personas, sin importar sus diferencias.', 'http://www.laotraorilla.com.co/index.html', '<p><strong>Direcci&oacute;n: </strong>Maria Margarita Herrera</p>\n<p><strong>Producci&oacute;n Ejecutiva: </strong>Jorge L&oacute;pez Abella - Quinto Color</p>\n<p><strong>Producci&oacute;n General: </strong>Carlos Herrera - Paula Z&aacute;rate</p>\n<p><strong>Direcci&oacute;n de Contenidos y Guiones: </strong>Miriam Cort&eacute;s</p>\n<p><strong>Direcci&oacute;n de Interactividad y Transmedia: </strong>Arnau Grifeu</p>', '<p>Nominado a Mejor Producci&oacute;n Online 2018, India Catalina</p>', '', '<p>EL FONDO PARA EL DESARROLLO DE LA TELEVISI&Oacute;N Y&nbsp;LOS CONTENIDOS DE LA AUTORIDAD NACIONAL DE TELEVISI&Oacute;N ANTV&nbsp;PREMIO A LA PRODUCCI&Oacute;N 2016</p>', 96, 1, 1, '2023-08-11 00:28:54', '2023-08-11 00:28:54'),
(97, NULL, 2, 10, 'Parche Pakarana, al rescate animal', 'Parche Pakarana – al rescate animal, es una iniciativa transmedia de entretenimiento con valor didáctico ambiental dirigida a segunda infancia, que a través de las aventuras de un grupo de de animales silvestres y una niña indígena de la étnia Embera Katio, busca acercar al niño a la exuberancia del mundo silvestre, pero en especial, a la afectación que se genera en los ecosistemas por cuenta del tráfico ilegal de fauna; conectándolo con la idea de que la libertad es tan importante para el animal como lo es para él mismo.', '', '<p><strong>Director: </strong>Javier Alberto Pinz&oacute;n</p>\n<p><strong>Productora: </strong>Marxia Motta Chavarro</p>', '', '', '', 97, 1, 1, '2023-08-11 00:30:10', '2023-08-11 00:30:10'),
(98, NULL, 2, 9, 'Relatos de conciliación', 'En Relatos de Reconciliación se encuentran las memorias de personas que han convivido con la violencia y el horror de la guerra y buscan con esperanza el diálogo, la reconciliación y la paz.\nSus testimonios son una oportunidad para crear nuevos caminos que permitan aportar a la construcción de una sociedad en donde estos hechos no se repitan.', 'http://www.relatosdereconciliacion.com/', '<p><strong>Direcci&oacute;n: </strong>Carlos Santa y Rub&eacute;n Monroy</p>\n<p><strong>Direcci&oacute;n Multimedia: </strong>Juan Camilo Gonzalez y Rub&eacute;n Monroy</p>\n<p><strong>Composici&oacute;n Musical: </strong>Fabio Miguel Fuentes.</p>\n<p><strong>Dise&ntilde;o gr&aacute;fico: </strong>Gustavo Cardenas y Rub&eacute;n Monroy</p>', '', '', '', 98, 1, 1, '2023-08-11 00:32:31', '2023-08-11 00:32:31'),
(99, NULL, 2, NULL, 'La banda de los ficticios', '“La banda de los ficticios” es un grupo de adolescentes que comparten anécdotas sobre situaciones vergonzosas, fracasos o de desilusión y cómo ésta experiencia les han ofrecido otra perspectiva mucho más satisfactoria de lo que imaginaban. Esto con el objetivo de mostrar los caminos particulares y únicos de reafirmación de identidad en cada uno de los adolescentes ante una sociedad que etiqueta, clasifica, y enaltece sólo los logros y el éxito.', '', '<p><strong>Direccion: </strong>Yuly Velasco&nbsp;</p>\n<p><strong>Produccion: </strong>Jaime Lara Diaz</p>\n<p><strong>Casa productora: </strong>Mito estudio creativo s.a.s</p>', '', '<p>2020 - Proyecto ganador de producci&oacute;n de teaser en Secretar&iacute;a de Cultura de Cali 2020.</p>\n<p>2021 - Proyecto ganador en COMKIDS + BR LAB 2021: Selecci&oacute;n en &nbsp;Kids Kino Industry, Polonia.</p>', '<p>Mito estudio creativo s.a.s</p>', 99, 1, 1, '2023-08-11 00:33:51', '2023-08-11 00:33:51'),
(100, NULL, 2, 11, 'Nueve Meses Project', 'Nueve meses es un proyecto transmedia que, en su primera fase, consiste en contar, al menos, nueve historias relacionadas con la maternidad y con algunas vertientes de este tema: como la decisión de no ser madre, el aborto, el puerperio, la lactancia, entre otros.', 'https://nuevemeses.home.blog/', '<p><strong>Direcci&oacute;n: </strong>Juliana Echeverry</p>', '', '', '', 100, 1, 1, '2023-08-11 00:35:03', '2023-08-11 00:35:03'),
(101, NULL, 2, 9, 'Miladys', 'MILADYS, una bella y sensible joven de 22 años, sorda de nacimiento por el síndrome de Waardenburg, es la protagonista de este documental interactivo basado en situaciones de su vida cotidiana, lugar que habitaremos usando Realidad Virtual de 360º grados, buscando que al ir perdiendo poco a poco los sonidos diegéticos que rigen nuestro mundo penetremos su silencio que vibra y se resalta en la interacción que ella establece con los elementos de su entorno basada en cientos de estímulos visuales llenos de características, matices y significados, que le permiten sentir y avanzar en la vida de una forma muy particular.', 'https://mediamorfosis.net/proyecto/miladys/', '<p><strong>Direcci&oacute;n: </strong>Ra&uacute;l Soto Rodr&iacute;guez</p>\n<p><strong>Producci&oacute;n: </strong>Yira Plaza</p>\n<p>Mundo Austral</p>', '', '', '<p>Mundo Austral</p>', 101, 1, 1, '2023-08-11 00:36:30', '2023-08-11 00:36:30'),
(102, NULL, 2, 11, 'El Titán: La vida de Elkin Ramírez', '“El Titán” es también un documental expandido que busca generar un proceso transmedia que incluye un documental para televisión “Huella y Camino: Kraken, la Historia“, “El Titán” (Para salas de cine y plataformas), un webdoc, un concierto en vivo y otros conceptos alrededor de la figura de Elkin Ramírez.', 'https://www.facebook.com/ElTitanElkinRamirez/', '<p><strong>Direcci&oacute;n: </strong>Alex&aacute;nder Giraldo</p>', '', '', '<p>Una Producci&oacute;n de Cine de Amigos , en asocio con:&nbsp;<br>Kraken, Carnaval Records, Telepac&iacute;fico, Locomotora Producci&oacute;n Audiovisual, En La Lucha Films, Planet 141 y Silverwolff Studios.</p>\n<p>Con el apoyo de Comisi&oacute;n F&iacute;lmica de Medell&iacute;n y Alcald&iacute;a de Medell&iacute;n.</p>', 102, 1, 1, '2023-08-11 00:37:54', '2023-08-11 00:37:54'),
(103, NULL, 2, 10, 'Entre luces y sombras', 'El proyecto está compuesto por una novela gráfica para la web y una experiencia en realidad virtual, que recogen la historia del pionero del cine Félix Joaquín Rodríguez, quien desapareció trágicamente sin haber rodado su segunda película “Con el nombre de Isabel en los labios”.', 'https://www.youtube.com/watch?v=l9hVjZJig84', '<p><strong>Direcci&oacute;n: </strong>Nazly L&oacute;pez D&iacute;az</p>\n<p><strong>Productora General: </strong>Nancy Granada</p>\n<p><strong>Director de Animaci&oacute;n: </strong>Miguel Ot&aacute;lora</p>\n<p><strong>Ilustraci&oacute;n: </strong>Juan Diego Mej&iacute;a</p>\n<p><strong>Animaci&oacute;n: </strong>Dinamita Studio</p>', '', '<p>2020 - Premio en el Festival Real Mix, Idartes-Planetario Distrital-Alcald&iacute;a de Bogot&aacute;.</p>\n<p>2021 - &nbsp;Festival internacional de Narrativas de No Ficci&oacute;n (FINNOF) en la categor&iacute;a &ldquo;Mejor experiencia en realidad virtual Argentina 2021&rdquo;</p>\n<p>2021 - Premio a &ldquo;Mejor experiencia de patrimonio XR&rdquo; del Crystal Owl-Festival Stereopsia Latam</p>', '<p>Est&iacute;mulo para el desarrollo de documental expandido Ministerio de Cultura 2018</p>', 103, 1, 1, '2023-08-11 00:39:43', '2023-08-11 00:39:43'),
(104, NULL, 2, 7, 'Todos primero', 'En el barrio Los Naranjos están sucediendo cosas extrañas. Una lucha se fragua por el parque cuando la corrupción y los intereses privados se ven enfrentados a una comunidad que se organiza para salir adelante. \n\nEste proyecto transmedia busca contar historias de los barrios en Bógota, a la vez que invita a los jóvenes a ser parte de la transformación social por medio de la participación y la responsabilidad juvenil.', 'https://conexioncapital.co/todos-primero/', '<p><strong>Director Audiovisual: </strong>Henry Rivero Laporte.</p>\n<p><strong>Idea Original:&nbsp;</strong>Daniel Francisco Rocha.</p>\n<p><strong>Investigadora y Productora Creativa Transmedia: </strong>Luisa Fernanda Ram&iacute;rez Naranjo.&nbsp;</p>\n<p><strong>Productora General: </strong>Andrea Montoya M.&nbsp;</p>', '', '', '<p>Apoyo del Canal Capital&nbsp;</p>', 104, 1, 1, '2023-08-11 00:42:14', '2023-08-11 00:42:14');
INSERT INTO `projects` (`id`, `user_id`, `gender_id`, `year_id`, `name`, `description`, `url`, `team`, `nominations`, `awards`, `funding`, `order`, `is_public`, `is_featured`, `created_at`, `updated_at`) VALUES
(105, NULL, 2, 7, 'Los Oficios', 'Los oficios es un reconocimiento al inmenso y valioso conocimiento ancestral que existe en Colombia acerca de las artes y oficios. A todas las comunidades que han resistido culturalmente y que aún existen a lo largo del territorio. Un documento de memoria sobre la riqueza cultural que se ha desarrollado en armonía con el espíritu y la naturaleza, que ha nutrido las selvas, las montañas, los mares y los corazones de las comunidades. Este, es un homenaje a indígenas, afros y campesinos, los guardianes de la naturaleza y la sabiduría ancestral.', '', '<p>Tambolab Contenidos</p>', '', '', '<p>Tambolab Contenidos</p>', 105, 1, 1, '2023-08-11 00:43:20', '2023-08-11 00:43:20'),
(106, NULL, 2, 8, 'Peliaringos que somos', 'Somos un proyecto nariñense audiovisual y transmedia.\n¨Peliaringo¨ es una palabra del dialecto hablado en el departamento de Nariño, al sur-occidente de Colombia, proveniente de la lengua kichwa y su hibridación con el español. #PeliaringosQueSomos es la expresión completa y es representativa de la identidad de sus habitantes.', 'https://peliaringos.wordpress.com/acerca-de/', '<p><strong>Guionista, directora y Productora: </strong>CAROLINA BELTR&Aacute;N.</p>\n<p><strong>Productora y Dise&ntilde;adora de Sonido: </strong>IVON ZAMBRANO.</p>', '<p>- Seleccionado en la categor&iacute;a de Miradas Emergentes en el MIDBO</p>', '<p>- Mejor documental en el Festival Universitario La Noche americana (2019)</p>', '<p>M&uacute;ltiples apoyos como:&nbsp;</p>\n<p>Alcald&iacute;a de Pasto<br>Universidad Central</p>\n<p>Mejor pitch en el taller #TengoUnaPel&iacute;cula Pasto de Proim&aacute;genes Colombia</p>', 106, 1, 1, '2023-08-11 01:34:29', '2023-08-11 01:34:29'),
(107, NULL, 2, 11, 'La Rebelión', 'Un transmedia sobre la historia y la importancia del cabello afro en la sociedad.', 'https://www.instagram.com/larebeliontransmedia/', '<p><strong>Realizadores: </strong>Claudia Iguar&aacute;n, Melary Sarmiento, Jacquelin Hernandez y Dina Ramos</p>', '', '', '', 107, 1, 1, '2023-08-11 01:35:54', '2023-08-11 01:35:54'),
(108, NULL, 2, 10, 'Galería Viva Comuna 13', 'GALERÍA VIVA es la activación del cementerio de La América como espacio de encuentro para la ritualización del dolor y la reconstrucción de la memoria histórica de la violencia urbana en la comuna 13 y en la ciudad de Medellín. El trabajo pedagógico en investigación con jóvenes de la ciudad para el diálogo intergeneracional, se suma al encuentro colectivo de la siembra como estrategia para vivificar el conocimiento del territorio, propiciando el desarrollo de redes territoriales de la memoria.', 'https://www.agroartecolombia.co/investigacion/', '<p><strong>Realizadoras: </strong>Katerin Delgado, Melisa Ca&ntilde;as</p>\n<p>Agroarte Colombia</p>', '', '', '', 108, 1, 1, '2023-08-11 01:36:57', '2023-08-11 01:36:57'),
(109, NULL, 2, 9, 'Cuentazos con efectazos', '\"Cuentazos con efectazos\" celebra el acto de compartir una historia y las emociones que genera ella tanto en niños como adultos, pero sobretodo, reivindica la lectura a viva voz y en grupo, transformando el simple acto de leer en un juego familiar o escolar.', 'http://cuentazos.com/', '<p><strong>Directora:</strong>&nbsp;Dafna Vallejo</p>', '', '', '<p>RTVC y Se&ntilde;al Colombia ANTV</p>', 109, 1, 1, '2023-08-11 01:38:25', '2023-08-11 01:38:25'),
(110, NULL, 2, 10, 'Yerberito', '\"Yerberito\" es un proyecto transmedia que vincula Arte, ciencia y tecnología. Es el resultado de una investigación de la Universidad Autónoma de Bucaramanga. El proyecto busca promover el uso sostenible de las plantas medicinales nativas colombianas, en pro de su conservación y la biodiversidad. La investigación interdisiplinar se divide en dos partes que se relacionan con las fases metodológicas y diseño del proyecto: los estudios ambientales y botánicos en los que se clasificaron las plantas y como proyecto aplicado a la creación de una obra audiovisual. Yerberito se propone como una vía en el proceso de divulgación de resultados de las ciencias naturales al unir sinergias con la investigación creación propia de las Artes audiovisuales.', 'http://www.anateresaarciniegas.com/yerberito/', '<p><strong>Direcci&oacute;n e investigaci&oacute;n transmedia: </strong>Ana Teresa Arciniegas</p>\n<p><strong>Investigaci&oacute;n Cient&iacute;fica: </strong>Graciela Chalela</p>\n<p><strong>Realizaci&oacute;n: </strong>Cristian Vera / Sebasti&aacute;n Cardenas</p>\n<p><strong>Montaje: </strong>La monta&ntilde;a producciones</p>\n<p><strong>Dise&ntilde;o Interfaz: </strong>Alejandra Rojas</p>\n<p><strong>Ilustraciones: </strong>Mar&iacute;a Alejandra Ja&iacute;mes</p>\n<p><strong>Foto fija: </strong>Cristian Vera / Sebasti&aacute;n Cardenas</p>\n<p><strong>Producci&oacute;n de Campo: </strong>Eduardo M&aacute;rquez</p>', '', '', '<p>Apoyo de la Universidad Aut&oacute;noma de Bucaramanga, como parte de un proyecto investigativo.</p>', 110, 1, 1, '2023-08-11 01:40:50', '2023-08-11 01:40:50'),
(111, NULL, 2, 10, 'Las fronteras', 'Documental interactivo sobre jóvenes inmigrantes magrebies que posiciona al espectador en un recorrido virtual a través de un cómic y Google Street View', 'https://www.gusano.org/video/las-fronteras/', '<p><strong>PROYECTO INTERACTIVO: </strong>Jorge Caballero y Laia Ramos</p>\n<p><strong>DISE&Ntilde;O Y PROGRAMACI&Oacute;N: </strong>Taller Estampa</p>\n<p><strong>ILUSTRACI&Oacute;N: </strong>Lavender Nova</p>\n<p><strong>EDICI&Oacute;N Y FOTOGRAF&Iacute;A: </strong>Xavier Gil</p>\n<p>Gusano Films</p>', '', '', '<p>Beca de Arte para la mejora social Fundaci&oacute;n &ldquo;La Caixa&rdquo;</p>\n<p>Gusano Films</p>', 111, 1, 1, '2023-08-11 01:42:27', '2023-08-11 01:42:27'),
(112, NULL, 2, 9, 'Generador de Historias', 'Proyecto inmersivo en el cuál se le pide al espectador una información que quiera brindar. A partir de esos datos se crea un relato.', 'https://www.gusano.org/video/generador-de-historias/', '<p><strong>DIRECCI&Oacute;N: </strong>Jorge Caballero</p>', '', '', '<p>Gusano Films</p>', 112, 1, 1, '2023-08-11 01:43:34', '2023-08-11 01:43:34'),
(113, NULL, 2, 11, 'El buen vivir', 'El Buen Vivir es un proyecto multiplataforma de la Comisión Nacional de Comunicación de los Pueblos Indígenas, CONCIP, con el apoyo de MinTIC, que invita a descubrir una parte de la inmensa riqueza cultural de nosotros, los pueblos originarios de Colombia. Queremos compartir nuestros modelos de solución a distintos problemas asociados a la modernidad. No se trata de un simple recetario sino de ideales y prácticas inspiradas por distintos enfoques de economía solidaria, soberanía alimentaria, derechos de la naturaleza, protección de la biodiversidad, defensa del territorio, buen gobierno, comunicación espiritual, resolución de conflictos y convivencia ciudadana en la diferencia cultural.', 'https://elbuenvivir.co/index.php/es/', '<p><strong>Direcci&oacute;n general:</strong>&nbsp;Pablo Mora Calder&oacute;n</p>\n<p><strong>Producci&oacute;n general:</strong>&nbsp;Rosaura Villanueva Espitia</p>\n<p><strong>Asistente de producci&oacute;n:</strong>&nbsp;Paola Sol&oacute;rzano</p>\n<p><strong>Edici&oacute;n: </strong>Juan Pablo M&eacute;ndez</p>\n<p><strong>Asistencia de edici&oacute;n: </strong>Mar&iacute;a Paula Betancourt | Camilo S&aacute;nchez</p>\n<p><strong>Postproducci&oacute;n de sonido: </strong>Germ&aacute;n Le&oacute;n</p>\n<p><strong>Dise&ntilde;o Gr&aacute;fico: </strong>Juan David Acevedo | Juli&aacute;n Mej&iacute;a</p>\n<p><strong>Transmedia | Direcci&oacute;n y formaci&oacute;n: </strong>Edith Sierra Monta&ntilde;o</p>\n<p><strong>P&oacute;dcast | Producci&oacute;n final:</strong> Milton Coreguaje | Rossana Fuentes | Tatiana Ram&iacute;rez</p>\n<p>Los cortos documentales fueron dirigidos por indigenas de cada comunidad presentada en el proyecto.&nbsp;</p>', '', '', '<p>Apoyo del Ministerio de las Tecnolog&iacute;as de la Informaci&oacute;n y las Comunicaciones (MinTIC) &nbsp;y la Comisi&oacute;n Nacional de Comunicaci&oacute;n de los Pueblos Ind&iacute;genas (CONCIP)</p>', 113, 1, 1, '2023-08-11 01:45:55', '2023-08-11 01:45:55'),
(114, NULL, 2, 9, 'La trenza de mi Madre', 'Proyecto multiplataforma sobre feminidad y cáncer de seno, ganador de la beca mujeres creadoras para el desarrollo de formatos de no ficción del Ministerio de Cultura de Colombia.', '', '', '', '', '', 114, 1, 1, '2023-08-11 01:55:52', '2023-08-11 01:55:52'),
(115, NULL, 2, 9, 'Transformacciones', 'Documental transmedia colaborativo que busca destacar las acciones que se realizan en Colombia, segundo país con mayor biodiversidad del planeta, para transformar hábitos de consumo, intervenir en la comunidad y cuestionarse sobre nuestra responsabilidad en la Tierra.', '', '<p><strong>Direcci&oacute;n documental audiovisual: </strong>Alejandro Borr&aacute;ez</p>\n<p><strong>Direcci&oacute;n documental interactivo: </strong>Alejandro Borr&aacute;ez</p>\n<p><strong>Producci&oacute;n general: </strong>Omar Javier Uma&ntilde;a</p>\n<p><strong>Productora: </strong>DolarBlue Films</p>', '', '', '', 115, 1, 1, '2023-08-11 02:05:26', '2023-08-11 02:05:26'),
(116, NULL, 2, 1, 'Meandros', 'Meandros es un viaje visual y narrativo por el Guaviare, región en guerra con agudos problemas sociales. Durante el recorrido se registran las percepciones de las comunidades que habitan este territorio, a través de una evocación simbólica de sus condiciones sociales y sus características culturales. Por medio de múltiples personajes se descubren los rostros, las historias, las opiniones, las trochas, los ríos que hacen tangible el entorno humano del conflicto en la región. Las contradicciones, los antagonismos y las similitudes del mosaico cultural del territorio son alegóricas a cada una de las curvas que describe el curso de un río. Los meandros descubren el camino sinuoso que acerca y separa a las comunidades. Meandros es una metáfora que relaciona el conflicto social y la guerra con el territorio de las comunidades.', 'https://meandros2009.wordpress.com/about/', '<p><strong>Realizadores: </strong>Manuel Ruiz Montealegre y H&eacute;ctor Ulloque Franco</p>', '', '', '', 116, 1, 1, '2023-08-11 02:06:39', '2023-08-11 02:06:39'),
(117, NULL, 2, 9, 'Mutatis Corpore ', 'La expresión MUTATIS CORPORE se refiere tanto al cambio de un cuerpo por otro como a las transformaciones efectuadas sobre el mismo. Así, el universo transmedia de Mutatis Corpore presenta diferentes maneras de realizar esa operación de cambio no sólo desde su concepción plástica donde se construyen dos dimensiones de un mismo mundo en el que cada uno de los seres que lo habitan están diseñados a partir de órganos y de partes del cuerpo humano en constante transformación, sino que también desde la exploración de nuevas posibilidades técnicas de desarrollo entre la imagen análoga y la digital aplicables a la construcción de contenido multimedial y animado.', 'https://mutatiscorpore.weebly.com/', '<p><strong>Direcci&oacute;n / Animaci&oacute;n 2D / ​Dise&ntilde;o: </strong>RICARDO ​ARCE</p>\n<p><strong>Animaci&oacute;n 3D / Desarrollo: </strong>ALEJANDRO GUZM&Aacute;N</p>\n<p><strong>Producci&oacute;n / ​Pipeline: </strong>DIEGO ​R&Iacute;OS</p>\n<p><strong>Desarrollo AR / ​Dise&ntilde;o: </strong>JOAQU&Iacute;N ERAZO</p>\n<p><strong>Composici&oacute;n / Dibujo: </strong>DANIEL RUEDA</p>', '', '', '<p>Semillero de Dise&ntilde;o de Movimiento de la Escuela de Dise&ntilde;o, Fotograf&iacute;a y Realizaci&oacute;n Audiovisual de la Universidad Jorge Tadeo Lozano</p>', 117, 1, 1, '2023-08-11 02:08:29', '2023-08-11 02:08:29'),
(118, NULL, 2, 7, 'Manos de Luz', 'Al relevar a su madre en la dirección de ASOPARUPA -la mayor asociación de parteras tradicionales del Pacífico Colombiano- Liceth Quiñones, mujer negra y partera desde los 13 años, emprenderá la lucha por el derecho de la mujer al \"nacimiento humanizado\" y la salvaguarda del patrimonio inmaterial de memoria y saberes ancestrales pertenecientes a comunidades Afrodescendientes colombianas.\n\nLiceth se enfrentará a un sistema de salud que no reconoce la medicina tradicional ni a sus portadoras. La partería, ciencia ancestral heredada por generaciones, se convierte en uno de los mayores procesos de resistencia de las comunidades negras en un territorio vulnerable por el conflicto y el olvido.', 'manosdeluz.co', '<p><strong>Direcci&oacute;n general, investigaci&oacute;n y co-producci&oacute;n: </strong>Alejandro Ceballos Jim&eacute;nez</p>\n<p><strong>Producci&oacute;n General, co-direcci&oacute;n y Producci&oacute;n transmedial: </strong>Alejandro Angel Torres</p>\n<p><strong>Personaje Principal, libretos y locuci&oacute;n podcast: </strong>Liceth Qui&ntilde;ones</p>\n<p><strong>Sonido Directo: </strong>Staned Orozco</p>\n<p><strong>Postproducci&oacute;n y finalizaci&oacute;n sonora Podcast: </strong>Diego Garc&iacute;a</p>\n<p><strong>Montaje contenidos transmedia: </strong>Javier Le&oacute;n</p>\n<p><strong>Investigaci&oacute;n y Foto Fija: </strong>Saul Monard</p>\n<p><strong>Producci&oacute;n de Campo y Foto Fija: </strong>David Sinza</p>\n<p><strong>Dise&ntilde;o Gr&aacute;fico: </strong>Valentina Castillo</p>', '', '', '<p>Armadillo New Media &amp; films</p>\n<p>Con Apoyo de:&nbsp;AsoParuPa</p>\n<p>Fincanciaci&oacute;n:&nbsp;Ministerio de Cultura</p>', 118, 1, 1, '2023-08-11 02:11:48', '2023-08-11 02:11:48'),
(119, NULL, 2, 10, 'Diana de Santa Fe', 'Diana pasa de ser una prostituta transgénero sin hogar a convertirse en una osada líder comunitaria de Santa Fe. A través de un ambicioso experimento social, torna el barrio en un refugio para los marginados.\n\nSu convicción es que la zona es la respuesta para defender los derechos de las personas en ejercicio de la prostitución, por lo tanto defiende el experimento, a pesar de que se ha convertido en un floreciente destino turístico sexual, arropado en delincuencia y narcotráfico. Atrapada entre agendas políticas, económicas y sociales incompatibles, Diana permanece alerta, protegiendo la zona por la cual tanto ha luchado.\n\nSu compleja historia, singular pero representativa de otros grupos inmigrantes en Bogotá, es simultáneamente dolorosa e inspiradora.', 'https://sentiido.com/diana-de-santa-fe/', '<p><strong>Directora&amp;Guionista: </strong>Carmen Oquendo</p>\n<p><strong>Productora: </strong>Anabelle Mullen</p>\n<p><strong>Productora Ejecutiva: </strong>Julie Mehretu</p>\n<p><strong>Co-Guionista y Consultora de gui&oacute;n: </strong>Fernanda Rossi</p>\n<p><strong>Co-productor y Productor transmedia: </strong>Alejandro Angel</p>\n<p><strong>Director de Fotograf&iacute;a: </strong>Oscar Frasser</p>\n<p><strong>Asistente de Direcci&oacute;n, Sonidista, Director componente Teatro: </strong>Christian Avila</p>\n<p><strong>Montaje: </strong>Carla Cavina</p>\n<p><strong>Asistente de Montaje: </strong>Luis Enrique</p>', '', '<p>* Proyecto seleccionado en los &ldquo;BAM Projects&rdquo; del Bogot&aacute; Audiovisual Market (2017)</p>\n<p>* Beca del National Endowments for the Arts/Instituto de la Cultura Puertorrique&ntilde;a (2017)</p>\n<p>*Ganador Premio Teleservicios en Secci&oacute;n documental de los BAM Projects del Bogot&aacute; Audiovisual Market (2017)</p>', '<p>Armadillo New Media &amp; films<br>Canela PR Corp</p>\n<p>Con Apoyo de:<br>Departamento de Comunicaci&oacute;n Social y Cinematograf&iacute;a UTADEO</p>', 119, 1, 1, '2023-08-11 02:15:27', '2023-08-11 02:15:27'),
(120, NULL, 2, 9, 'La Memoria de los Peces', 'Aníbal, un viejo pescador, regresa a Nueva Venecia, un pueblo de palafitos en el corazón de la Ciénaga del Magdalena, en la Costa Caribe colombiana, del que huyó hace muchos años tras una masacre. Enfermo y agotado, debe reencontrarse con su pasado para poder reconciliarse con su memoria de dolor.', 'https://www.rtvcplay.co/cortometrajes-ficcion/la-memoria-de-los-peces', '<p><strong>Direcci&oacute;n: </strong>Christian Mej&iacute;a</p>', '', '<p>CAIRO INTERNATIONAL FILM FESTIVAL (Egypt)<br>MENCI&Oacute;N ESPECIAL DEL JURADO</p>', '', 120, 1, 1, '2023-08-11 02:16:55', '2023-08-11 02:16:55'),
(121, NULL, 2, 2, 'Guillermina y Candelario', 'Guillermina y Candelario son un par de traviesos e ingeniosos hermanos que viven en una hermosa playa y que con su capacidad de soñar y fantasear, transforman cada día en una increíble aventura en compañía de sus abuelos, que con su gran sabiduría siempre encuentran la manera de ayudarles a comprender el mundo, inculcándoles amor y respeto por la naturaleza y los seres que la habitan, así como un profundo gusto musical, que llena de alegría cada momento en familia.', 'http://guillerminaycandelario.com/', '', '', '<p>Premio India Catalina a mejor programa de Inclusi&oacute;n Social, 2014</p>\n<p>Premio Prix Jeunesse Iberoamericano Categor&iacute;a 0 a 6, 2016</p>\n<p>Premio Nacional Cinemateca a la infancia, 2015 -2017</p>\n<p>Premio Mejor Corto Florian&oacute;polis Brasil, 2015</p>', '<p>Fosfenos Media</p>', 121, 1, 1, '2023-08-11 02:18:04', '2023-08-11 02:18:04'),
(122, NULL, 2, 6, 'Medellín Steampunk', 'Medellín Steampunk fue el nombre que se dio al conjunto de actividades, realizadas en 2015 durante septiembre, el mes del patrimonio. Dicha conmemoración incluyó las intervenciones estéticas de cinco esculturas de personajes ilustres, ubicadas en el centro de Medellín y la recreación en audio de 23 guiones del Radioperiódico Clarín.', 'https://patrimoniomedellin.gov.co/proyectos/medellin-steampunk/', '', '', '', '<p>Alcald&iacute;a de Medell&iacute;n</p>', 122, 1, 1, '2023-08-11 02:19:13', '2023-08-11 02:19:13'),
(123, NULL, 2, 9, 'Kaji, Coca Sagrada', 'Kaji, Coca Sagrada, es un documental inmersivo de 7 minutos sobre el universo de la Coca Sagrada y su uso en el Vaupés Colombiano. Es una coproducción de 4Direcciones Audiovisual y DEEP Canadá ganadora del NEW MEDIA FUND.', 'https://mediamorfosis.net/espectaculo/kaji-coca-sagrada/', '<p><strong>Dirección: </strong>Diana Rico</p>\n<p><strong>Producción /registro audiovisual y fotográfico: </strong>Richard Decaillet</p>', '<p>Seleccionado para el VGM Venecia en octubre de 2018</p>\n<p>Seleccionado para la primera muestra de Realidad Virtual en el FICCI (Festival de Cine de Cartagena) 2019</p>\n<p>Encuentro nacional de patrimonio en la Estación Cultural de los Oficios en Bogotá, 2019</p>', '<p>KAJI fue ganadora de Mejor pieza de realidad virtual en el BAM (Mercado Audiovisual de Bogotá) 2018</p>\n<p>Se presentó en la inauguración del HUMBOLDT FORUM de BERLÍN, 2019</p>\n<p>Beca de PRINCE CLAUS FUND 2019</p>', '<p>Beca de circulaci&oacute;n y promoci&oacute;n de un proyecto audiovisual desarrollado con nuevos medios IDARTES 2020</p>\n<p>Beca de &nbsp;NEW MEDIA FUND</p>\n<p>4Direcciones Audiovisual y DEEP Canadá</p>', 123, 1, 1, '2023-08-11 02:20:34', '2023-08-11 02:20:34'),
(124, NULL, 2, 4, 'Sounds of Sai', 'Quisimos contar la historia de las músicas de San Andrés Isla a través de un documental. Invitamos a diferentes realizadores audiovisuales isleños para que junto con nuestro equipo crearan la narrativa y la magia de esta piezas audiovisual impactante y conmovedora. SOUNDS OF SAI nos cuenta la aventura de los músicos hijos de ese nuevo sonido, quienes buscan consolidar y conservar las raíces musicales de la isla, tendiendo como reto incursionar en la industria musical contemporánea.', 'https://poliedro.com.co/portafolio/creatividad/sounds-sai', '<p><strong>Directora: </strong>Marcia Juzga.</p>\n<p><strong>Producci&oacute;n Ejecutiva: </strong>Johanna Pinz&oacute;n.</p>', '', '', '<p>Alianza con el Ministerio de Cultura de Colombia.</p>', 124, 1, 1, '2023-08-11 02:22:15', '2023-08-11 02:22:15'),
(125, NULL, 2, 11, 'Valientas', 'Valientas Transmedia nace en el marco del proyecto de investigación TranSer y tiene como objetivo reconocer, resaltar y visibilizar las experiencias de vida relacionadas con la construcción y deconstrucción de la sexualidad de las mujeres trans, desde sus mismas voces, narrativas e historias de vida. Lo anterior para promover procesos de humanización en los servicios de salud de las mujeres trans, el reconocimiento y la exigibilidad de sus derechos, como sujetas de derechos, con sueños, anhelos y desafíos como todos los seres humanos.', 'https://valientastransmedia.javerianacali.edu.co/el-proyecto/', '<p><strong>Profesores - investigadores: </strong>Diego Fernando Montoya Berm&uacute;dez, Paula Andrea Hoyos Hern&aacute;ndez , Carlos Andr&eacute;s Tobar Tovar, Laura Juliana Valderrama, Martha Isabel Calle Cadavid</p>\n<p><strong>Profesionales: </strong>Isabela Casta&ntilde;eda, Diana Estefanny Arce Leonel, Vanessa Concha Valderrama, Juan Pablo Alvarado</p>\n<p><strong>Realizado por: </strong>Estudiantes de la carrera de Comunicaci&oacute;n de la Pontificia Universidad Javeriana&ndash;Cali</p>', '', '', '<p>&nbsp;Laboratorio de Narrativas Transmedia, carrera de Comunicaci&oacute;n de la Pontificia Universidad Javeriana&ndash;Cali</p>', 125, 1, 1, '2023-08-11 02:23:58', '2023-08-11 02:23:58'),
(126, NULL, 2, 11, 'Inusuales', 'A través de este proyecto transmedia sus creadores buscan visibilizar las condiciones raras o inusuales que experimenta el cuerpo y la mente de los seres humanos, algunas conocidas como la sinestesia, la licantropía clínica y la aboulumanía. Para esto se diseñó una serie web que narra con humor las situaciones que cotidianamente pasan las personas con estas características “inusuales”.', 'http://medialab.eafit.edu.co/inusuales/', '<p><strong>Directora: </strong>SHAYA ANG&Eacute;LICA PAZ</p>\n<p><strong>Productor: </strong>SEBASTI&Aacute;N GARC&Eacute;S</p>\n<p><strong>Dise&ntilde;o: </strong>JULIANA SALLEG ARIAS</p>\n<p><strong>Sonidista: </strong>SANTIAGO &Aacute;NGEL</p>\n<p><strong>Editor: </strong>ESTEBAN GARC&Iacute;A</p>', '', '', '<p>Con apoyo del programa de Comunicaci&oacute;n Social de EAFIT</p>', 126, 1, 1, '2023-08-11 02:25:43', '2023-08-11 02:25:43'),
(127, NULL, 2, 11, 'Con Cáscara y Todo', 'Con Cáscara y Todo es un proyecto narrativo creado para los enamorados de la comida, para los antojados o para los que se atreven a experimentar con texturas, colores y sabores en la cocina. Es para las personas que buscan tener un momento ratatouille cada vez que comen. Para nosotros es claro que, para llegar a tener sensaciones, recuerdos y una experiencia bonita y unificadora en cuanto a todo lo que implica comer, no es necesario mucho. Solo debemos recordar y valorar lo simple. Por eso, lo que se encuentra en nuestra alacena basta para salir de la monotonía y llenarse de un sinfín de preparaciones, sabores y momentos. Nosotros creemos que la comida es mucho más que comida, ¿y tú?', 'http://medialab.eafit.edu.co/concascaraytodo/', '<p><strong>Realizadores: </strong>Sof&iacute;a Casta&ntilde;o, Jes&uacute;s David Amaya, Juan Sebasti&aacute;n G&oacute;mez, Laura Congolino y Lina Marcela Ayala.&nbsp;</p>', '', '', '<p>Con apoyo del programa de Comunicaci&oacute;n Social de EAFIT</p>', 127, 1, 1, '2023-08-11 02:27:12', '2023-08-11 02:27:12'),
(128, NULL, 2, 11, 'Box, Sin Límites', 'Es un proyecto transmedia dirigido a niños y niñas entre los 9 y 12 años de edad, en particular, para quienes viven en las diferentes fundaciones de carácter social en Medellín. Esta iniciativa integra diversos recursos narrativos, tales como una serie web de cuatro capítulos que busca incentivar la creatividad infantil a partir de la exploración de nuevos referentes en el mundo de las artes, las ciencias, los deportes y los animales.', 'http://medialab.eafit.edu.co/box/', '<p><strong>Realizadores: </strong>Susana Ram&iacute;rez; Juan Pablo Ochoa, Paula Andrea Posada, Mariana Bedoya, Sara G&oacute;mez y Daniela Munevar</p>', '', '', '<p>Con apoyo del programa de Comunicaci&oacute;n Social de EAFIT</p>', 128, 1, 1, '2023-08-11 02:28:31', '2023-08-11 02:28:31'),
(129, NULL, 2, 11, 'Cincomplicaciones', 'En cinco capítulos que narran la historia de distintos tipos de duelos, los creadores de la serie web Cincomplicaciones abordan algunos de los momentos más difíciles por los que pasan las personas en la vida: baja autoestima por los estereotipos sociales, la ruptura de una relación amorosa o, incluso, darse cuenta quién es el Niño Dios.', 'http://medialab.eafit.edu.co/cincomplicaciones/', '<p><strong>Directora: </strong>Susana Aronna</p>\n<p><strong>Productora: </strong>Yojhana Cardona</p>\n<p><strong>Realizadora: </strong>Ana Saldarriaga,&nbsp;</p>\n<p><strong>Investigaci&oacute;n: </strong>Valeria Salazar&nbsp;</p>\n<p><strong>Dise&ntilde;o: </strong>Cristina Zapata.</p>', '', '', '<p>Con apoyo del programa de Comunicaci&oacute;n Social de EAFIT</p>', 129, 1, 1, '2023-08-11 02:29:54', '2023-08-11 02:29:54'),
(130, NULL, 2, 11, 'Parche-C', 'El año 2020 ha traído una serie de cambios significativos en la vida de las personas, debido al tema de la pandemia por el virus Covid-19. Parche C nace entonces con el objetivo de brindar posibilidades tanto para propietarios de negocios en el sector antes mencionado, como para usuarios en todo el Valle de Aburrá. Parche C es un proyecto interactivo transmedia que, por un lado, cree en el mercado local del entretenimiento, lo apoya y por otro lado cree en el deseo de distraerse y pasar tiempo de ocio que tienen los habitantes de Medellín. Por eso, por medio de diferentes plataformas, enseñamos la historia de adaptación y transformación de algunos de los propietarios de negocios como restaurantes, bares o discotecas. Los cambios y desarrollos que han tenido que aplicar para mantenerse en pie y seguir ofreciendo ese gran portafolio de entretenimiento que tiene la ciudad.', 'http://medialab.eafit.edu.co/parche-c/', '<p><strong>Realizadores: </strong>Camilo Ag&uuml;elles, Manuela Vanegas, Felipe Hern&aacute;ndez, Lorena Guerra, Santiago Chaverra, Melisa Betancur y Jonathan Agudelo y Juliana Garc&iacute;a.</p>', '', '', '<p>Con apoyo del programa de Comunicaci&oacute;n Social de EAFIT</p>', 130, 1, 1, '2023-08-11 02:31:05', '2023-08-11 02:31:05'),
(131, NULL, 2, 12, 'Proyecto Eleuteria', 'Esta es una investigación del Grupo de Prisiones de la Universidad de los Andes y el laboratorio de creación de contenidos narrativos Tadeo CrossmediaLab, que aborda la realidad de muchas mujeres y personas LGBTIQ+ privadas de la libertad y pospenadas, víctimas de un sistema judicial y carcelario que no se ajusta a sus necesidades. Sus voces son un recorrido experiencial que narra, desde las entrañas de los centros de reclusión, todas las violaciones de derechos que han padecido y que hasta ahora han sido invisibilizadas.', 'https://www.proyectoeleuteria.com.co/', '<p><strong>Asesores: </strong>Juan Pablo Uribe, Beatriz Su&aacute;rez</p>\n<p><strong>Realizadores: </strong>Angie Garay Hern&aacute;ndez​, Daneisi Julied Rubio, Andrea Jim&eacute;nez, Mar&iacute;a Fernanda L&oacute;pez, Mar&iacute;a Valencia Ib&aacute;&ntilde;ez, Valeria Alejandra G&oacute;mez, Mar&iacute;a Paula Fajardo, Laura Pardo, Cristina Uribe, Mariana Mej&iacute;a, Cristina Cer&oacute;n</p>', '', '', '<p>Apoyo del Grupo de Prisiones de la Universidad de los Andes&nbsp;</p>\n<p>Apoyo de CrossmediaLab de la Universidad Jorge Tadeo Lozano</p>', 131, 1, 1, '2023-08-11 02:32:41', '2023-08-11 02:32:41'),
(132, NULL, 2, 9, 'Colombianas', 'El arranque de la apuesta audiovisual, en donde las mujeres \"miran de frente\" a quienes las escuchan, se compone de 112 relatos de 31 mujeres, grabadas en Cali, Bogotá y Ubaté.\n\nVoces, rasgos y emociones acompañan las palabras, y completan las historias.', 'https://colombianas.org/proyecto/', '<p><strong>Direcci&oacute;n: </strong>Marcela Ascencio</p>\n<p><strong>Producci&oacute;n Ejecutiva: </strong>Elena Garc&eacute;s, Enrique Eder</p>\n<p><strong>Direcci&oacute;n de fotograf&iacute;a: </strong>Juan Arellano, Lucas Nieto</p>\n<p><strong>Direcci&oacute;n de sonido: </strong>C&eacute;sar Salazar</p>\n<p><strong>Montaje: </strong>&Aacute;ngela Ram&iacute;rez, Marcela Ascencio</p>', '', '', '<p>Con apoyo de La Fundaci&oacute;n Alvaralice</p>', 132, 1, 1, '2023-08-11 02:36:32', '2023-08-11 02:36:32'),
(133, NULL, 2, 11, 'Espantijos', 'Espantijos, más que una serie, es un universo en el que tres amigos deben aventurarse a explorar un mágico juego donde los famosos espantos de los mitos y leyendas latinoamericanas, son protagonistas.', 'https://www.misenal.tv/series/espantijos', '<p><strong>Direcci&oacute;n: </strong>Sergio Mej&iacute;a</p>\n<p>3 Dados - Se&ntilde;al Colombia</p>', '', '', '<p>Ganador convocatoria Crea Digital 2017</p>\n<p>Ganador convocatorias &nbsp;&lsquo;Claves Alharaca&rsquo; del Ministerio de Cultura&nbsp;</p>\n<p>Co-producida por 3 Dados y Se&ntilde;al colombia</p>', 133, 1, 1, '2023-08-11 02:38:14', '2023-08-11 02:38:14'),
(134, NULL, 2, 7, 'Cuentitos Mágicos', 'Cuentitos mágicos, es una serie de fábulas y cuentos cantados. Trata temas simples sobre vivencias de los niños de 2 a 6 años, ubicándolos en un imaginario mágico lleno de personajes inusuales y situaciones inesperadas. Podrás conocer moscas cocineras, brócolis cantantes, una galleta que es doctor, un frailejón súper héroe y mucho más.', 'https://www.misenal.tv/series/cuentitos-magicos', '<p><strong>Direcci&oacute;n: </strong>Adaan Li Guamp&eacute;</p>\n<p>RTVC Sistema de Medios P&uacute;blicos y Piragna S.A.S</p>', '', '<p>2022 - Galard&oacute;n Cr&oacute;nica, documental y medio de comunicaci&oacute;n en responsabilidad social en el marco de la edici&oacute;n 12 del Congreso Nacional de Responsabilidad Social Empresarial Megasostenibilidad</p>', '<p>RTVC Sistema de Medios P&uacute;blicos y Piragna S.A.S</p>', 134, 1, 1, '2023-08-11 02:40:03', '2023-08-11 02:40:03'),
(135, NULL, 2, 11, 'La Memoria del Hombre Insivible', 'Una historia de fantasía recorre cada parte del proyecto, es la historia de Joaquín, el hombre invisible, narramos su vida desde niño hasta que debe enfrentarse con sus problemas de olvido. Sus hermanos Carmen y Braulio lo acompañan, rodeándolo de comprensión y cariño.', 'https://cuidarmecuidarte.org/proyecto-transmedia/', '<p><strong>Direci&oacute;n: </strong>&Aacute;ngela Tob&oacute;n</p>\n<p>Grupo de Neurociencias de Antioquia</p>', '', '', '<p>Apoyo de la Universidad de Antioquia</p>', 135, 1, 1, '2023-08-11 02:41:25', '2023-08-11 02:41:25'),
(136, NULL, 2, 12, '#EntreTantoCuento', 'En “Detectores de Noticias Falsas” encontrarás un espacio con diferentes herramientas y estrategias que hemos diseñado para ayudarte a identificar qué son las noticias falsas, porqué debemos tener cuidado con este fenómeno y cómo puedes ayudar a detenerlo mediante la identificación de tus propios sesgos cognitivos.', 'https://www.entretantocuento.com/', '<p><strong>Realizado por: </strong>Fundaci&oacute;n Telef&oacute;nica Movistar - Critertc Educaci&oacute;n</p>', '', '', '<p>Privada: Fundaci&oacute;n Telef&oacute;nica Movistar</p>', 136, 1, 1, '2023-08-11 02:42:39', '2023-08-11 02:42:39'),
(137, NULL, 2, 7, 'Marímbula', 'En Palenque de San Basilio todos hablan de regresar a la tierra de sus ancestros. Andris y Gabriel (21 y 18 años) son los primeros palenqueros que parten a África buscando las huellas de su héroe Benkos Biohó. Marimbula es un proyecto transmedia desplegado en múltiples medios artísticos y por un grupo interdisciplinario conformado por documentalistas, videoartistas, fotógrafos, músicos y diseñadores, que durante más de seis años trabajaron sobre el universo de Palenque de San Basilio en el Departamento de Bolívar, Colombia.', '', '<p><strong>Directora: </strong>Diana Kuellar</p>\n<p><strong>Producci&oacute;n General: </strong>Luisa Sosa, Sandra Jaramillo</p>\n<p><strong>C&aacute;mara principal: </strong>Carlos Hern&aacute;ndez / Marcia Juzga / Andr&eacute;s Giraldo</p>\n<p><strong>Segunda c&aacute;mara: </strong>Alejandro Cock / Pablo Rivera</p>\n<p><strong>M&uacute;sica: </strong>Afro Neto Ri Palenge / Juan Sebasti&aacute;n Prieto &ndash; Sebtro /Arly Sanz/ Jorge Sabogal</p>', '', '', '<p>Apoyo Universidad del Valle (Univalle)</p>', 137, 1, 1, '2023-08-11 02:44:22', '2023-08-11 02:44:22'),
(138, NULL, 2, 12, 'El Circo Medellín', 'Estudiantes de Diseño Gráfico UPB realizaron  proyectos innovadores para el Circo Medellín. El núcleo de narrativa y experiencia ha planeado que los alumnos se involucren con instituciones o fundaciones sin ánimo de lucro y pensándolo con un enfoque de trabajo social.', 'https://www.upb.edu.co/es/noticias/proyectos-transmedia-impulsan-circo-medellin', '<p><strong>Realizado por: </strong>Estudiantes de Dise&ntilde;o Gr&aacute;fico UPB</p>', '', '', '<p>Apoyo de la UPB</p>\n<p>Alianza con el circo de medell&iacute;n</p>', 138, 1, 1, '2023-08-11 02:45:40', '2023-08-11 02:45:40'),
(139, NULL, 2, 11, 'Rebelión', 'Año 2150, el orden mundial ha cambiado, los recursos naturales se han agotado, los animales que alguna vez recorrieron la tierra fueron intervenidos, extinguidos y manipulados genéticamente. El mundo ahora es controlado por Cyclical; un selecto grupo de personas adineradas, quienes desarrollaron una estrategia para dominar el mundo.\n\n​Rebelión es un proyecto transmedia, integrado por múltiples complementos con diferentes funciones dentro de la historia ya que cada complemento usa una técnica y narrativa diferente, lo que permite al espectador conocer diferentes partes de la historia.\n', 'https://rebelionproject202.wixsite.com/rebelion/transmedia', '<p><strong>Realizadores: </strong>Edwin Forero, &nbsp;Alexander Lossa, &nbsp;Heiler Torres, Jessica Antonio</p>', '', '', '', 139, 1, 1, '2023-08-11 02:46:53', '2023-08-11 02:46:53'),
(140, NULL, 2, 11, 'Salto a la Modernidad Envuelto en una Cobija', 'Salto a la modernidad envuelto en una cobija es un proyecto de creación transmedia, donde se explora de manera experimental, la relación del patrimonio cultural de la localidad de Los Mártires, y el vínculo que existe entre sus habitantes y trabajadores, poniendo en tensión aspectos como: memoria, comercio, arquitectura, productividad y relación simbólica.', 'http://www.puertocontemporaneo.org/saltoalamodernidad.html', '<p><strong>Direcci&oacute;n- Investigaci&oacute;n: </strong>Zoila Silena Arias y Ricardo Moreno.</p>\n<p><strong>Producci&oacute;n general: </strong>Diana Vergel Ram&iacute;rez.</p>\n<p><strong>Asistencia de investigaci&oacute;n: </strong>Diana Vergel Ram&iacute;rez.</p>', '', '', '<p>Proyecto ganador de la Beca Reflejos del Bronx de la Fundaci&oacute;n Gilberto Alzate Avenda&ntilde;o 2020</p>', 140, 1, 1, '2023-08-11 02:48:13', '2023-08-11 02:48:13'),
(141, NULL, 2, 11, 'Hierbas al Bronx', 'Hierbas al Bronx es un proyecto que busca re-significar a través de las hierbas, la memoria del espacio cultura que en antaño se conoció como El Bronx. Con performances, música, agricultura urbana, laboratorios, recorridos y un producto radial, reunimos historias, saberes y experiencias que compartimos en nuestra plataforma.', 'https://www.hierbasalbronx.vidaarteycultura.com/', '<p><strong>Realizaci&oacute;n: </strong>Revista Transmedia VAC (Vida, arte y cultura),&nbsp;Red Pa Ke No Toke Lo Peor,&nbsp;Colectivo Namaku</p>\n<p><strong>Direcci&oacute;n General: </strong>Claudia Alejandra Mu&ntilde;oz Marquez</p>\n<p><strong>Contenidos: </strong>Carlos Alberto Ram&iacute;rez Amaya</p>\n<p><strong>Fotograf&iacute;a: </strong>Jhon Eder Sacantiva Bernal,&nbsp;Mauricio Celis</p>\n<p><strong>Dise&ntilde;o gr&aacute;fico: </strong>Jhon Eder Sacantiva Bernal</p>', '', '', '<p>Proyecto ganador de la Beca Reflejos del Bronx de la Fundaci&oacute;n Gilberto Alzate Avenda&ntilde;o 2020</p>', 141, 1, 1, '2023-08-11 02:50:08', '2023-08-11 02:50:08'),
(142, NULL, 2, 12, 'La 45, Calle de la Desdicha', 'La 45, Calle de la desdicha, es un documental transmedia, que busca visibilizar los límites sociales sobre los que se asienta la sociedad bumanguesa y se hacen evidentes particularmente en esta vía, a fin de motivar un ejercicio de memoria histórica a través de variadas manifestaciones artísticas que se enmarcan dentro de lo plástico y audiovisual; para abarcar desde distintas miradas, la multiplicidad de fenómenos y la complejidad de la zona.', 'https://la45calledeladesdicha.com/', '<p><strong>Direcci&oacute;n:</strong>&nbsp;Katherin Dur&aacute;n y Daniela Velasco</p>\n<p><strong>Producci&oacute;n: </strong>Maria Luisa Meneses</p>\n<p><strong>Direcci&oacute;n de fotograf&iacute;a y motion graphics:</strong>&nbsp;Sebasti&aacute;n Alejandro Valero</p>\n<p><strong>Asistencia de fotograf&iacute;a y colorizaci&oacute;n: </strong>Andr&eacute;s Meneses</p>\n<p><strong>Operador de c&aacute;mara: </strong>Rafael Solarte</p>\n<p><strong>Sonido directo y postproducci&oacute;n de audio: </strong>Andr&eacute;s Zantiago Castellanos</p>\n<p><strong>Dise&ntilde;o sonoro: </strong>Sebasti&aacute;n Uzc&aacute;tegui</p>\n<p><strong>Montaje documental: </strong>Nicolas Cadena Casadiego y Yankady Rebolledo</p>\n<p><strong>Montaje de interfaz: </strong>Lina Gabriela Perdomo</p>\n<p><strong>Paisaje Sonoro: </strong>Lorena Chaj&iacute;n</p>', '', '', '<p>Apoyo de la Universidad Aut&oacute;noma de Bucaramanga (UNAB)</p>', 142, 1, 1, '2023-08-11 02:53:45', '2023-08-11 02:53:45'),
(143, NULL, 2, 12, 'Entusados', 'Entusados es una serie web transmedia producida por SIAPA - Semillero de Investigación Aplicada de Periodismo Audiovisual, la Vicerrectoría de Investigación y el Centro Ático de la Pontificia Universidad Javeriana, con el apoyo del programa de CINE Y TV  de la UNIAGUSTINIANA y la Uniminuto, que narra la violencia de género desde una perspectiva masculina y joven enmarcada en las relaciones universitarias. A partir de la idea de que los hombres también pueden estar entusados y cómo llegan a vivir la tusa.', 'https://entusados.wixsite.com/inicio', '<p><strong>Direcci&oacute;n Semillero: </strong>Germ&aacute;n Orteg&oacute;n P&eacute;rez&nbsp;</p>\n<p><strong>Investigaci&oacute;n: </strong>Sebasti&aacute;n D&iacute;az Granados</p>\n<p><strong>Jefe de pro&shy;duc&shy;ci&oacute;n: </strong>Yenny Ca&shy;rre&shy;&ntilde;o</p>\n<p><strong>Pro&shy;duc&shy;ci&oacute;n: </strong>Ka&shy;ren Ta&shy;pias</p>\n<p><strong>Ma&shy;qui&shy;lla&shy;je:&nbsp;</strong>Ro&shy;xa&shy;na Cir&shy;ca&shy;do&nbsp;<br>&nbsp;<br><strong>Equi&shy;po de arte:&nbsp;</strong>Liz&shy;beth Al&shy;fon&shy;so</p>', '<p>2022 - Nominaci&oacute;n a Mejor Serie de Ficci&oacute;n Web de los Premios India Catalina</p>', '<p>2022 - Menci&oacute;n Honor&iacute;fica en la categor&iacute;a de Microrelatos para redes sociales en los premios Createi</p>', '<p>Apoyo de Incubadora de Se&ntilde;al Colombia para proyectos universitarios financiables en el sector de las industrias creativas</p>\n<p>Apoyo de la universidad Javeriana. SIAPA - Semillero de Investigaci&oacute;n Aplicada de Periodismo Audiovisual</p>\n<p>Apoyo del programa de Cine y Tv de la Uniagustiniana</p>\n<p>Apoyo del programa de Cine y Tv de la Uniminuto</p>', 143, 1, 1, '2023-08-11 02:55:42', '2023-08-11 02:55:42'),
(144, NULL, 2, 12, 'Geniales', 'Geniales se trata de una estrategia transmedia que hace posible el diálogo entre los niños y niñas de todo el país, y tiene como propósito dar a conocer esos problemas, para encontrar juntos las opiniones, consejos, sugerencias e ideas que puedan ayudar a solucionarlos.', 'https://misenal.tv/geniales', '<p><strong>Direcci&oacute;n: </strong>John Richard S&aacute;nchez</p>\n<p>Se&ntilde;al Colombia</p>', '', '', '<p>Apoyo de Se&ntilde;al Colombia</p>', 144, 1, 1, '2023-08-11 02:57:08', '2023-08-11 02:57:08'),
(145, NULL, 2, 12, 'Jazz Mutante', 'El Festival Jazz Al Parque celebra un cuarto de siglo, y ha preparado una serie de productos digitales para todos, a la manera de un gran archivo multimedia e interdisciplinar de memoria. Se lanza un proyecto transmedia que recorre la historia del Festival y su impacto en el desarrollo del jazz bogotano, a través de cinco productos de memoria: la serie audiovisual “Jazz Mutante”, la serie podcast “Jazz Al Podcast”, la recopilación musical digital “Jazz Al Parque, 25 años en 25 temas”, el banco virtual de partituras de la Big Band Bogotá y un libro interactivo que albergará y compilará los demás productos. Todo esto para que la ciudadanía tenga acceso pleno y libre a una experiencia única y a un material fundamental, no solo para su disfrute, sino para muchos tipos de aprendizaje, investigación y estudio.', 'https://jazzalparque.gov.co/jazz-mutante', '', '', '', '<p>Apoyo de IDEARTES</p>', 145, 1, 1, '2023-08-11 02:58:28', '2023-08-11 02:58:28'),
(146, NULL, 2, 10, 'Bicentenario Transmedia', 'En el marco del Proyecto Transmedia Bicentenario liderado por el Canal Trece y conformado por todos los canales de televisión pública regional, se construye el sitio web para la publicación de los tres ejes de contenido principales: Libertador la serie, Simona Amaya y Libertador el libro.', 'https://proyectotransmediabicentenario.com/', '<p>Canal Trece</p>\n<p><strong>Director Serie: </strong>Iv&aacute;n Ga&oacute;na</p>\n<p><strong>Productora: </strong>La Contrabanda</p>\n<p><strong>Directora Largometraje: </strong>Teresa Saldarriaga</p>\n<p><strong>Productora: </strong>Yuma Video Cine</p>', '', '<p>2020 - &nbsp;Premios TAL. Ganador en la categor&iacute;a de Mejor Serie Ficci&oacute;n</p>', '<p>Uni&oacute;n financiera de Teleislas,&nbsp;Telecaribe, Teleantioquia, Telecaf&eacute;, TRO, Telepac&iacute;fico, Canal Capital y Canal Trece</p>', 146, 1, 1, '2023-08-11 03:00:22', '2023-08-11 03:00:22'),
(147, NULL, 2, 3, 'Susana y Elvira', 'Este proyecto nace con un blog que dos jóvenes, Maria Fernanda Moreno y Marcela Peláez, crearon en 2008 para hablar con total libertad sobre sexo, relaciones de pareja, y demás aspectos cotidianos de su vida en relación con los hombres.', 'https://www.youtube.com/user/susanayelvira', '<p><strong>Directoras del proyecto: </strong>Maria Fernanda Moreno y Marcela Pel&aacute;ez</p>', '', '', '', 147, 1, 1, '2023-08-11 03:01:42', '2023-08-11 03:01:42'),
(148, NULL, 2, 11, 'Infinitos', 'En Infinitos, el colectivo, busca recopilar diversas historias para construir una obra colaborativa que represente los pensamientos y reflexiones ha tenido la gente en este contexto de pandemia.\n\nEl objetivo del proyecto es escuchar muchas voces. Las personas que quieran hacer parte del proyecto compartirán sus historias, (pueden ser realidad o ficción), a través de una página web que les permitirá ser narradores desde la virtualidad y a su vez, ser protagonistas de esta obra.', 'https://infinitos.uniandes.edu.co/explorar/', '<p><strong>Concepto, direcci&oacute;n general, direcci&oacute;n de arte, imagen y video: </strong>Carmen Gil Vrolijk</p>\n<p><strong>Direcci&oacute;n y creaci&oacute;n musical y sonora: </strong>Camilo Giraldo Angel</p>\n<p><strong>Creaci&oacute;n y desarrollo interactivo: </strong>Sebasti&aacute;n Gonz&aacute;lez Dixon</p>\n<p>La Quinta del Lobo</p>', '', '', '<p>Realilzado con fondos propios de La Quinta del Lobo</p>\n<p>Apoyo de Uniandes</p>', 148, 1, 1, '2023-08-11 03:03:14', '2023-08-11 03:03:14'),
(149, NULL, 2, 9, 'Pasión', 'Este documental transmédia nos sumerge en el contexto campesino colombiano, en la cotidianidad de una familia de Cocorná, un pueblo cercano a Medellin que ha sido fuertemente afectado por los problemas de la violencia interna del país. Una mirada a la cotidianidad de la familia de Ocampo Gómez nos permitirá un acercamiento a las problemáticas sociales que afectan a esta comunidad campesina de esta región de Antioquia.', 'http://pasiontransmedia.com/es/inicio/', '<p><strong>Realizadores: </strong>Ana Cristina Villegas - Guillaume Falaix</p>\n<p><strong>E-book: </strong>Gladys Calder&oacute;n</p>\n<p><strong>Editor, animador y operador de camara: </strong>Maxime Klotz</p>', '', '', '', 149, 1, 1, '2023-08-11 03:04:53', '2023-08-11 03:04:53'),
(150, NULL, 2, 11, 'Tour Delirio', '“Tour Delirio” es un proyecto transmedia que cuenta historias de vigilancia en el contexto latinoamericano para hacer visible cómo nuestras vidas cotidianas están estrechamente relacionadas con la vigilancia estatal, corporativa y social. El objetivo es que cada vez más personas participemos en una de las mayores discusiones de derechos humanos de los últimos años: la privacidad en Internet.', 'https://tourdelirio.com/', '<p><strong>Direcci&oacute;n: </strong>Mar&iacute;a Juliana Soto N.</p>\n<p><strong>Guion: </strong>Mar&iacute;a Juliana Soto N. - Miguel Tejada S&aacute;nchez</p>\n<p><strong>Ilustraci&oacute;n y dise&ntilde;o: </strong>Cu&aacute;ntika Studio,&nbsp;Juliana L&oacute;pez Vargas - Juan Sebasti&aacute;n Mart&iacute;nez</p>\n<p><strong>Apoyo T&eacute;cnico: </strong>Oscar Narv&aacute;ez Mora</p>', '', '', '<p>Con el apoyo de una beca de Open Society Foundations 2018</p>', 150, 1, 1, '2023-08-11 03:06:44', '2023-08-11 03:06:44'),
(151, NULL, 2, 11, 'CoronaUAOrius', 'Proyecto transmedia de estudiantes Autónomos que busca comunicar diferentes factores del contexto mundial del Covid-19 más allá de la crisis. Busca recrear espacios de entretenimiento, educación e historias para conectar, educar y entretener de distintas maneras y hacer la cuarentena más agradable a través de distintos medios cómo Facebook, Instagram, Youtube y Soundcloud.', 'https://coronauaorius.wixsite.com/coronauaorius', '', '', '', '<p>Con el apoyo de la Universidad Aut&oacute;noma de Occidente</p>', 151, 1, 1, '2023-08-11 03:41:20', '2023-08-11 03:41:20'),
(152, NULL, 2, 14, 'Petroglifos (En desarrollo)', 'Proyecto transmedia que cuenta las historias del continente mágico Abya Yala: un universo Animado en el habitan diferentes tribus de humanos que conviven con seres ancestrales llamados Petroglifos, ellos son la forma en que trasciende el alma de las personas de corazón puro que hicieron algo importante por su gente. Estos ancestros llenos de sabiduría y conocimientos milenarios serán los encargados de mantener comunicación con la tierra y la memoria de la humanidad.', 'https://silentartsas.wixsite.com/silentartpage/petroglifos-project', '<p><strong>Direcci&oacute;n: </strong>Ricardo M&aacute;rquez</p>\n<p><strong>Producci&oacute;n:</strong>&nbsp;Fabi&aacute;n Villamil</p>', '<p>*Selecci&oacute;n oficial Bam - Bogot&aacute; Audiovisual Market - Bam Projects 2018</p>\n<p>*Selecci&oacute;n oficial - MAI - Market Animation Industry &ndash; Chilemonos 2018</p>', '', '<p>Convocatoria Crea Digital 2017</p>', 152, 1, 1, '2023-08-11 04:02:34', '2023-08-11 04:02:34'),
(153, NULL, 2, 2, 'Zambo Dende', 'ZAMBO DENDÉ, es un proyecto de ficción de formato transmedia creado en Colombia, para todas las edades, géneros y culturas, que busca llevar un mensaje de igualdad, libertad y hermandad, a través de la historia de AZUK MACONNEN-KALEN (ZAMBO DENDÉ), el hijo de un esclavo negro y una esclava Indígena Latina del siglo XVI y quien sin esperárselo, se embarca en una aventura sin precedentes, llena de magia, misticismo y con el único objetivo de proteger a la humanidad de la tiranía déica. ', 'https://www.zambodende.com/', '<p><strong>Creador: </strong>Nicol&aacute;s Rodr&iacute;guez</p>\n<p>7glab</p>', '', '', '<p>Apoyo de ProIm&aacute;genes Colombia</p>', 153, 1, 1, '2023-08-11 04:05:12', '2023-08-11 04:05:12'),
(154, NULL, 2, 12, 'Seguras Viajamos', 'Seguras Viajamos es un proyecto transmedia que busca crear espacios para visibilizar casos de acoso a mujeres  que ocurren a diario alrededor de nuestro país..Son muchas las mujeres que son acosadas a diario en los espacios públicos, y es por esto que 6 de cada 10 de ellas no se sienten seguras de transitar en ellos.\n\n¡Seamos parte del cambio! Entre todos podemos denunciar y apoyar en caso de presenciar una situación de acoso sexual. Puedes conocer las rutas ingresando a nuestro Manual SOS que encontrarás en nuestro sitio.', 'https://medialab.eafit.edu.co/seguras-viajamos/', '<p><strong>Realizadoras: </strong>Ana Fern&aacute;ndez, Gisela Perdomo, Mar&iacute;a Jos&eacute; Rivas</p>', '', '', '<p>Apoyo de Medialab de la universidad EATFIT</p>', 154, 1, 1, '2023-08-11 04:07:20', '2023-08-11 04:07:20'),
(155, NULL, 2, NULL, 'Memorias de Tierra', 'Un proyecto transmedia sobre una comunidad que la minería borrará del mapa.\n\nEl componente principal es una plataforma multimedia que será una herramienta simbólica de memoria que le permitirá a sus habitantes volver a su territorio. En este recorrido (tour) multimedia, con tecnología 360 (VR), puede darse una idea de la comunidad a través de videos, audios, infografías y fotografías; ser parte y testigo de la memoria de sus habitantes y conocer cómo recuerdan su comunidad, cómo la minería ha cambiado su vida y qué desean para su futuro. También accede a información sobre extractivismo en la región, y los impactos medioambientales y en la salud, así como las violaciones de Derechos Humanos que están relacionadas con esta situación.', 'https://memoriasdetierra.com/#home', '<p><strong>Direcci&oacute;n: </strong>Julia Maria Schmidt</p>\n<p><strong>Producci&oacute;n: </strong>Juan Manuel Pe&ntilde;a</p>\n<p>Fundaci&oacute;n Chasquis</p>', '', '', '', 155, 1, 1, '2023-08-11 04:08:42', '2023-08-11 04:08:42');
INSERT INTO `projects` (`id`, `user_id`, `gender_id`, `year_id`, `name`, `description`, `url`, `team`, `nominations`, `awards`, `funding`, `order`, `is_public`, `is_featured`, `created_at`, `updated_at`) VALUES
(156, NULL, 2, 12, 'Así es la Vuelta', 'Mientras Soledad y Junior intentan encontrar sus propias respuestas a lo largo de un periplo en el que descubrirán diversas formas de violencia (y de afectos) en distintas regiones del país, poco a poco entenderán que las experiencias negativas marcan, pero que también las muestras sinceras de afecto y empatía nos definen, y que nunca es tarde para incorporarlas a lo que somos. Ese viaje es a su vez el hilo conductor del universo narrativo que proponemos, y a través de él entenderemos que \'Así es la vuelta\', la vuelta al pasado, quizá a la carretera, pero sobre todo, la vuelta a uno mismo.', 'https://asieslavuelta.com/mapa/', '<p><strong>Directora Serie Televisiva: </strong>Claudia Pedraza</p>\n<p><strong>Director General Serie Animada: </strong>Carlos Eduardo Smith</p>\n<p><strong>Co-director &nbsp;serie animada: </strong>Juan Camilo Fonnegra</p>\n<p>CANAL TRECE - &nbsp;64A FILMS - HIERRO ANIMACI&Oacute;N</p>', '', '<p>2021 - Premios TAL, en la categor&iacute;a Mejor Proyecto Transmedia</p>', '<p>Con el apoyo de Canal Trece</p>\n<p>Con el apoyo de Bienestar Familiar</p>', 156, 1, 1, '2023-08-11 04:10:19', '2023-08-11 04:10:19'),
(157, NULL, 2, 12, 'Aventura Transmedia', 'En este 2021 vamos con toda por la transformación de la educación y por eso queremos acompañarte con contenido de valor a través de podcast, videos, infografías, blogs y audiogramas que se extienden por todo un universo y que te ayudarán a fortalecer tus habilidades del siglo XXI.', 'http://unitedwaycolombia.org/aventura_transmedia/', '<p>Fundaci&oacute;n United Way Colombia</p>', '', '', '<p>Realizado por la Fundaci&oacute;n United Way Colombia</p>', 157, 1, 1, '2023-08-11 04:11:26', '2023-08-11 04:11:26'),
(158, NULL, 2, 12, 'Escarabajos', 'Escarabajos: un país descubierto a pedalazos es un proyecto transmedia conformado por tres partes: un documental interactivo, una exposición física itinerante y un centro de recursos documentales sobre ciclismo colombiano.\n\nEn conjunto, el proyecto explora el origen y los momentos icónicos del ciclismo nacional, e intenta comprender el papel de este deporte en la construcción de una mitología nacional y de un país que se fue descubriendo, viviendo y sufriendo tras los esfuerzos y las victorias de esos deportistas.', 'https://www.banrepcultural.org/escarabajos/', '<p><strong>Curadur&iacute;a Digital: </strong>Diego Aldana</p>\n<p><strong>Guion Interactivo: </strong>Arnau Gifreu</p>\n<p><strong>Museograf&iacute;a: </strong>Nadia Guacaneme</p>\n<p><strong>Dise&ntilde;o Gr&aacute;fico: </strong>Javier Mozo</p>\n<p><strong>Programaci&oacute;n: </strong>David Alm&eacute;ciga</p>\n<p><strong>Sonido: </strong>Iv&aacute;n Ulloa</p>\n<p><strong>Coordinaci&oacute;n: </strong>Zuly Zabala</p>\n<p>Biblioteca Luis &Aacute;ngel Arango</p>', '', '', '<p>Con apoyo de Caracol Radio, RCN, El espectador, El tiempo, RCN Radio</p>\n<p>Con apoyo de Revista Mundo CIclismo</p>\n<p>Con Apoyo de RTVC y MinCiencias</p>\n<p>Ganador estimulos Crea Digital 2021</p>', 158, 1, 1, '2023-08-11 04:14:25', '2023-08-11 04:14:25'),
(159, NULL, 2, 7, 'RUT', 'RETRATO UNIVERSAL DE UN TESTIMONIO (RUT)  revela voces, sentimientos, diagnósticos y teorías de personas con diabetes que día a día luchan con la enfermedad. Algunos asimilando y aprendiendo a vivir junto a un glucómetro, mientras otros ya conocen la receta de sus antojos y la insulina.\n\nLa película dialoga con expertos que interpretan  los movimientos silenciosos de un enemigo llamado Diabetes. Según la Organización Mundial de la Salud (OMS) aproximadamente 422 millones de personas en el mundo padecen la enfermedad; siendo Colombia el segundo país de la región con mayor número de personas con diabetes.', 'https://rutlapelicula.wordpress.com/', '<p><strong>Idea Original / Director del Proyecto / Co-Director: </strong>J. Mauricio P. Mora</p>\n<p><strong>Co-Direcci&oacute;n: </strong>Valeria Bernal Cabal</p>\n<p><strong>Gerencia de Producci&oacute;n: </strong>Gloria Marulanda</p>\n<p><strong>Producci&oacute;n Ejecutiva: </strong>Juliana Loaiza</p>\n<p><strong>Producci&oacute;n General: </strong>Yamileth Vargas</p>\n<p><strong>Producci&oacute;n de Campo: </strong>Andr&eacute;s Acosta</p>\n<p><strong>Direcci&oacute;n de Fotograf&iacute;a: </strong>Mauricio Paz</p>\n<p><strong>Direcci&oacute;n de Arte: </strong>Paola Andrea Fajardo.</p>\n<p><strong>Direcci&oacute;n de Sonido: </strong>V&iacute;ctor Erazo</p>\n<p><strong>Director de Transmedia / Make Of: </strong>Miguel Bustos</p>\n<p><strong>Dise&ntilde;ador Grafico: </strong>Luis Fernando Garc&iacute;a</p>\n<p><strong>Direcci&oacute;n M&eacute;dica: </strong>In&eacute;s Lucia Mart&iacute;nez Arellano</p>', '', '<p>2016 - Premio de #NewMediaLab de Post-Producci&oacute;n y Asesor&iacute;as</p>', '<p>*Crownfounding</p>', 159, 1, 1, '2023-08-11 04:19:10', '2023-08-11 04:19:10'),
(160, NULL, 2, 9, 'Onitano', 'Onitano es el símbolo de unidad, de trabajar en comunidad y es desde ahí donde parte su historia.\n\nEsta iniciativa nace con el encuentro entre Mónica Pacheco, una emprendedora caleña, quien conoce el Amazonas Colombiano en el 2017 y logra una inmersión auténtica junto al primer guía de la selva que conoció, Tananta, un Tikuna que la invita a su Comunidad Indígena, el 20 de Julio,  en Puerto Nariño. Así, lo que empezó como un viaje para conocer otras culturas se convierte en un proyecto de vida.', 'https://onitano.com/', '<p><strong>Creadoras del Proyecto: </strong>M&oacute;nica Pacheco y Andrea Quintero</p>', '', '', '<p>Con apoyo del SENA y la Univalle</p>\n<p>Est&iacute;mulos 2020 de MinCultura Colombia para proyectos transmedia</p>', 160, 1, 1, '2023-08-11 04:20:40', '2023-08-11 04:20:40'),
(161, NULL, 2, 9, 'Gravedad 1', 'Esta es una historia que se desarrolla en el año 2145, que trata el tema de unos mineros de la colonia lunar que se unen para comenzar un proceso de resistencia. Por su parte, los militares, en su afán por controlarlos, destruyen la luna y cientos de sus fragmentos rodean el planeta. Una guerra sin salida para militares y rebeldes.\n\nEn la primera temporada sus creadores sorprendieron con un universo expandido a través de un cómic, y en esta ocasión la serie expande sus horizontes con un podcast.', 'https://www.rtvcplay.co/series-ficcion/gravedad-1', '<p><strong>Director: </strong>Carlos Smith</p>\n<p><strong>Guion: </strong>Andr&eacute;s Rojas</p>\n<p><strong>Producci&oacute;n General: </strong>Lola Barreto</p>\n<p>Hierro Animaci&oacute;n - Se&ntilde;al Colombia</p>', '', '', '<p>Con el apoyo de Se&ntilde;al Colombia</p>', 161, 1, 1, '2023-08-11 04:22:03', '2023-08-11 04:22:03'),
(162, NULL, 2, 9, 'Ruta 60', 'Documental Transmedia. Entre 1995 y 2005 la RUTA 60 fue una de las más violentas de Colombia. La autopista que conecta a Medellín con la capital del país, fue escenario privilegiado de los más crueles crímenes contra la población civil. Las FARC, el ELN y los Paramilitares hicieron presencia en la región antioqueña, sembrando el terror a lo largo de toda la ruta, llevando desplazamiento, masacres, secuestros  y homicidios, dejando miles de víctimas.\nHoy en día muchas cosas han cambiado, y los recuerdos de la barbarie comienzan a desvanecerse. Sobre esta ruta inicia un recorrido a través de las memorias de aquellos que vivieron el conflicto armado al pie de la carretera.', 'https://www.museocasadelamemoria.gov.co/ruta60/', '<p><strong>Director: </strong>Wilson Arango</p>', '', '', '<p>Con el apoyo del museo Casa de la Memoria</p>', 162, 1, 1, '2023-08-11 04:24:29', '2023-08-11 04:24:29'),
(163, NULL, 2, 11, 'Berracas', '“Berracas” es un proyecto transmedia que reconoce y difunde diferentes voces de las mujeres víctimas del conflicto armado colombiano como un símbolo de fortaleza moral y de dinamismo social.\nEl proyecto reconoce a la mujer víctima como mujer acción, mujer empoderada, mujer superviviente a partir de sus propios relatos, entendidos como componentes esenciales de la memoria y de las verdades múltiples que existen sobre el conflicto en Colombia. La difusión de sus voces y de sus historias de vida puede ayudar a construir un imaginario diverso y plural sobre las visiones que del conflicto colombiano existen en la sociedad.', 'https://www.proyectoberracas.com/', '<p><strong>Cabeza de investigaci&oacute;n: </strong>Ana Mar&iacute;a Cuesta Le&oacute;n</p>', '', '', '<p>Apoyo y financiaci&oacute;n recibida por el Instituto Catal&aacute;n Internacional para la Paz (ICIP)</p>\n<p>Financiado por la Fundaci&oacute;n Aut&oacute;noma Solidaria (FAS), de la Universidad Aut&oacute;noma de Barcelona (UAB)</p>\n<p>Universidad del Tolima, a trav&eacute;s del Centro de Estudios Regionales (CERE)</p>', 163, 1, 1, '2023-08-11 04:26:09', '2023-08-11 04:26:09'),
(164, NULL, 2, 12, 'Invisbles Commutes', 'Invisible Commutes hace visibles los recorridos largos, costosos y violentos de las trabajadoras domésticas en nuestras ciudades. Quiere hacer reflexionar a los empleadores sobre sus posibles respuestas creativas para hacer más fáciles los recorridos de sus trabajadoras. Busca concientizar al público amplio sobre la importancia de un transporte público de calidad y que responda a las necesidades de las trabajadoras domésticas. \nEntender que estas mujeres no sólo están en el espacio privado de nuestros hogares, sino que atraviesan diariamente el espacio público, y que tienen un derecho a la ciudad y a la movilidad, es fundamental para reconocer su dignidad en nuestros espacios urbanos. Planear para ellas es planear para cualquiera que esté en condiciones similares.', 'https://www.invisiblecommutes.com/', '<p><strong>Directora: </strong>Valentina Montoya Robledo</p>\n<p><strong>Productor: </strong>Andr&eacute;s Gonz&aacute;lez Robledo</p>\n<p><strong>Realizador: </strong>Daniel G&oacute;mez Restrepo</p>', '', '', '<p>Crownfounding</p>', 164, 1, 1, '2023-08-11 04:27:42', '2023-08-11 04:27:42'),
(165, NULL, 2, 11, 'Ahora', 'Desde hace casi dos años, lo que empezó como un proyecto de amigos para mostrar una nueva faceta dentro de la música electrónica en el país, se ha convertido en una plataforma de difusión y promoción de artistas nacionales de música electrónica. Basados en en concepto del ahora, el presente es una de las cualidades más importantes del colectivo. El presente es lo que nos permite actuar y crear un mejor futuro. Por otro lado, el colectivo invita a generar una reivindicación de la escena electrónica nacional en el país. Con eventos propios, showcases, escritos, podcasts y más productos audiovisuales, AHORA se ha encargado de darle un nuevo aire y un nuevo respiro a la comunidad musical en Colombia.', 'https://www.directotransmedia.com/ahora', '<p><strong>Realizaci&oacute;n: </strong>Nicol&aacute;s Linares - Juli&aacute;n S&aacute;nchez</p>\n<p><strong>Tutor&iacute;a: </strong>Carlos Obando Arroyave</p>', '', '', '<p>Con el apoyo de la Universidad Javeriana</p>', 165, 1, 1, '2023-08-11 04:29:03', '2023-08-11 04:29:03'),
(166, NULL, 2, 13, 'Mujeres en el Arte Colombiano', 'Según la Red Cultural del Banco de la República de Colombia, de las casi 6.000 obras que conforman su colección, el 8% fue realizado por mujeres. Conocen 512 trabajos mujeres, todas después del siglo XIX. Históricamente ha habido una brecha de desigualdad enorme entre hombres y mujeres en cuanto al acceso a la educación, a los espacios de creación y participación en los espacios públicos. A pesar de que las mujeres tenemos acceso a muchos más espacios que antes, todavía nos vemos enfrentadas a espacios inequitativos, injustos, y violentos\nEn este proyecto queremos reconocer el camino recorrido por muchas artistas que han abierto paso a que muchas más mujeres hagamos parte del sector cultural hoy en día. Te invitamos a disfrutar este viaje, y a siempre querer indagar más.', 'https://vleon294.wixsite.com/art-fem-col', '<p><strong>Realizadoras: </strong>Mariana Aguirre y Valentina Le&oacute;n</p>\n<p><strong>Tutor&iacute;a: </strong>Carlos Obando Arroyave</p>', '', '', '<p>Con el apoyo de la Universidad Javeriana</p>', 166, 1, 1, '2023-08-11 04:30:22', '2023-08-11 04:30:22'),
(167, NULL, 2, 12, 'Circuito Bogotano de Rock', 'Proyecto Académico Transmedia sobre uno de los mejores espacios para los amantes del Rock en Bogotá.', 'https://www.directotransmedia.com/circuito-de-rock', '<p><strong>Realizadores: </strong>Mateo Rojas - Alejandro Fierro</p>\n<p><strong>Tutor&iacute;a: </strong>Carlos Obando Arroyave</p>', '', '', '<p>Con el apoyo de la Universidad Javeriana</p>', 167, 1, 1, '2023-08-11 04:31:41', '2023-08-11 04:31:41'),
(168, NULL, 2, 13, 'Hablemos de Menstruación', 'Proyecto Académico Transmedia. La menstruación es una parte normal y saludable de la vida de la mayoría de las mujeres. Aproximadamente la mitad de la población femenina, alrededor del 26% de la población mundial, está en edad reproductiva. La mayoría de las mujeres menstrúan cada mes durante aproximadamente dos a siete días. Sin embargo, tan normal como es, la menstruación está estigmatizada en todo el mundo.', 'https://www.directotransmedia.com/hablemos-sobre-mestruacion', '<p><strong>Realizadora: </strong>Arianna Ram&iacute;rez</p>\n<p><strong>Tutor&iacute;a: </strong>Carlos Obando Arroyave</p>', '', '', '<p>Con el apoyo de la Universidad Javeriana</p>', 168, 1, 1, '2023-08-11 04:33:01', '2023-08-11 04:33:01'),
(169, NULL, 2, 12, 'Calles Humanas', 'Esta es una plataforma transmedia e interactiva, que busca generar un cambio social en la perspectiva de los ciudadanos frente al estigma que se tiene presente con los habitantes de calle. Proyecto Académico', 'https://calleshumanasbgt.wixsite.com/transmedia', '<p><strong>Realizadores: </strong>Jorge Alarc&oacute;n Hoyos, Mar&iacute;a Paz Vargas y Juan Felipe Hern&aacute;ndez Sepulveda.</p>\n<p><strong>Tutor&iacute;a: </strong>Carlos Obando Arroyave</p>', '', '', '<p>Con el apoyo de la Universidad Javeriana</p>', 169, 1, 1, '2023-08-11 04:34:16', '2023-08-11 04:34:16'),
(170, NULL, 2, 13, 'Septimazo', 'Proyecto Académico transmedia. En este primer corto documental hacemos un recorrido por el sendero peatonal de la Séptima, topándonos con los artistas, músicos callejeros, vendedores ambulantes y todo tipo de actividades de esta vía peatonal.', 'https://www.directotransmedia.com/septimazo', '<p><strong>Realizadores: </strong>Laura Boh&oacute;rquez, Karen Sossa</p>\n<p><strong>Tutor&iacute;a: </strong>Carlos Obando Arroyave</p>', '', '', '<p>Con el apoyo de la Universidad Javeriana</p>', 170, 1, 1, '2023-08-11 04:35:31', '2023-08-11 04:35:31'),
(171, NULL, 2, NULL, 'La Dieta de la Edad de Piedra', 'Proyecto Acedémico Transmedia que va sobre la  conocida  dieta de la Edad de Piedra o la dieta Paleolítica, que se basa en la forma de alimentación de los humanos de hace aproximadamente 2.5 millones a 10.000 años.', 'https://www.directotransmedia.com/dieta-paleo', '<p><strong>Realizadores: </strong>Gabriela Paz - &nbsp;Mar&iacute;a Camila Triana</p>\n<p><strong>Tutor&iacute;a: </strong>Carlos Obando Arroyave</p>', '', '', '<p>Con el apoyo de la Universidad Javeriana</p>', 171, 1, 1, '2023-08-11 04:36:54', '2023-08-11 04:36:54'),
(172, NULL, 2, 9, 'Fragmento de los Ascensores Bogotanos', 'Proyecto Académica Transmedia. Fragmento de los ascensores bogotanos, es un proyecto atravesado por diversos formatos digitales que desde su base sostiene que los ascensores son sensibilidad, carga disposiciones y son un dispositivo que interviene en lo cotidiano: condiciona la vida y es condicionada por ella. Participa de los lenguajes y discursos que nos mueven como ciudadanos', 'https://www.directotransmedia.com/ascensores', '<p><strong>Realizador: </strong>Alejandro Asencio</p>\n<p><strong>Tutor&iacute;a: </strong>Carlos Obando Arroyave</p>', '', '', '<p>Con el apoyo de la Universidad Javeriana</p>', 172, 1, 1, '2023-08-11 04:39:22', '2023-08-11 04:39:22'),
(173, NULL, 2, 10, 'Mirando a los Ojos', 'Mirando a los ojos es un proyecto Transmedia que busca resolver inquietudes respecto de la mirada. En primer lugar, el ojo y su funcionamiento; por eso las dos primeras piezas abordan cómo surgen los ojos en el reino animal y cómo funcionan en los humanos. En segundo lugar, la potencia de los ojos y las miradas en el arte, por eso el mini documental, el podcast y la playlist. Espero disfruten el proyecto.', 'https://www.directotransmedia.com/mirando-a-los-ojos', '<p><strong>Realizador: </strong>Camilo Andr&eacute;s Arenales M.</p>\n<p><strong>Tutor&iacute;a: </strong>Carlos Obando Arroyave</p>', '', '', '<p>Con el apoyo de la Universidad Javeriana</p>', 173, 1, 1, '2023-08-11 04:40:42', '2023-08-11 04:40:42'),
(174, NULL, 2, NULL, 'Más que un golpe', 'Proyecto Académico Transmedia. La violencia de género es la más extendida y socialmente tolerada de todas las violaciones a los derechos humanos, esta refleja y refuerza las desigualdades entre hombres y mujeres y comprometen la salud, la dignidad, la seguridad y la autonomía de las víctimas, situaciones de violencia porque no sabemos que la violencia va más allá de un golpe.', 'https://lauraalvarez3974.wixsite.com/masqueungolpe', '', '', '', '<p>Con el apoyo de la Universidad Javeriana</p>', 174, 1, 1, '2023-08-11 04:41:48', '2023-08-11 04:41:48'),
(175, NULL, 2, 13, 'Kojak en las calles', 'Este documental busca mostrar la profesión del detective privado en Bogotá por medio de la Agencia de Investigación Privada Kojak, a cargo de Tulio Salvador Gutiérrez y su compañera de trabajo y esposa, Amparo Cárdenas', 'https://directotransmedia.wixsite.com/kojak-en-las-calles', '', '', '', '<p>Con el apoyo de la Universidad Javeriana</p>', 175, 1, 1, '2023-08-11 04:42:57', '2023-08-11 04:42:57'),
(176, NULL, 2, 13, 'Páramos, el país de las nieblas', 'Páramos, el país de las nieblas, es un proyecto transmedial que busca documentar la situación de los páramos en Colombia a nivel biológico, territorial y social. En esta plataforma interactiva te llevaremos de viaje por 6 de los 37 páramos, ubicados en la Cordillera de los Andes colombianos. Lugares mágicos que ven nacer nuestras aguas, le dan albergue a especies biológicas endémicas y llevan en sus entrañas una riqueza infinita que no podemos dejar escapar.', 'https://paramos.co/', '<p><strong>Direcci&oacute;n General, Gui&oacute;n, M&uacute;sica original (Fotosintesis): </strong>Alejandro Calder&oacute;n Gonzalez&nbsp;</p>\n<p><strong>Direcci&oacute;n General, Gui&oacute;n, C&aacute;mara (Endemica Estudios): </strong>Carlos Ric&oacute;n Kal&uacute;</p>\n<p><strong>Producci&oacute;n, Filmaci&oacute;n Aerea Dron (Endemica Estudios): </strong>Laura Gomez Und&aacute;</p>\n<p><strong>Producci&oacute;n, Sonido directo, Investigaci&oacute;n (Fotosintesis):&nbsp;</strong>Natalia Cano</p>\n<p><strong>Montaje (Caliwood Films): </strong>Hernan G. Ospina</p>\n<p><strong>Desarrollo Plataforma Web, Dise&ntilde;o de Experiencia UX, Montaje Videos 360-VR (Setian Studio): </strong>Sebastian Gonzalez Dixon&nbsp;</p>', '<p>2022 - Mejor proyecto transmedia en los Premios India Catalina</p>', '<p>2022 - Mejor pel&iacute;cula sobre diversidad en el Festival Internacional de Cine de Medio Ambiente de Barcelona, SUNCINE 2022.</p>', '<p>- Convocatoria 2021 para producci&oacute;n de documental transmedia Se&ntilde;al Colombia</p>', 176, 1, 1, '2023-08-11 04:44:59', '2023-08-11 04:44:59'),
(177, NULL, 2, 12, 'El Tesoro ', 'Proyecto transmedia para público infantil acerca de preservación virtual e interactiva de conocimientos ancestrales de pueblos indígenas y mestizos colombianos.', 'https://lalupecat90.wixsite.com/juegaeltesoroahora', '<p><strong>Directora: </strong>Paula Manuela Sierra Monta&ntilde;ez</p>', '', '', '<p>Ganador de la convocatoria CREADIGITAL 2021 del Ministerio de Tecnolog&iacute;as de la Informaci&oacute;n y Comunicaciones de Colombia</p>', 177, 1, 1, '2023-08-11 04:46:17', '2023-08-11 04:46:17'),
(178, NULL, 2, 13, 'Soy el Hombre', 'Soy El Hombre visualiza el hecho escénico en un universo transmedia: una obra teatral que empieza antes de entrar al teatro y continúa incluso después de cerrado el telón.\nPor lo anterior, además de la obra teatral, Soy El Hombre abarca contenidos sonoros y audiovisuales, que expanden el universo narrativo fundamental.', 'https://sevenphotonsfilms.com/soy-el-hombre/', '<p><strong>Director, productor, escritor, int&eacute;rprete: </strong>Manuel Hai</p>\n<p><strong>Directora de arte, dise&ntilde;adora gr&aacute;fica, int&eacute;rprete: </strong>Annie Frau</p>\n<p><strong>Artistas esc&eacute;nicas: </strong>Tatiana Agudelo, Catalina Prada, Nicol&aacute;s Guardiola</p>\n<p><strong>Vestuarista: </strong>TerEljash</p>\n<p><strong>Escen&oacute;grafa, int&eacute;rprete: </strong>Carolina Molina, Carlos G&oacute;mez, Zora Katich</p>\n<p><strong>Mercad&oacute;loga: </strong>Raquel Sof&iacute;a T&eacute;llez</p>', '', '', '', 178, 1, 1, '2023-08-11 04:48:13', '2023-08-11 04:48:13'),
(179, NULL, 2, 13, 'Frente al Espejo', '‘Frente al espejo’ es un programa transmedia de la Comisión de la Verdad producido en alianza con Canal Capital, con el apoyo de la Unión Europea.\nMirarse al espejo para que Colombia se reconozca ante su propia realidad, esta es la invitación para aquellos que no temen mirar de frente su reflejo y reconocerse desde la verdad con sus atributos y defectos, con sus logros y sus miedos.', 'https://web.comisiondelaverdad.co/frente-al-espejo-programa-television', '<p><strong>Realizado por: </strong>Comisi&oacute;n de la Verdad</p>', '', '<p>2022 - Premio de la categor&iacute;a + Democracia Premios TAL</p>\n<p>2023- Ganadora &lsquo;Mejor producci&oacute;n period&iacute;stica&rsquo; Premios India Catalina</p>', '<p>Realizador por Comision de la Verdad</p>\n<p>Apoyo de la Uni&oacute;n Europea</p>\n<p>Apoyo de Canal Capital</p>', 179, 1, 1, '2023-08-11 04:52:10', '2023-08-11 04:52:10'),
(180, NULL, 2, 12, 'Códice Futuro', 'Creado y dirigido por Elder Manuel Tobar, este proyecto parte de una reflexión en torno a su pasado familiar, de las raíces ancestrales de su abuelo perteneciente a la comunidad indígena Nasa (Cauca, Colombia), la ritualidad de las prácticas familiares, la magia y la espiritualidad que lo ha acompañado desde su infancia y que se conecta con su trabajo en el mundo de la tecnología, los nuevos medios y las narrativas expandidas.\nEste trabajo es producido por Orgánica Digital, un grupo creativo que busca expandir las fronteras de la narración a partir de distintos medios y plataformas. ', 'https://codicefuturo.com/', '<p><strong>Director: </strong>Elder Manuel Tobar</p>', '', '', '<p>Ganador convocatoria Crea Digital 2021</p>', 180, 1, 1, '2023-08-11 04:53:20', '2023-08-11 04:53:20'),
(181, NULL, 2, 13, 'La Teoría del Promedio', 'La Teoría del promedio es una comedia romántica moderna que explora las dudas de los hombres nacidos entre finales de los años 70 y comienzos de los 90, que están en medio de las ideas conservadoras y machistas de la generación de sus padres, y la libertad y equidad de las nuevas generaciones.', 'https://play.caracoltv.com/videoDetails/OTo4NGFmNjUwOWQ2ZmM0NTg2YWRiOWU0MGNhOWViOWJkYQ==?season=0', '<p><strong>Director: </strong>Camilo Quimbayo</p>\n<p>Canal Caracol</p>', '', '', '<p>Ganador convocatoria Crea Digital 2021</p>\n<p>Apoyo de Canal Caracol</p>', 181, 1, 1, '2023-08-11 04:54:44', '2023-08-11 04:54:44'),
(182, NULL, 2, 14, 'Thalamus', 'El proyecto Thalamus contempla un cómic, un diario y una aplicación de realidad virtual, donde cada uno muestra una parte de thalamus y la planta sagrada que permite a los humanos, imaginar criaturas y convertirlas en realidad.', 'https://www.thalamus21.com/', '<p><strong>Director: </strong>Fabi&aacute;n Bonilla</p>\n<p>Cinegrafic</p>', '', '', '<p>Ganador convocatoria Crea Digital 2021</p>', 182, 1, 1, '2023-08-11 04:55:56', '2023-08-11 04:55:56'),
(183, NULL, 2, 13, 'Aurora y el Cerebro de Astrolabio', 'Aurora y el cerebro de Astrolabio es un proyecto transmedia que se desarrolla a través de un universo narrativo donde los humanos se están convirtiendo en zombies.\nLas personas pierden su cerebro, se vuelven irritables y pierden su facultad de comunicarse de manera clara.\n \nEl proyecto está compuesto por una audioserie de 6 capítulos, un cómic digital y un perfil de Instagram.\nLa pieza principal es la audioserie y, cada capítulo, sucede en Súper nova, una tienda de esquina ubicada en cualquier barrio de clase media de Colombia.', 'http://maquinaespia.com/astrolabio/', '<p><strong>Directora: </strong>&Aacute;ngela Tob&oacute;n</p>\n<p><strong>Prooducci&oacute;n: </strong>Ana P&eacute;rez</p>\n<p><strong>Guionista: </strong>Juan David Gil</p>\n<p><strong>Estrategia de Social Media y asistente de producci&oacute;n: </strong>Sof&iacute;a Vanegas</p>', '', '', '<p>Ganador convocatoria Crea Digital 2022</p>', 183, 1, 1, '2023-08-11 04:57:13', '2023-08-11 04:57:13'),
(184, NULL, 2, 13, 'Makikapchiy', 'Makikapchi (artesanías en quechua) es un proyecto transmedia enfocado en los artesanos y las artesanías de Colombia', 'http://makikapchiy.com', '', '', '', '<p>Ganador convocatoria Crea Digital 2022</p>', 184, 1, 1, '2023-08-11 05:19:21', '2023-08-11 05:19:21'),
(185, NULL, 2, 13, 'Labrar el Agua Hasta la Última Gota', 'Especial transmedia. A más de 3.000 metros de altura, cerca a Sogamoso, siguiendo la vía que comunica esta ciudad con los Llanos Orientales, se llega al monumental lago de Tota.', 'https://labrarelagua.com/', '', '', '', '<p>Ganador convocatoria Crea Digital 2022</p>', 185, 1, 1, '2023-08-11 05:20:23', '2023-08-11 05:20:23'),
(186, NULL, 2, 14, 'Notas de Río', 'Notas de Río es una Web Interactiva en la que te invitamos a realizar un recorrido por la las historias, las notas y los sonidos de los ríos colombianos. \nEste es un espacio de creación y reflexión colectiva en el que encontrarás diferentes narrativas que abordan la problemática del agua y su cauce en varios ríos de Colombia.\nAcá encontrarás diferentes maneras de realizar tu recorrido y podrás participar de la historia de los ríos colombianos continuando explorando creando tu propia nota. \n', 'https://www.notasderio.vidaarteycultura.com/', '<p><strong>Tutor a cargo: </strong>Roberto Cuervo&nbsp;</p>\n<p><strong>Realizadores: </strong>Sebastian Rojas, Diana Marcela Figueroa, Andrea Bermeo Melo, Juan Camilo Mart&iacute;nez, Federico Zapata, Jessica Garc&iacute;a Grajales, Valeria Cardona&nbsp;</p>', '', '', '<p>Apoyo de: Revista VAC (Vida, Arte y Cultura)</p>', 186, 1, 1, '2023-08-11 05:21:40', '2023-08-11 05:21:40'),
(187, NULL, 2, 13, 'EsCultura Viva', 'Es Cultura Viva es un proyecto de intervención socio espacial que busca revivir el espacio público para que los habitantes de diferentes sectores de la ciudad de Bogotá, Colombia hagan uso de él y se apropien de su territorio generando nuevas dinámicas. ', 'https://esculturaviva.vidaarteycultura.com/', '<p><strong>Director: </strong>Carlos Ram&iacute;rez</p>\n<p><strong>Coordinadora Transmedia: </strong>Valeria Cardona</p>\n<p><strong>Director de Arte: </strong>John Sacantiva</p>\n<p><strong>Coordinador poblacional: </strong>Sebasti&aacute;n Rojas</p>', '', '', '<p>Beca Festival de las Artes Valientes:Arte y Espacio P&uacute;blico primera Edici&oacute;n (2022)del Instituto Distrital Para las Artes IDARTES y la Secretar&iacute;a Distrital de H&aacute;bitad</p>', 187, 1, 1, '2023-08-11 05:23:21', '2023-08-11 05:23:21'),
(188, NULL, 2, 13, 'Nación Rebelde', 'Nación Rebelde RTVC, un proyecto transmedia que recopila y narra las historias de músicos colombianos que, en su mayoría, durante la segunda mitad del siglo XX se enfrentaron a grandes retos sociales, políticos y culturales, y encontraron en la música la inspiración para trascender y construir una nueva forma de ciudadanía que se bautizó Nación rebelde.', 'https://www.rtvc.com.co/especiales/nacion-rebelde', '<p><strong>Director: </strong>Mauricio Tamayo</p>\n<p>RTVC - RADIONICA</p>', '', '', '<p>Con el apoyo de RTVC &nbsp;y Radionica</p>', 188, 1, 1, '2023-08-11 05:24:39', '2023-08-11 05:24:39'),
(189, NULL, 2, 12, 'Aleteo', 'Aleteo – Transmedia es un proyecto que ciencia ficción que cuenta cómo será el futuro del país desde el año 2028 hasta el 2060. Siendo una propuesta distópica muestra de manera clara que este futuro no será como lo esperamos.', 'https://aleteotransmedia.com/', '<p><strong>Director y Productor: </strong>Edison Gonzalez</p>\n<p><strong>Asistente de producci&oacute;n: </strong>Geovanny Hern&aacute;ndez</p>\n<p><strong>Director de fotograf&iacute;a: </strong>David Julio</p>\n<p><strong>Director de sonido: </strong>Milton Galindo</p>\n<p><strong>Directora de Arte:</strong>&nbsp;Laura Mora</p>\n<p><strong>Asistente de direcci&oacute;n: </strong>Carolina V&aacute;squez</p>\n<p><strong>Directora de actores: </strong>Laura Berbeo</p>', '', '', '<p>Crowdfounding</p>\n<p>Apoyado por: Alcald&iacute;a mayor de Bogot&aacute;, Alcald&iacute;a de Suba, Idartes a partir de la Beca Es Cultura Local.</p>', 189, 1, 1, '2023-08-11 05:26:51', '2023-08-11 05:26:51'),
(190, NULL, 2, 12, 'Animalxs', 'ANIMALXS es una serie documental animada que desarrolla las historias de adolescentes con base en sus vivencias y en el ejercicio responsable de la sexualidad como pilar fundamental de la ciudadanía y que implica la posibilidad de tomar decisiones autónomas sobre su propio cuerpo y sobre su vida en los campos de los derechos sexuales.', 'https://conexioncapital.co/programas/animalxs/', '<p><strong>Directora:</strong>&nbsp;Lola Barreto</p>\n<p>Diecis&eacute;is 9 Films S.A.S.</p>', '', '<p>2022- Ganador Premios TAl en la categor&iacute;a de Narrativas Transmedia</p>', '<p>Financiado por el Fondo &Uacute;nico de TIC del Ministerio de las Tecnolog&iacute;as de la Informaci&oacute;n y las Comunicaciones.</p>', 190, 1, 1, '2023-08-11 05:28:13', '2023-08-11 05:28:13'),
(191, NULL, 2, 12, 'Del Monte a la Democracia', 'Del Monte a la Democracia es un proyecto transmedia que combina lo presencial y lo virtual a través de una exposición fotográfica itinerante, un fanzine en formato digital y físico que recoge 15 historias de vida épicas, algunas nuestras y otras de habitantes de la comunidad aledaña y demás personas que han caminado a nuestro lado durante estos cinco años, y la apertura de un museo virtual, que buscan contrarrestar discursos de polarización, odio y estigmatizaciones, impulsando la posibilidad de diálogos de improbables para la apertura de la democracia y la paz.', 'https://www.surcandocaminosdepaz.com/', '<p>Poblado Georgina</p>', '', '', '<p>&ldquo;Proyecto seleccionado en la convocatoria #PensarConOtros para Construir Ciudadan&iacute;a y Democracia<br>en Colombia de Grupo SURA</p>', 191, 1, 1, '2023-08-11 05:29:26', '2023-08-11 05:29:26'),
(192, NULL, 2, 13, 'La Paz es mi Cuento Inclusiva', 'Realizada por la Universidad Autónoma de Occidente y por la Secretaría de Paz y Cultura Ciudadana de Cali, esta Narrativa Transmedia busca socializar los imaginarios de paz y cultura ciudadana de niños y niñas de tres instituciones: El Instituto para Niños Ciegos y Sordos del Valle del Cauca, el Colegio Arango y Cuero y el Instituto de Terapia Especial de los Sentidos, ITES, a partir del desarrollo de una pauta metodológica en pedagogía activa, compuesta por 7 talleres con los niños y de un octavo taller con sus padres de Familia.', 'https://www.lapazmicuentoinclusiva.com/', '<p><strong>Direcci&oacute;n General y Conceptual: </strong>Ismael Cardozo Rivera.</p>\n<p><strong>Community Manager: </strong>Valeria Prato Facundo.<br>&nbsp;<br><strong>Dise&ntilde;o Web: </strong>Stephania Ca&ntilde;as Salazar.&nbsp;</p>\n<p><strong>Dise&ntilde;o Gr&aacute;fico: </strong>Daniela Quintero Correa, Valeria Prato Facundo, Melissa Granada Montoya, Valeria Mondol Madrid &amp; Ismael Cardozo.</p>\n<p><strong>​Dise&ntilde;o Editorial Cartilla: </strong>Natalia Rayo Ibarra.​</p>\n<p><strong>Realizaci&oacute;n Podcast: </strong>Melissa Granada Montoya, Valeria Prato Facundo, Andr&eacute;s Mois&eacute;s Molina Arango &amp; Ismael Cardozo Rivera.​</p>\n<p><strong>Fotograf&iacute;a:</strong>&nbsp;Valeria Prato Facundo, Melissa Granada Montoya &amp; Ismael Cardozo.</p>', '<p>2022 - Selecci&oacute;n Festival Internacional de Cine con Medios Alternativos, Ficma, de M&eacute;xico</p>\n<p>2022 - Selecci&oacute;n oficial en el festival internacional #narrarelfuturo, Colombia.</p>', '<p>2022 - Ganadores a mejor narrativa en el Crown International Film Festival.</p>', '<p>Apoyo de la Universidad Aut&oacute;noma de Occidente</p>', 192, 1, 1, '2023-08-11 05:31:32', '2023-08-11 05:31:32'),
(193, NULL, 2, 13, 'Reportera Y: tras las huellas del profesor Preuss', 'Reportera Y es una coproducción entre Dramax, Señal Colombia y Canal Trece, que narra la historia de una joven periodista que en medio de su ejercicio profesional resulta resolviendo un gran misterio relacionado con la desaparición de una estatua precolombina que se encontraba en San Agustín, Huila.', 'https://canaltrece.com.co/noticias/dia-de-la-secretaria-colombia-cuando-fecha-porque/', '', '', '', '<p>Coproducci&oacute;n entre Dramax, Se&ntilde;al Colombia y Canal Trece</p>', 193, 1, 1, '2023-08-11 05:32:40', '2023-08-11 05:32:40'),
(194, NULL, 2, 13, 'Nuestra Tierra: Memorias Pendientes', 'Desde hace más de un siglo, Antioquia emprendió grandes proyectos que cambiaron para siempre su historia. Hitos que dejaron su impronta no solo en esta región, sino en Colombia entera.', 'https://nuestratierra.teleantioquia.co/index.html', '', '', '<p>2022 - Ganador en la categor&iacute;a de mejor serie Documental, Premios India Catalina&nbsp;</p>', '<p>Con el apoyo de Teleantioquia</p>', 194, 1, 1, '2023-08-11 05:35:40', '2023-08-11 05:35:40'),
(195, NULL, 2, 13, 'Parla Orgánica', 'La Parla Orgánica es un proyecto de Investigación Creación I+C, que busca promover el reconocimiento de los mercados orgánicos de la ciudad de Cali: Asoprorogánicos y Mercado Orgánico y Agroturistico de San Antonio, como espacios multiculturales que promueven estilos de vida saludables. A partir de las historias de sus productores y transformadores que son plasmadas en una narrativa transmedia por docentes y estudiantes universitarios.  ', 'https://parlaorganica.co/', '<p><strong>Investigador Principal: </strong>Mg. Juan Manuel Henao</p>\n<p><strong>Co-Investigadores : </strong>Mg. Andr&eacute;s Felipe Villegas, Mg. Edier Becerra, Mg. Carolina Giraldo, Mg. Leonardo Ballesteros, Mg. Tatiana Ordo&ntilde;ez, Mg. Lina Mar&iacute;a Pineda, Mg. Carlos Araujo</p>', '', '', '<p>Beca de Programa de Est&iacute;mulos del Municipio de Cali ppara creaci&oacute;n art&iacute;stica.</p>\n<p>Apoyo de la Universidad Santiago de Cali</p>', 195, 1, 1, '2023-08-11 05:37:05', '2023-08-11 05:37:05'),
(196, NULL, 2, 13, 'La Vida nos Mueve', '', 'https://chec.transmedia.ucaldas.edu.co/', '', '', '', '<p>Financiado &nbsp;por EPM</p>\n<p>Apoyo de la Universidad de Caldas</p>', 196, 1, 1, '2023-08-11 05:39:38', '2023-08-11 05:39:38'),
(197, NULL, 2, 13, 'La Mísica del Pueblo Wiwa', 'La música del pueblo Wiwa es una investigación que re-significó los valores de la cultura musical indígena a través de la recopilación, análisis, creación musical y publicación de material inédito.\n\nAbordó temas relacionados con la supervivencia y fortalecimiento de las raíces del pueblo y su concepción de lo que signífica la música.', 'https://transmedia.ucaldas.edu.co/wiwa-music/', '<p><strong>Investigadores: </strong>Fabio M&iacute;guel Fuentes, H&eacute;ctor Yovanny Betancur Santa</p>\n<p>C-Transmedia</p>', '', '', '<p>Con apoyo de el Centro de Investigaci&oacute;n C-Transmedia de la Universidad de Caldas</p>', 197, 1, 1, '2023-08-11 05:40:58', '2023-08-11 05:40:58'),
(198, NULL, 2, 12, 'El Cubo', 'Proyecto transmedia de ficción en el que seis personajes, en sus universos cotidianos se enfrentan con dolores, inquietudes y problemas de los que son víctimas, o en algunos casos la causa. Todas sus historias se entrelazan como si fuera una historia de ficción provocada por alguien.', 'https://elcubo.rtvcplay.co/', '<p><strong>Director Creativo: </strong>Juan Baquero</p>\n<p><strong>Dise&ntilde;o, gui&oacute;n literario y direcci&oacute;n esc&eacute;nica y audiovisual: </strong>Fabio Rubiano</p>\n<p><strong>Productora de proyecto: </strong>Carolina Aponte</p>\n<p><strong>Productora ejecutiva: </strong>Margarita Herrera</p>\n<p>Una producci&oacute;n de RTVCPlay con Eva Producciones en alianza con el Teatro Petra, Los Ni&ntilde;os Films e Interfaz</p>', '<p>2023 - 39&deg; Premios India Catalina de la Industria Audiovisual Colombiana - Ganador categor&iacute;a \'Mejor Serie de Ficci&oacute;n Web\' / El Cubo: El Inquisidor</p>\n<p>2022 Prix Italia Nominado Categor&iacute;a \'Web Interactive\' / El Cubo: El Inquisidor</p>\n<p>2022 Premios TAL 2022 Finalista Categor&iacute;a \'Narrativas Transmedia\' / El Cubo: El Inquisidor</p>\n<p>2021 Premios TAL 2021 Finalista Categor&iacute;a \'Proyectos Transmedia\' / El Cubo: El Poder</p>', '<p>2022 - MA / Interactive Awards. Ganador Best in Class Award / Categor&iacute;a \'Artes/Cultura\'&nbsp;</p>\n<p>2022 Horizon Interactive Awards Ganador Categor&iacute;a \'Websites - Experimental / New Technology</p>\n<p>2022 - 38&deg; Premios India Catalina de la Industria Audiovisual Colombiana - Ganador categor&iacute;a \'Mejor Serie de Ficci&oacute;n Web\' / El Cubo: El Poder</p>', '<p>Ganador convocatoria Abre C&aacute;mara, Mintic</p>\n<p>Apoyo de RTVC</p>\n<p>Eva Producciones y Teatro Petra</p>', 198, 1, 1, '2023-08-11 05:42:41', '2023-08-11 05:42:41'),
(199, NULL, 2, 13, 'Cantos que Inundan el Río', 'Entre las orillas del río Bojayá y el río Pogue, en las selvas del Pacífico Colombiano, Oneida aprendió desde niña la tradición afrocolombiana de cantar a los muertos para acompañarlos en su viaje al purgatorio. La guerra la llevó a hacerse compositora, retomando las melodías de los cantos fúnebres para narrar lo que su gente estaba padeciendo. Desde el patio de su casa ella canta su pasado, mientras se da cuenta que sus heridas son a la vez su propia fuerza. Hoy, sus cantos hacen parte del clamor de paz de una región impactada por una de las guerras más extensas del mundo.', 'https://cantosalrio.com/', '<p><strong>Director: </strong>Germ&aacute;n Arango -Luckas Perro-</p>\n<p><strong>Productora: </strong>Ana Mar&iacute;a Mu&ntilde;oz</p>\n<p><strong>Sonidista: </strong>Andr&eacute;s Acevedo Zuleta</p>\n<p><strong>Director de fotograf&iacute;a: </strong>Liberman Arango Quintero</p>\n<p><strong>Montajista: </strong>Gustavo Vasco</p>', '<p>2021 - Official selection HOTDOCS</p>', '', '', 199, 1, 1, '2023-08-11 05:44:24', '2023-08-11 05:44:24'),
(200, NULL, 2, 12, 'Memoria', 'Memoria es un proyecto transmedia que habla de la memoria y archivo de la\ncomunidad afrodescendiente y como se ve afectada cuando las personas\nmayores que llevan la tradición y se encargan de transmitirla a las\npróximas generaciones pierden la memoria a causa del alzheimer.\n\nLa historia de una abuela que es diagnosticada con alzheimer y su nieta que\nlucha por recoger la mayor cantidad de información de sus orígenes antes\nque su abuela la olvide, dan vida al largometraje de ficción llamado\nMemoria. En la historia de ficción Inés, la abuela, escribe diarios con\nhistorias de su infancia que serán recreadas por medio de realidad virtual\nfuera del largometraje. El proyecto también reúne 3 cápsulas documentales\nde personas afrodescendientes con alzheimer o familiares con historias\nsobre su aporte en la comunidad afrocolombiana. Y las memorias o diarios\nescritos por estos personajes son material impreso para salvagúardar\nfísicamente.', '', '', '', '', '', 200, 1, 1, '2023-08-11 05:45:18', '2023-08-11 05:45:18'),
(201, NULL, 2, 11, 'Comadreo', 'En tiempos de pandemia, mientras la crisis de la desigualdad se agudiza, 10 mujeres afrocolombianas de diferentes generaciones resisten, sobreviven y cuidan de otrxs con las formas de protección que mejor conocen: la medicina ancestral, las huertas caseras y las redes comunitarias.¿Cómo las mujeres negras resisten la verdadera pandemia? ¿Cómo se paran frente a la inequidad de un sistema capitalista, racista, patriarcal, clasista y sexista?.', '', '<p>Cimarr&oacute;n Producciones</p>', '', '', '', 201, 1, 1, '2023-08-11 05:46:35', '2023-08-11 05:46:35'),
(202, NULL, 2, 13, 'Barrio Ferroviario', 'Cuando se habla del tren en Santander es necesario nombrar la estación Bucaramanga Café Madrid, donde la gran mayoría de sus habitantes hicieron parte de la empresa Ferrocarriles Nacionales de Colombia. Esta publicación interactiva es resultado del proyecto de investigación ‘Diseño participativo de experiencias transmedia para la restitución de la memoria colectiva ferroviaria del barrio Café Madrid de la ciudad de Bucaramanga’', 'http://www.barrioferroviario.com/', '<p><strong>Investigadores:</strong>&nbsp;Carlos Alberto Beltr&aacute;n, Oscar Mauricio Ni&ntilde;o y Alexander Mantilla Guerrero</p>\n<p>Junta de Acci&oacute;n Comunal Barrio Caf&eacute; Madrid y el Centro de Investigaci&oacute;n de Mercadeo y Publicidad - CIMEP de la Universidad de Santander</p>', '', '', '<p>Con apoyo de la UDES</p>\n<p>Conn apoyo del Ministerio de Ciencia, Tecnolog&iacute;a e Innovaci&oacute;n&nbsp;</p>', 202, 1, 1, '2023-08-11 05:47:58', '2023-08-11 05:47:58'),
(203, NULL, 2, 13, 'Renacientes', 'Renacientes expone los pensamientos, historias y sentimiento de los adolescentes y jóvenes a través del arte y la cultura y hace parte del programa Verdad Poética de la Comisión de la Verdad y es liderado por Asociación para las Investigaciones Culturales del Chocó “ASINCH” y La Corporaloteca de la Universidad Tecnológica del Chocó “Diego Luis Córdoba”, con el apoyo de la Fundación FEI y  del Programa de las Naciones Unidas para el Desarrollo (PNUD). \n\nConstruyendo espacios de diálogo, y reconocimiento desde la sensibilización, y laboratorios creativos con adolescentes y jóvenes del Centro de Atención “Juan Andrés Palacios Asprilla”, Renacientes: Escenarios de Arte, Verdad y Reparación aporta a procesos locales de esclarecimiento, reconocimiento, convivencia y no repetición acordes a los objetivos misionales de la Comisión de la Verdad. ', 'https://www.renacientesverdadpoetica.com/', '<p><strong>Investigadoras: </strong>Juliana Rojas Lugo, Silvia Berm&uacute;dez Rivera, Julia Farras Marginedas</p>\n<p>ASINCH&nbsp;</p>', '', '', '<p>Con apoyo de la Universidad Tecnol&oacute;gica del Choc&oacute;</p>\n<p>Con apoyo de la Tambora M&aacute;gica</p>\n<p>Financiado por la &nbsp;ASINCH (Asociaci&oacute;n para investigaciones culturales del Choc&oacute;)</p>', 203, 1, 1, '2023-08-11 05:49:29', '2023-08-11 05:49:29'),
(204, NULL, 2, 12, 'Ombligadas', 'Ombligadas Narrativas Transmedia Que Nos Conectan con el Territorio es un proyecto que nace a partir de la Beca de Comunicación y Territorio otorgada por el Ministerio de Cultura a Asinch y la Corporaloteca en el 2021 y que llega para potenciar el laboratorio de investigación - creación El Pulso que Nos Une y el proyecto La Tambora Mágica.\n\nEste es un proyecto que nace de un interés por las ecologías afectivas propias del Pacífico Colombiano, como esas maneras particulares en el que los afectos y sentires se movilizan en pro de la defensa y conservación de un territorio, que justamente desata ese interés en visibilizar a través de múltiples lenguajes las experiencias de cuidado y afecto que las comunidades del Pacifico tiene con su territorio, desde sus propias voces.', 'https://www.ombligadas.com/', '', '', '', '<p>Con apoyo de la Universidad Tecnol&oacute;gica del Choc&oacute;</p>\n<p>Con apoyo de la Tambora M&aacute;gica</p>\n<p>Financiado por la &nbsp;ASINCH (Asociaci&oacute;n para investigaciones culturales del Choc&oacute;)</p>', 204, 1, 1, '2023-08-11 05:50:39', '2023-08-11 05:50:39'),
(205, NULL, 2, 10, 'Variaciones sobre la Ausencia', 'La ausencia es más que un vacío. El vacío es aséptico, incoloro, insignificante. No es posible el grito en el vacío. Ni la propagación de los olores. Y todo parece conservarse mejor en un vacío perfecto. En la ausencia, en cambio, todo se corrompe: la alegría, el amor, el sentido de lo que en realidad importa. En ningún otro ambiente pueden oírse más claros la rabia ni los llantos de tristeza como en los contornos de la ausencia y duele más la ausencia en los lugares que aún conservan los olores del ausente.\n\nContar cada ausencia es la posibilidad de contar a un hombre diferente y de expandir esta historia hasta límites difíciles de imaginar y en formatos variados: un libro, una obra de teatro, un cortometraje, una serie web.', '', '<p><strong>Direcci&oacute;n Transmedia y Producci&oacute;n: </strong>Ana Kata</p>\n<p><strong>Direcci&oacute;n Cortometraje: </strong>Camilo Escobar</p>\n<p><strong>Guionista y Editor: </strong>Jos&eacute; Andr&eacute;s Ardila Acevedo</p>', '', '', '<p>Convocatoria de Est&iacute;mulos para el Arte y la Cultura 2019. Secretar&iacute;a de Cultura Ciudadana de la Alcald&iacute;a de Medell&iacute;n.</p>', 205, 1, 1, '2023-08-11 05:51:58', '2023-08-11 05:51:58'),
(206, NULL, 2, 13, 'El Sueño de Rojo Coral', 'El sueño de Rojo Coral es un proyecto transmedia que busca que los niños y las niñas, comprendan, creen, imaginen, reflexionen y se conecten con el modelo de economía circular, de forma que puedan expandir la obra seminal a otros universos narrativos que hagan parte de sus entornos académicos, familiares y sociales, a través de múltiples plataformas.', 'https://sites.google.com/view/rojocoral/inicio?authuser=0', '<p><strong>Director del Proyecto: </strong>Diego Fernando Montoya</p>\n<p><strong>Autora Libro: </strong>Andrea Santa</p>\n<p><strong>Ilustraci&oacute;n: </strong>Mery Laura Hern&aacute;ndez</p>\n<p><strong>Dise&ntilde;o y Diagramaci&oacute;n: </strong>Leo Ram&iacute;rez</p>', '', '', '<p>Apoyo de la Universidad Pontificia Bolivariana</p>', 206, 1, 1, '2023-08-11 05:54:09', '2023-08-11 05:54:09'),
(207, NULL, 2, 9, 'Transformacciones', 'Documental transmedia colaborativo que busca destacar las acciones que se realizan en Colombia, segundo país con mayor biodiversidad del planeta, para transformar hábitos de consumo, intervenir en la comunidad y cuestionarse sobre nuestra responsabilidad en la Tierra.', '', '<p><strong>Direcci&oacute;n documental audiovisual: </strong>Alejandro Borr&aacute;ez</p>\n<p><strong>Direcci&oacute;n documental interactivo:</strong>&nbsp;Alejandro Borr&aacute;ez</p>\n<p><strong>Producci&oacute;n general: </strong>Omar Javier Uma&ntilde;a</p>\n<p>DolarBlue Films</p>', '', '', '', 207, 1, 1, '2023-08-11 05:55:28', '2023-08-11 05:55:28'),
(208, NULL, 2, 8, 'Los Menos Buscados', '\"Los Menos Buscados es un proyecto transmedia de periodismo urbano que se desarrolla en Bogotá. LMB está alojado en una plataforma digital que narra historias de distintos géneros y en múltiples formatos, cuyos protagonistas son los ciudadanos, el espacio urbano y la cultura de la capital colombiana. Este proyecto produce y difunde historias sobre personajes de la ciudad que viven en el anonimato. El objetivo de este proyecto consiste en visibilizar a personas y colectivos sociales quienes con sus actividades, oficios o prácticas culturales e intervenciones en el espacio urbano han ocupado lugares representativos y particulares de Bogotá, donde a diario construyen comunidad y ciudad.', '', '', '', '', '<p>Apoyo de la universidad d la Sabana</p>', 208, 1, 1, '2023-08-11 05:56:25', '2023-08-11 05:56:25'),
(209, NULL, 2, 10, 'Transitando La Gabriela', 'Investigación que se realizó a partir del diseño, implementación y análisis de una estrategia de formación apoyada en la creación de narraciones transmedia en contextos extracurriculares, con la cual se buscó favorecer la emergencia de formas de participación en jóvenes del barrio La Gabriela del municipio de Bello, Antioquia.', 'thinglink.com/scene/962198025189457921', '<p><strong>Director del Proyecto: </strong>Cristian Camilo Otálvaro</p>', '', '', '<p>Apoyo de la Universidad de Antioquia</p>', 209, 1, 1, '2023-08-11 05:57:40', '2023-08-11 05:57:40'),
(210, NULL, 2, 7, 'Casi', 'LOS LASTRES era una banda PUNK que existió a finales de los 80s y principios de los 90s en Medellín. Cuatro jóvenes de distintos sectores de la ciudad se unen para resistir como hermanos de calle ante la presión de la guerra narcoterrorista del Cartel de Medellín, contra el Cartel de Cali y el gobierno colombiano, sometiendo a una ciudad y un país a la incertidumbre y la zozobra.  CASI es el testimonio a veces divertido y a veces crudo de la juventud de una generación atormentada que entre pogos, casettes y fanzines logró sobrevivir para contar su historia.', 'https://bw24h.com/casi/', '<p><strong>Director: </strong>Lucas Jaramillo</p>\n<p><strong>Productura: </strong>Sasha Q. Carbonell</p>\n<p>Brainwash 24 Hours</p>', '', '', '', 210, 1, 1, '2023-08-11 05:59:13', '2023-08-11 05:59:13'),
(211, NULL, 2, 8, 'Antes de la Gloria: ‘Rompiendo Barreras’', 'ANTES DE LA GLORIA ‘rompiendo barreras’, es el título que se le otorgó al proyecto transmedia en dónde se refleja claramente nuestra investigación, el antes de un deportista, sus inicios, su formación, sus experiencias y vivencias, su procedencia y su preparación previamente de convertirse en campeones en el alto rendimiento.', 'https://repositorio.ucp.edu.co/bitstream/10785/6064/1/DDMCSP106.pdf', '<p><strong>Realizadores: </strong>Sharik Stefanny Guzm&aacute;n Mera, &nbsp;Juan Pablo Toro Hurtado, &nbsp;Laura Mar&iacute;a L&oacute;pez Nieto</p>', '', '', '<p>Con apoyo de Universidad Cat&oacute;lica de Pereira</p>', 211, 1, 1, '2023-08-11 06:00:35', '2023-08-11 06:00:35');
INSERT INTO `projects` (`id`, `user_id`, `gender_id`, `year_id`, `name`, `description`, `url`, `team`, `nominations`, `awards`, `funding`, `order`, `is_public`, `is_featured`, `created_at`, `updated_at`) VALUES
(212, NULL, 2, 6, 'Puerto Creativo, la Propia Cinta', 'Puerto Creativo es un Laboratorio de creación y emprendimiento audiovisual en Buenaventura.  Este proyecto fue pensado para la formación, realización y producción de una serie web documental trans-media que cuenta historias de impacto social y cultural en el puerto.\n\nEl propósito último de esta residencia fue aportar a la conformación de redes de trabajo locales con la capacidad de generar contenidos digitales de calidad y generar estrategias de comercialización que permitieran fortalecer sus procesos de emprendimiento y proyectos de vida.', '', '<p><strong>Productora: </strong>Gerylee Polanco</p>', '', '', '<p>Con apoyo del Ministerio de Cultura y la Fundaci&oacute;n M&aacute;s Arte M&aacute;s Acci&oacute;n</p>\n<p>Con el apoyo de Escuela Taller Buenaventura</p>', 212, 1, 1, '2023-08-11 06:01:42', '2023-08-11 06:01:42'),
(213, NULL, 2, 8, 'Caminos de Resiliencia', '“Caminos de Resiliencia” es un documental web que explora las historias de superación de los sobrevivientes del conflicto armado colombiano que habitan en el municipio de Soacha. A través de cinco personajes que por medio del arte en todas sus expresiones, la labor social y la pedagogía en torno a la memoria los usuarios podrán conocer cómo personajes comunes lograron sobreponerse a los estragos de la guerra, además de convertirse en líderes de sus comunidades.\n\nSe busca visibilizar cómo los sobrevivientes del conflicto han construido paz desde su cotidiano desde antes de los acuerdos en la Habana, en ellos se encuentra la clave para el perdón y la reconciliación nacional. ', '', '<p><strong>Realizado por: </strong>Maria Alejandra Caicedo, Richard Ladino</p>', '', '<p>2018 - Mejor Tesis de Grado, para la CPB</p>', '<p>Con apoyo de la Universidad Minuto de Dios</p>', 213, 1, 1, '2023-08-11 06:03:04', '2023-08-11 06:03:04'),
(214, NULL, 2, 12, 'Todas las Vidas Valen', 'Todas las Vidas Valen es un proyecto transmedia que nace del documental: Tripido, diez años de impunidad, y que propone un ejercicio de memoria a partir del grafiti con la construcción del Primer Museo Urbano de la Memoria en Latinoamérica.\n\nHoy, en casi 10.000 metros cuadrados de distintos puentes de Bogotá, pueden verse los rostros de cientos de víctimas del conflicto y la violencia de Estado, falsos positivos, líderes y lideresas sociales... Todas las vidas valen es un abrazo a cada una de ellas desde el compromiso de los grafiteros de la ciudad en un ejercicio de dignidad y memoria.', 'https://www.facebook.com/TodasLasVidasValen', '<p><strong>Directora: </strong>M&oacute;nica Moya</p>\n<p><strong>Productor: </strong>Emmanuel Jaramillo</p>\n<p>Yag&eacute; Producciones, Agencia Tres Cuartos y la Fundaci&oacute;n Tripido: Diego Felipe Becerra</p>', '', '', '<p>Fundaci&oacute;n Tripido</p>', 214, 1, 1, '2023-08-11 06:04:44', '2023-08-11 06:04:44'),
(215, NULL, 2, 11, 'Viaje Multisensorial', 'Viaje Multisensorial es un documental que se construye desde el humanismo y se pregunta por la diversidad y la inclusión en los territorios.\n\nEl proyecto busca generar un diálogo e intercambio de conocimientos, donde a partir de distintos formatos, se muestran características que identifican a diferentes grupos poblacionales que se conectan a partir de la música.\n\nEsta propuesta convergente tiene tres componentes audiovisuales: un video, un clip microficción y un podcast, lo que permite a Viaje Multisensorial ser vista e interpretada desde distintas plataformas: TV abierta en la pantalla de Señal Colombia, redes sociales y plataformas de audio.', 'https://www.rtvcplay.co/innovadores/un-viaje-multisensorial', '<p>Arquetipo Bross Media</p>', '', '', '<p>Con apoyo de Se&ntilde;al Colombia</p>', 215, 1, 1, '2023-08-11 06:06:05', '2023-08-11 06:06:05'),
(216, NULL, 2, 13, 'EL Caso Valledupar', 'La plataforma transmedia llamada “El caso Valledupar”, permite conocer los diferentes procesos y etapas de la investigación realizada por Álvaro Campo a través de seis productos que trabajan la siguiente información: el contexto, las evidencias del caso, los involucrados, la ruta del dinero tras el robo, como se retrató el robo en los diferentes medios de comunicación y el proceso de creación del cortometraje documental “El vigía del banco”.', 'https://www.elcasovalledupar.com/', '<p><strong>Producci&oacute;n y realizaci&oacute;n: </strong>Laura Badalacchi Cruz y Mariana Hofstetter Diazgranados</p>\n<p><strong>Tutor&iacute;a/Direcci&oacute;n: </strong>Juan Carlos Arango Espitia</p>', '', '', '<p>Con apoyo de la Pontificia Universidad Javeriana</p>', 216, 1, 1, '2023-08-11 06:07:20', '2023-08-11 06:07:20'),
(217, NULL, 2, 13, 'Polifonías Transmedia', 'Es un proyecto de investigación interinstitucional donde trabajamos las narrativas transmedia realizadas por jóvenes y para jóvenes, que se preocupan por el pensamiento crítico y la participación política.\nEn Polifonías reunimos distintos formatos y plataformas, tanto tradicionales como análogos y digitales; además de desarrollar un juego de realidad alternativa para generar nuevos contenidos, debates y participación alrededor del pensamiento crítico juvenil, sus decisiones y desarrollo.', 'https://proyectopolifonias.wixsite.com/polifoniastransmedia?fbclid=IwAR0VJ-mh3HTfYOkNFapVR4lFUiVHAAvMgHNlPZZ369KdRZxiTgjdDRhjcWg', '<p><strong>Profesor-investigador principal: &nbsp;</strong>Jairo Antonio P&eacute;rez. Ph.D.</p>\n<p><strong>Producci&oacute;n y Realizaci&oacute;n: </strong>Juanita &nbsp;Bedoya G&oacute;mez, Jaime Gabriel Betancourt &nbsp;</p>\n<p><strong>Montaje: </strong>&nbsp;Dylan Mart&iacute;nez, Nicol&aacute;s Pach&oacute;n, Camilo Su&aacute;rez Ramirez, Sergio Jimenez.​</p>\n<p><strong>Dise&ntilde;o: </strong>&nbsp;Nicol&aacute;s Pach&oacute;n, Camilo Su&aacute;rez Ramirez , Jairo Antonio P&eacute;rez.​</p>\n<p><strong>Gr&aacute;ficos:&nbsp;</strong>Nicol&aacute;s Pach&oacute;n, Camilo Su&aacute;rez, Angie Aristizabal.​</p>\n<p><strong>Dise&ntilde;adores logo:&nbsp;</strong>Santiago Ca&ntilde;izares, Brahiam Cardona.​</p>\n<p><strong>Co-investigadores:&nbsp;</strong>Diana Carolina Pel&aacute;ez, Ruth Molina, M&oacute;nica Salazar, Alejandra Bautista, Carmen Burgos, Lina Parra, El&iacute;as Rey, Manuel Ignacio Balaguera, &Aacute;lvaro Duque, Iv&aacute;n Ernesto Roa, Javier Vel&aacute;squez, Jairo Antonio P&eacute;rez, Javier N&oacute; S&aacute;nchez, Bernardo Caycedo.</p>', '', '', '<p>Con apoyo de la Pontificia Universidad Javeriana</p>\n<p>Con Apoyo de la Uniminuto</p>', 217, 1, 1, '2023-08-11 06:09:17', '2023-08-11 06:09:17'),
(218, NULL, 2, 13, 'Peña Negra: memoria histórica y relatos de adultos mayores de Peña Negra, Cachipay', 'Proyecto Transmedia que opera como un espacio en busca de  la reconstrucción de la memoria histórica de Peña Negra, Cachipay.', 'https://historiapnegra.wixsite.com/memoria-historica', '<p><strong>Realizadoras: </strong>Mariana Canoa y Lorena Hern&aacute;ndez</p>', '', '', '<p>Con apoyo de la Universidad Pontificia Javeriana</p>', 218, 1, 1, '2023-08-11 06:10:32', '2023-08-11 06:10:32'),
(219, NULL, 2, 11, 'En el margen: Potosí, arte, creación, comunidad y territorio', 'Este proyecto pretende dar cuenta de los procesos de creación artística en la periferia urbana de Bogotá a través de una investigación periodística en el barrio Potosí de Ciudad Bolívar. En el margen es una plataforma web periodística y transmedia que integra géneros periodísticos como la entrevista, la crónica y el reportaje, y los presenta en formato de libro, de podcast, de historieta, de herramientas interactivas y de lenguajes audiovisuales. ', 'https://drive.google.com/drive/folders/1SjxPWs_JBrY_HuyDL9Q1zVKejr6tojgq', '<p><strong>Realizador: </strong>Fernando Camilo Garz&oacute;n G&oacute;mez</p>', '', '', '<p>Con apoyo de la Universidad Pontificia Javeriana</p>', 219, 1, 1, '2023-08-11 06:11:58', '2023-08-11 06:11:58'),
(220, NULL, 2, 9, 'Después de la guerra, Macarena territorio de paz.', 'Proyecto Transmedia que comenzó con la iniciativa de realizar un recorrido por La Macarena (Meta) con el propósito de evidenciar su desarrollo turístico, económico, y social luego de la firma del acuerdo de paz entre el Gobierno del Presidente Juan Manuel Santos y el grupo armado revolucionario Farc-Ep.', 'https://rutadelposconflict.wixsite.com/reconreintemacarena', '<p><strong>Realizadoras: </strong>Luisa Fernanda G&oacute;mez, Mar&iacute;a Fernanda Guti&eacute;rrez, Mar&iacute;a Camila Parra&nbsp;</p>', '', '', '<p>Con apoyo de la Universidad Pontificia Javeriana</p>', 220, 1, 1, '2023-08-11 06:13:28', '2023-08-11 06:13:28'),
(221, NULL, 2, 10, 'A Suerte de Caña', 'A Suerte de Caña es un proyecto investigativo transmedia sobre las situaciones ambientales, políticas, sociales y culturales que vive el proceso de cultivo y cosecha de la caña de azúcar en la región del valle geográfico del río Cauca.', '', '<p><strong>Director: </strong>Juan David R&iacute;os &Aacute;lvarez</p>', '', '', '<p>Con apoyo de la Universidad Pontificia Javeriana</p>', 221, 1, 1, '2023-08-11 06:14:42', '2023-08-11 06:14:42'),
(225, 2, 4, 14, 'Feria virtual', 'hfgh', 'https://feria.henryperezyasociados.com', '<p>equipo</p>', '<p>nominaciones</p>', '<p>premios</p>', '<p>financiaci&oacute;n</p>', NULL, 0, 0, '2023-08-15 08:08:00', '2023-08-18 07:02:32');

-- --------------------------------------------------------

--
-- Estructura de tabla para la tabla `projects_genders`
--

CREATE TABLE `projects_genders` (
  `id` int(10) UNSIGNED NOT NULL,
  `name` varchar(255) COLLATE utf8mb4_unicode_ci DEFAULT NULL,
  `description` text COLLATE utf8mb4_unicode_ci,
  `order` int(11) DEFAULT NULL,
  `is_public` int(11) DEFAULT NULL,
  `created_at` timestamp NULL DEFAULT NULL,
  `updated_at` timestamp NULL DEFAULT NULL
) ENGINE=InnoDB DEFAULT CHARSET=utf8mb4 COLLATE=utf8mb4_unicode_ci;

--
-- Volcado de datos para la tabla `projects_genders`
--

INSERT INTO `projects_genders` (`id`, `name`, `description`, `order`, `is_public`, `created_at`, `updated_at`) VALUES
(2, 'No ficción', '', 2, 1, '2023-05-02 05:48:00', '2023-07-25 20:42:07'),
(4, 'Ficción', '', 1, 1, '2023-07-24 22:35:00', '2023-07-25 20:41:54');

-- --------------------------------------------------------

--
-- Estructura de tabla para la tabla `projects_medias`
--

CREATE TABLE `projects_medias` (
  `id` int(10) UNSIGNED NOT NULL,
  `name` varchar(255) COLLATE utf8mb4_unicode_ci DEFAULT NULL,
  `description` text COLLATE utf8mb4_unicode_ci,
  `order` int(11) DEFAULT NULL,
  `is_public` int(11) DEFAULT NULL,
  `created_at` timestamp NULL DEFAULT NULL,
  `updated_at` timestamp NULL DEFAULT NULL
) ENGINE=InnoDB DEFAULT CHARSET=utf8mb4 COLLATE=utf8mb4_unicode_ci;

--
-- Volcado de datos para la tabla `projects_medias`
--

INSERT INTO `projects_medias` (`id`, `name`, `description`, `order`, `is_public`, `created_at`, `updated_at`) VALUES
(1, 'Albúm', '', 1, 1, '2023-05-01 20:08:00', '2023-07-25 21:52:06'),
(3, 'App Dispositivos Móviles', '', 2, 1, '2023-07-24 22:51:00', '2023-07-25 22:10:49'),
(4, 'Audio / Narración Sonora', '', 3, 1, '2023-07-25 21:52:00', '2023-07-26 00:26:32'),
(5, 'Blog', '', 4, 1, '2023-07-25 21:52:41', '2023-07-25 22:10:49'),
(6, 'Comic', '', 5, 1, '2023-07-25 21:52:48', '2023-07-25 22:10:49'),
(7, 'Conciertos', '', 6, 1, '2023-07-25 21:52:00', '2023-07-26 00:29:15'),
(8, 'Cuento', '', 7, 1, '2023-07-25 21:53:00', '2023-07-26 00:29:21'),
(10, 'Ebook', '', 8, 1, '2023-07-25 21:53:18', '2023-07-25 22:10:49'),
(13, 'Fotográfia', '', 9, 1, '2023-07-25 21:53:00', '2023-07-26 00:29:27'),
(14, 'Impresos', '', 10, 1, '2023-07-25 21:53:00', '2023-07-26 00:29:41'),
(15, 'Instalación', '', 11, 1, '2023-07-25 21:53:00', '2023-07-26 00:30:38'),
(16, 'Página Web', '', 12, 1, '2023-07-25 21:54:00', '2023-08-09 22:28:18'),
(17, 'Performance', '', 13, 1, '2023-07-25 21:54:06', '2023-07-25 22:10:49'),
(18, 'Podcast', '', 14, 1, '2023-07-25 21:54:12', '2023-07-25 22:10:49'),
(19, 'Productos Offline', '', 15, 1, '2023-07-25 21:54:00', '2023-07-26 00:31:00'),
(20, 'Realidad Virtual O Aumentada', '', 16, 1, '2023-07-25 21:54:00', '2023-07-26 00:31:04'),
(21, 'Seminarios Especializados', '', 17, 1, '2023-07-25 21:54:00', '2023-07-26 00:31:20'),
(22, 'Serie Televisión', '', 18, 1, '2023-07-25 21:54:00', '2023-07-26 00:31:25'),
(23, 'Serie Web', '', 19, 1, '2023-07-25 21:54:00', '2023-07-26 00:31:33'),
(24, 'Televisión', '', 20, 1, '2023-07-25 21:55:00', '2023-07-26 00:31:41'),
(25, 'Video Juegos', '', 21, 1, '2023-07-25 21:55:00', '2023-07-26 00:31:57'),
(26, 'Videos Musicales', '', 22, 1, '2023-07-25 21:55:00', '2023-07-26 00:32:06'),
(27, 'Visitas Turísticas', '', 23, 1, '2023-07-25 21:56:00', '2023-07-26 00:32:13');

-- --------------------------------------------------------

--
-- Estructura de tabla para la tabla `projects_topics`
--

CREATE TABLE `projects_topics` (
  `id` int(10) UNSIGNED NOT NULL,
  `name` varchar(255) COLLATE utf8mb4_unicode_ci DEFAULT NULL,
  `description` longtext COLLATE utf8mb4_unicode_ci,
  `is_public` int(11) DEFAULT NULL,
  `order` int(11) DEFAULT NULL,
  `created_at` timestamp NULL DEFAULT NULL,
  `updated_at` timestamp NULL DEFAULT NULL
) ENGINE=InnoDB DEFAULT CHARSET=utf8mb4 COLLATE=utf8mb4_unicode_ci;

--
-- Volcado de datos para la tabla `projects_topics`
--

INSERT INTO `projects_topics` (`id`, `name`, `description`, `is_public`, `order`, `created_at`, `updated_at`) VALUES
(1, 'Adolescencia', '', 1, NULL, '2023-07-25 23:36:55', '2023-07-25 23:36:55'),
(2, 'Arquitectura', '', 1, NULL, '2023-07-25 23:37:05', '2023-07-25 23:37:05'),
(3, 'Aventura', '', 1, NULL, '2023-07-25 23:37:19', '2023-07-25 23:37:19'),
(4, 'Ciencia', '', 1, NULL, '2023-07-25 23:37:29', '2023-07-25 23:37:29'),
(6, 'Ciudad', '', 1, NULL, '2023-07-25 23:37:49', '2023-07-25 23:37:49'),
(7, 'Cocina', '', 1, NULL, '2023-07-25 23:38:19', '2023-07-25 23:38:19'),
(8, 'Comedia', '', 1, NULL, '2023-07-25 23:38:28', '2023-07-25 23:38:28'),
(9, 'Conflicto Armado', '', 1, NULL, '2023-07-25 23:38:38', '2023-07-25 23:38:38'),
(10, 'Corrupción', '', 1, NULL, '2023-07-25 23:38:48', '2023-07-25 23:38:48'),
(11, 'Cotidianidad', '', 1, NULL, '2023-07-25 23:38:00', '2023-07-26 00:22:35'),
(12, 'Cuentos Rurales', '', 1, NULL, '2023-07-25 23:39:12', '2023-07-25 23:39:12'),
(13, 'Delincuencia', '', 1, NULL, '2023-07-25 23:39:22', '2023-07-25 23:39:22'),
(14, 'Deporte', '', 1, NULL, '2023-07-25 23:39:31', '2023-07-25 23:39:31'),
(15, 'Diario personal', '', 1, NULL, '2023-07-25 23:39:42', '2023-07-25 23:39:42'),
(16, 'Discapacidad', '', 1, NULL, '2023-07-25 23:39:53', '2023-07-25 23:39:53'),
(17, 'Diversidad', '', 1, NULL, '2023-07-25 23:40:06', '2023-07-25 23:40:06'),
(18, 'Educación', '', 1, NULL, '2023-07-25 23:40:18', '2023-07-25 23:40:18'),
(19, 'Espacio Público', '', 1, NULL, '2023-07-25 23:40:38', '2023-07-25 23:40:38'),
(20, 'Expresiones artísticas', '', 1, NULL, '2023-07-25 23:40:48', '2023-07-25 23:40:48'),
(21, 'Fantasía', '', 1, NULL, '2023-07-25 23:41:14', '2023-07-25 23:41:14'),
(22, 'Género', '', 1, NULL, '2023-07-25 23:41:24', '2023-07-25 23:41:24'),
(23, 'Gentrificación', '', 1, NULL, '2023-07-25 23:41:40', '2023-07-25 23:41:40'),
(24, 'Histórico', '', 1, NULL, '2023-07-25 23:41:57', '2023-07-25 23:41:57'),
(25, 'Identidad', '', 1, NULL, '2023-07-25 23:42:07', '2023-07-25 23:42:07'),
(26, 'Identidad de género', '', 1, NULL, '2023-07-25 23:42:17', '2023-07-25 23:42:17'),
(27, 'Inclusión', '', 1, NULL, '2023-07-25 23:42:27', '2023-07-25 23:42:27'),
(28, 'Infantiles', '', 1, NULL, '2023-07-25 23:42:52', '2023-07-25 23:42:52'),
(29, 'Inteligencia Artificial', '', 1, NULL, '2023-07-25 23:43:01', '2023-07-25 23:43:01'),
(30, 'Maternidad', '', 1, NULL, '2023-07-25 23:43:11', '2023-07-25 23:43:11'),
(31, 'Medio Ambiente', '', 1, NULL, '2023-07-25 23:43:21', '2023-07-25 23:43:21'),
(32, 'Memoria', '', 1, NULL, '2023-07-25 23:43:31', '2023-07-25 23:43:31'),
(33, 'Migración', '', 1, NULL, '2023-07-25 23:43:40', '2023-07-25 23:43:40'),
(34, 'Misterio', '', 1, NULL, '2023-07-25 23:43:52', '2023-07-25 23:43:52'),
(35, 'Música', '', 1, NULL, '2023-07-25 23:44:02', '2023-07-25 23:44:02'),
(36, 'Narraciones autobiográficas', '', 1, NULL, '2023-07-25 23:44:16', '2023-07-25 23:44:16'),
(37, 'Pandemia', '', 1, NULL, '2023-07-25 23:44:26', '2023-07-25 23:44:26'),
(38, 'Patrimonio', '', 1, NULL, '2023-07-25 23:44:36', '2023-07-25 23:44:36'),
(39, 'Patrimonio Cultural', '', 1, NULL, '2023-07-25 23:44:46', '2023-07-25 23:44:46'),
(40, 'Política', '', 1, NULL, '2023-07-25 23:45:13', '2023-07-25 23:45:13'),
(41, 'Relatos Orales', '', 1, NULL, '2023-07-25 23:45:22', '2023-07-25 23:45:22'),
(42, 'Ruralidad', '', 1, NULL, '2023-07-25 23:45:00', '2023-07-26 00:23:17'),
(43, 'Salud mental', '', 1, NULL, '2023-07-25 23:45:44', '2023-07-25 23:45:44'),
(44, 'Sistema de Salud', '', 1, NULL, '2023-07-25 23:45:55', '2023-07-25 23:45:55'),
(45, 'Trabajo Informal', '', 1, NULL, '2023-07-25 23:46:08', '2023-07-25 23:46:08'),
(46, 'Tradición oral', '', 1, NULL, '2023-07-25 23:46:18', '2023-07-25 23:46:18'),
(47, 'Transformación Social', '', 1, NULL, '2023-07-25 23:46:34', '2023-07-25 23:46:34'),
(48, 'Turismo', '', 1, NULL, '2023-07-25 23:46:44', '2023-07-25 23:46:44'),
(50, 'Violencia', '', 1, NULL, '2023-07-25 23:46:55', '2023-07-25 23:46:55');

-- --------------------------------------------------------

--
-- Estructura de tabla para la tabla `projects_years`
--

CREATE TABLE `projects_years` (
  `id` int(10) UNSIGNED NOT NULL,
  `year` int(11) DEFAULT NULL,
  `is_public` int(11) DEFAULT NULL,
  `created_at` timestamp NULL DEFAULT NULL,
  `updated_at` timestamp NULL DEFAULT NULL
) ENGINE=InnoDB DEFAULT CHARSET=utf8mb4 COLLATE=utf8mb4_unicode_ci;

--
-- Volcado de datos para la tabla `projects_years`
--

INSERT INTO `projects_years` (`id`, `year`, `is_public`, `created_at`, `updated_at`) VALUES
(1, 2009, 1, '2023-07-24 22:56:00', '2023-07-25 22:15:24'),
(2, 2011, 1, '2023-07-24 23:14:00', '2023-07-25 22:15:37'),
(3, 2012, 1, '2023-07-24 23:14:00', '2023-07-25 22:15:44'),
(4, 2013, 1, '2023-07-25 22:15:51', '2023-07-25 22:15:51'),
(5, 2014, 1, '2023-07-25 22:15:58', '2023-07-25 22:15:58'),
(6, 2015, 1, '2023-07-25 22:16:06', '2023-07-25 22:16:06'),
(7, 2016, 1, '2023-07-25 22:16:13', '2023-07-25 22:16:13'),
(8, 2017, 1, '2023-07-25 22:16:24', '2023-07-25 22:16:24'),
(9, 2018, 1, '2023-07-25 22:16:32', '2023-07-25 22:16:32'),
(10, 2019, 1, '2023-07-25 22:16:38', '2023-07-25 22:16:38'),
(11, 2020, 1, '2023-07-25 22:16:45', '2023-07-25 22:16:45'),
(12, 2021, 1, '2023-07-25 22:16:52', '2023-07-25 22:16:52'),
(13, 2022, 1, '2023-07-26 00:37:30', '2023-07-26 00:37:30'),
(14, 2023, 1, '2023-07-26 00:37:38', '2023-07-26 00:37:38');

-- --------------------------------------------------------

--
-- Estructura de tabla para la tabla `project_media`
--

CREATE TABLE `project_media` (
  `id` int(10) UNSIGNED NOT NULL,
  `project_id` int(11) DEFAULT NULL,
  `projects_media_id` int(11) DEFAULT NULL,
  `created_at` timestamp NULL DEFAULT NULL,
  `updated_at` timestamp NULL DEFAULT NULL
) ENGINE=InnoDB DEFAULT CHARSET=utf8mb4 COLLATE=utf8mb4_unicode_ci;

--
-- Volcado de datos para la tabla `project_media`
--

INSERT INTO `project_media` (`id`, `project_id`, `projects_media_id`, `created_at`, `updated_at`) VALUES
(6, 4, 16, NULL, NULL),
(7, 2, 16, NULL, NULL),
(8, 2, 3, NULL, NULL),
(9, 2, 22, NULL, NULL),
(10, 1, 5, NULL, NULL),
(11, 1, 16, NULL, NULL),
(12, 3, 16, NULL, NULL),
(13, 4, 1, NULL, NULL),
(14, 4, 8, NULL, NULL),
(15, 5, 16, NULL, NULL),
(16, 6, 16, NULL, NULL),
(17, 7, 16, NULL, NULL),
(18, 8, 5, NULL, NULL),
(19, 8, 1, NULL, NULL),
(20, 8, 7, NULL, NULL),
(21, 8, 13, NULL, NULL),
(22, 9, 5, NULL, NULL),
(23, 10, 6, NULL, NULL),
(24, 10, 20, NULL, NULL),
(25, 10, 16, NULL, NULL),
(26, 11, 23, NULL, NULL),
(27, 11, 16, NULL, NULL),
(28, 12, 16, NULL, NULL),
(29, 13, 16, NULL, NULL),
(30, 13, 13, NULL, NULL),
(31, 13, 26, NULL, NULL),
(32, 14, 16, NULL, NULL),
(33, 15, 16, NULL, NULL),
(34, 15, 13, NULL, NULL),
(35, 16, 16, NULL, NULL),
(36, 17, 25, NULL, NULL),
(37, 17, 16, NULL, NULL),
(38, 18, 5, NULL, NULL),
(39, 19, 13, NULL, NULL),
(40, 20, 16, NULL, NULL),
(41, 21, 16, NULL, NULL),
(42, 22, 16, NULL, NULL),
(43, 23, 16, NULL, NULL),
(44, 24, 16, NULL, NULL),
(45, 24, 13, NULL, NULL),
(46, 25, 16, NULL, NULL),
(47, 26, 16, NULL, NULL),
(48, 27, 4, NULL, NULL),
(49, 27, 5, NULL, NULL),
(50, 29, 16, NULL, NULL),
(51, 30, 16, NULL, NULL),
(52, 30, 17, NULL, NULL),
(53, 31, 16, NULL, NULL),
(54, 31, 7, NULL, NULL),
(55, 31, 3, NULL, NULL),
(56, 32, 16, NULL, NULL),
(57, 33, 26, NULL, NULL),
(58, 33, 16, NULL, NULL),
(59, 33, 3, NULL, NULL),
(60, 35, 16, NULL, NULL),
(61, 35, 13, NULL, NULL),
(62, 36, 16, NULL, NULL),
(63, 37, 6, NULL, NULL),
(64, 37, 23, NULL, NULL),
(65, 38, 10, NULL, NULL),
(66, 38, 20, NULL, NULL),
(67, 38, 3, NULL, NULL),
(68, 41, 16, NULL, NULL),
(69, 41, 3, NULL, NULL),
(70, 41, 22, NULL, NULL),
(71, 43, 22, NULL, NULL),
(72, 43, 23, NULL, NULL),
(73, 43, 16, NULL, NULL),
(74, 44, 13, NULL, NULL),
(75, 46, 1, NULL, NULL),
(76, 46, 16, NULL, NULL),
(77, 47, 21, NULL, NULL),
(78, 48, 22, NULL, NULL),
(79, 48, 25, NULL, NULL),
(80, 49, 22, NULL, NULL),
(81, 52, 10, NULL, NULL),
(82, 52, 16, NULL, NULL),
(83, 52, 15, NULL, NULL),
(84, 53, 3, NULL, NULL),
(85, 53, 5, NULL, NULL),
(86, 53, 20, NULL, NULL),
(87, 54, 3, NULL, NULL),
(88, 54, 25, NULL, NULL),
(89, 55, 16, NULL, NULL),
(90, 55, 20, NULL, NULL),
(91, 56, 3, NULL, NULL),
(92, 56, 20, NULL, NULL),
(93, 57, 18, NULL, NULL),
(94, 57, 20, NULL, NULL),
(95, 57, 10, NULL, NULL),
(96, 57, 16, NULL, NULL),
(97, 57, 13, NULL, NULL),
(98, 58, 18, NULL, NULL),
(99, 58, 13, NULL, NULL),
(100, 58, 16, NULL, NULL),
(101, 59, 16, NULL, NULL),
(102, 59, 4, NULL, NULL),
(103, 60, 16, NULL, NULL),
(104, 60, 15, NULL, NULL),
(105, 60, 4, NULL, NULL),
(106, 61, 23, NULL, NULL),
(107, 61, 6, NULL, NULL),
(108, 61, 5, NULL, NULL),
(109, 62, 6, NULL, NULL),
(110, 62, 16, NULL, NULL),
(111, 63, 23, NULL, NULL),
(112, 63, 25, NULL, NULL),
(113, 63, 16, NULL, NULL),
(114, 64, 1, NULL, NULL),
(115, 64, 16, NULL, NULL),
(116, 64, 21, NULL, NULL),
(117, 65, 22, NULL, NULL),
(118, 65, 20, NULL, NULL),
(119, 65, 16, NULL, NULL),
(120, 66, 20, NULL, NULL),
(121, 66, 16, NULL, NULL),
(122, 66, 21, NULL, NULL),
(123, 67, 20, NULL, NULL),
(124, 67, 16, NULL, NULL),
(125, 67, 13, NULL, NULL),
(126, 68, 10, NULL, NULL),
(127, 68, 20, NULL, NULL),
(128, 68, 23, NULL, NULL),
(129, 69, 20, NULL, NULL),
(130, 69, 16, NULL, NULL),
(131, 70, 23, NULL, NULL),
(132, 71, 23, NULL, NULL),
(133, 71, 25, NULL, NULL),
(134, 71, 20, NULL, NULL),
(135, 71, 3, NULL, NULL),
(136, 72, 22, NULL, NULL),
(137, 73, 20, NULL, NULL),
(138, 73, 22, NULL, NULL),
(139, 74, 23, NULL, NULL),
(140, 75, 23, NULL, NULL),
(141, 76, 23, NULL, NULL),
(142, 77, 18, NULL, NULL),
(143, 77, 16, NULL, NULL),
(144, 78, 23, NULL, NULL),
(145, 78, 3, NULL, NULL),
(146, 78, 16, NULL, NULL),
(147, 79, 18, NULL, NULL),
(148, 79, 6, NULL, NULL),
(149, 80, 18, NULL, NULL),
(150, 80, 4, NULL, NULL),
(151, 80, 23, NULL, NULL),
(152, 80, 16, NULL, NULL),
(153, 81, 10, NULL, NULL),
(154, 81, 25, NULL, NULL),
(155, 81, 26, NULL, NULL),
(156, 81, 3, NULL, NULL),
(157, 81, 16, NULL, NULL),
(158, 82, 22, NULL, NULL),
(159, 82, 16, NULL, NULL),
(160, 82, 5, NULL, NULL),
(161, 83, 20, NULL, NULL),
(162, 83, 23, NULL, NULL),
(163, 83, 16, NULL, NULL),
(164, 84, 6, NULL, NULL),
(165, 84, 20, NULL, NULL),
(166, 84, 23, NULL, NULL),
(167, 85, 25, NULL, NULL),
(168, 85, 16, NULL, NULL),
(169, 86, 6, NULL, NULL),
(170, 86, 3, NULL, NULL),
(171, 86, 23, NULL, NULL),
(172, 87, 20, NULL, NULL),
(173, 87, 21, NULL, NULL),
(174, 88, 22, NULL, NULL),
(175, 88, 5, NULL, NULL),
(176, 88, 26, NULL, NULL),
(177, 89, 16, NULL, NULL),
(178, 89, 4, NULL, NULL),
(179, 90, 16, NULL, NULL),
(180, 91, 16, NULL, NULL),
(181, 92, 20, NULL, NULL),
(182, 93, 4, NULL, NULL),
(183, 94, 25, NULL, NULL),
(184, 94, 3, NULL, NULL),
(185, 94, 6, NULL, NULL),
(186, 94, 5, NULL, NULL),
(187, 95, 18, NULL, NULL),
(188, 95, 17, NULL, NULL),
(189, 95, 16, NULL, NULL),
(190, 96, 22, NULL, NULL),
(191, 96, 16, NULL, NULL),
(192, 96, 5, NULL, NULL),
(193, 96, 13, NULL, NULL),
(194, 98, 16, NULL, NULL),
(195, 99, 22, NULL, NULL),
(196, 100, 18, NULL, NULL),
(197, 100, 5, NULL, NULL),
(198, 101, 20, NULL, NULL),
(199, 101, 22, NULL, NULL),
(200, 102, 22, NULL, NULL),
(201, 102, 18, NULL, NULL),
(202, 102, 7, NULL, NULL),
(203, 103, 20, NULL, NULL),
(204, 104, 22, NULL, NULL),
(205, 104, 18, NULL, NULL),
(206, 104, 16, NULL, NULL),
(207, 106, 4, NULL, NULL),
(208, 107, 23, NULL, NULL),
(209, 107, 6, NULL, NULL),
(210, 109, 22, NULL, NULL),
(211, 109, 18, NULL, NULL),
(212, 109, 16, NULL, NULL),
(213, 110, 15, NULL, NULL),
(214, 111, 20, NULL, NULL),
(215, 111, 6, NULL, NULL),
(216, 112, 16, NULL, NULL),
(217, 113, 22, NULL, NULL),
(218, 113, 18, NULL, NULL),
(219, 113, 20, NULL, NULL),
(220, 113, 16, NULL, NULL),
(221, 115, 16, NULL, NULL),
(222, 116, 16, NULL, NULL),
(223, 117, 20, NULL, NULL),
(224, 117, 16, NULL, NULL),
(225, 118, 18, NULL, NULL),
(226, 118, 20, NULL, NULL),
(227, 118, 13, NULL, NULL),
(228, 119, 23, NULL, NULL),
(229, 119, 17, NULL, NULL),
(230, 120, 23, NULL, NULL),
(231, 120, 20, NULL, NULL),
(232, 120, 13, NULL, NULL),
(233, 121, 22, NULL, NULL),
(234, 121, 26, NULL, NULL),
(235, 122, 3, NULL, NULL),
(236, 122, 15, NULL, NULL),
(237, 122, 18, NULL, NULL),
(238, 123, 15, NULL, NULL),
(239, 123, 17, NULL, NULL),
(240, 124, 16, NULL, NULL),
(241, 124, 26, NULL, NULL),
(242, 125, 23, NULL, NULL),
(243, 125, 6, NULL, NULL),
(244, 125, 18, NULL, NULL),
(245, 125, 10, NULL, NULL),
(246, 125, 25, NULL, NULL),
(247, 126, 23, NULL, NULL),
(248, 126, 16, NULL, NULL),
(249, 127, 23, NULL, NULL),
(250, 127, 18, NULL, NULL),
(251, 127, 10, NULL, NULL),
(252, 127, 16, NULL, NULL),
(253, 128, 16, NULL, NULL),
(254, 128, 23, NULL, NULL),
(255, 129, 16, NULL, NULL),
(256, 129, 23, NULL, NULL),
(257, 129, 18, NULL, NULL),
(258, 130, 16, NULL, NULL),
(259, 130, 23, NULL, NULL),
(260, 130, 5, NULL, NULL),
(261, 131, 16, NULL, NULL),
(262, 131, 18, NULL, NULL),
(263, 132, 16, NULL, NULL),
(264, 132, 5, NULL, NULL),
(265, 133, 22, NULL, NULL),
(266, 133, 25, NULL, NULL),
(267, 133, 20, NULL, NULL),
(268, 133, 5, NULL, NULL),
(269, 134, 22, NULL, NULL),
(270, 134, 1, NULL, NULL),
(271, 134, 18, NULL, NULL),
(272, 134, 25, NULL, NULL),
(273, 134, 5, NULL, NULL),
(274, 134, 10, NULL, NULL),
(275, 134, 26, NULL, NULL),
(276, 135, 18, NULL, NULL),
(277, 135, 16, NULL, NULL),
(278, 135, 6, NULL, NULL),
(279, 135, 5, NULL, NULL),
(280, 136, 16, NULL, NULL),
(281, 136, 25, NULL, NULL),
(282, 136, 6, NULL, NULL),
(283, 136, 5, NULL, NULL),
(284, 137, 15, NULL, NULL),
(285, 137, 1, NULL, NULL),
(286, 137, 5, NULL, NULL),
(287, 137, 13, NULL, NULL),
(288, 138, 18, NULL, NULL),
(289, 138, 16, NULL, NULL),
(290, 138, 20, NULL, NULL),
(291, 138, 3, NULL, NULL),
(292, 139, 16, NULL, NULL),
(293, 139, 6, NULL, NULL),
(294, 139, 23, NULL, NULL),
(295, 140, 16, NULL, NULL),
(296, 140, 18, NULL, NULL),
(297, 140, 17, NULL, NULL),
(298, 140, 13, NULL, NULL),
(299, 141, 16, NULL, NULL),
(300, 141, 18, NULL, NULL),
(301, 141, 17, NULL, NULL),
(302, 142, 18, NULL, NULL),
(303, 142, 16, NULL, NULL),
(304, 142, 4, NULL, NULL),
(305, 143, 22, NULL, NULL),
(306, 143, 23, NULL, NULL),
(307, 143, 16, NULL, NULL),
(308, 143, 5, NULL, NULL),
(309, 144, 22, NULL, NULL),
(310, 144, 18, NULL, NULL),
(311, 144, 16, NULL, NULL),
(312, 144, 5, NULL, NULL),
(313, 145, 23, NULL, NULL),
(314, 145, 18, NULL, NULL),
(315, 145, 1, NULL, NULL),
(316, 145, 10, NULL, NULL),
(317, 145, 16, NULL, NULL),
(318, 146, 22, NULL, NULL),
(319, 146, 10, NULL, NULL),
(320, 146, 16, NULL, NULL),
(321, 147, 5, NULL, NULL),
(322, 147, 23, NULL, NULL),
(323, 147, 10, NULL, NULL),
(324, 148, 16, NULL, NULL),
(325, 148, 17, NULL, NULL),
(326, 149, 16, NULL, NULL),
(327, 149, 10, NULL, NULL),
(328, 149, 13, NULL, NULL),
(329, 149, 18, NULL, NULL),
(330, 149, 23, NULL, NULL),
(331, 150, 6, NULL, NULL),
(332, 150, 23, NULL, NULL),
(333, 151, 18, NULL, NULL),
(334, 151, 23, NULL, NULL),
(335, 151, 16, NULL, NULL),
(336, 152, 23, NULL, NULL),
(337, 153, 6, NULL, NULL),
(338, 153, 22, NULL, NULL),
(339, 153, 1, NULL, NULL),
(340, 153, 18, NULL, NULL),
(341, 154, 18, NULL, NULL),
(342, 154, 23, NULL, NULL),
(343, 154, 16, NULL, NULL),
(344, 155, 16, NULL, NULL),
(345, 155, 20, NULL, NULL),
(346, 155, 13, NULL, NULL),
(347, 156, 22, NULL, NULL),
(348, 156, 23, NULL, NULL),
(349, 156, 18, NULL, NULL),
(350, 156, 16, NULL, NULL),
(351, 157, 18, NULL, NULL),
(352, 157, 16, NULL, NULL),
(353, 157, 23, NULL, NULL),
(354, 157, 21, NULL, NULL),
(355, 158, 13, NULL, NULL),
(356, 159, 18, NULL, NULL),
(357, 159, 23, NULL, NULL),
(358, 160, 23, NULL, NULL),
(359, 160, 18, NULL, NULL),
(360, 160, 5, NULL, NULL),
(361, 160, 21, NULL, NULL),
(362, 161, 22, NULL, NULL),
(363, 161, 6, NULL, NULL),
(364, 161, 18, NULL, NULL),
(365, 162, 16, NULL, NULL),
(366, 162, 21, NULL, NULL),
(367, 163, 16, NULL, NULL),
(368, 163, 18, NULL, NULL),
(369, 163, 23, NULL, NULL),
(370, 164, 18, NULL, NULL),
(371, 164, 21, NULL, NULL),
(372, 164, 16, NULL, NULL),
(373, 165, 16, NULL, NULL),
(374, 165, 13, NULL, NULL),
(375, 165, 18, NULL, NULL),
(376, 165, 17, NULL, NULL),
(377, 165, 7, NULL, NULL),
(378, 166, 16, NULL, NULL),
(379, 166, 18, NULL, NULL),
(380, 167, 23, NULL, NULL),
(381, 167, 16, NULL, NULL),
(382, 167, 7, NULL, NULL),
(383, 167, 13, NULL, NULL),
(384, 168, 3, NULL, NULL),
(385, 168, 16, NULL, NULL),
(386, 168, 18, NULL, NULL),
(387, 169, 16, NULL, NULL),
(388, 169, 18, NULL, NULL),
(389, 170, 16, NULL, NULL),
(390, 170, 17, NULL, NULL),
(391, 171, 23, NULL, NULL),
(392, 171, 5, NULL, NULL),
(393, 171, 18, NULL, NULL),
(394, 171, 16, NULL, NULL),
(395, 172, 10, NULL, NULL),
(396, 172, 16, NULL, NULL),
(397, 172, 18, NULL, NULL),
(398, 173, 18, NULL, NULL),
(399, 173, 16, NULL, NULL),
(400, 174, 23, NULL, NULL),
(401, 174, 16, NULL, NULL),
(402, 174, 6, NULL, NULL),
(403, 174, 10, NULL, NULL),
(404, 175, 16, NULL, NULL),
(405, 175, 23, NULL, NULL),
(406, 176, 16, NULL, NULL),
(407, 176, 20, NULL, NULL),
(408, 177, 16, NULL, NULL),
(409, 177, 25, NULL, NULL),
(410, 178, 17, NULL, NULL),
(411, 178, 18, NULL, NULL),
(412, 178, 21, NULL, NULL),
(413, 179, 22, NULL, NULL),
(414, 179, 23, NULL, NULL),
(415, 179, 17, NULL, NULL),
(416, 180, 20, NULL, NULL),
(417, 180, 21, NULL, NULL),
(418, 181, 23, NULL, NULL),
(419, 181, 1, NULL, NULL),
(420, 181, 18, NULL, NULL),
(421, 182, 6, NULL, NULL),
(422, 182, 20, NULL, NULL),
(423, 183, 18, NULL, NULL),
(424, 183, 6, NULL, NULL),
(425, 184, 16, NULL, NULL),
(426, 184, 18, NULL, NULL),
(427, 184, 21, NULL, NULL),
(428, 185, 16, NULL, NULL),
(429, 185, 18, NULL, NULL),
(430, 186, 18, NULL, NULL),
(431, 186, 16, NULL, NULL),
(432, 187, 15, NULL, NULL),
(433, 187, 17, NULL, NULL),
(434, 187, 18, NULL, NULL),
(435, 187, 21, NULL, NULL),
(436, 188, 16, NULL, NULL),
(437, 188, 22, NULL, NULL),
(438, 188, 18, NULL, NULL),
(439, 188, 7, NULL, NULL),
(440, 188, 10, NULL, NULL),
(441, 189, 23, NULL, NULL),
(442, 189, 18, NULL, NULL),
(443, 189, 25, NULL, NULL),
(444, 189, 16, NULL, NULL),
(445, 190, 23, NULL, NULL),
(446, 190, 18, NULL, NULL),
(447, 190, 16, NULL, NULL),
(448, 191, 10, NULL, NULL),
(449, 191, 13, NULL, NULL),
(450, 192, 23, NULL, NULL),
(451, 192, 18, NULL, NULL),
(452, 192, 10, NULL, NULL),
(453, 193, 23, NULL, NULL),
(454, 193, 18, NULL, NULL),
(455, 193, 16, NULL, NULL),
(456, 193, 20, NULL, NULL),
(457, 194, 18, NULL, NULL),
(458, 194, 22, NULL, NULL),
(459, 195, 16, NULL, NULL),
(460, 195, 23, NULL, NULL),
(461, 195, 20, NULL, NULL),
(462, 196, 16, NULL, NULL),
(463, 196, 23, NULL, NULL),
(464, 196, 21, NULL, NULL),
(465, 196, 3, NULL, NULL),
(466, 197, 10, NULL, NULL),
(467, 198, 23, NULL, NULL),
(468, 199, 23, NULL, NULL),
(469, 199, 10, NULL, NULL),
(470, 199, 16, NULL, NULL),
(471, 199, 18, NULL, NULL),
(472, 199, 1, NULL, NULL),
(473, 200, 20, NULL, NULL),
(474, 201, 23, NULL, NULL),
(475, 201, 18, NULL, NULL),
(476, 201, 16, NULL, NULL),
(477, 202, 16, NULL, NULL),
(478, 202, 20, NULL, NULL),
(479, 202, 18, NULL, NULL),
(480, 202, 13, NULL, NULL),
(481, 203, 17, NULL, NULL),
(482, 203, 13, NULL, NULL),
(483, 203, 1, NULL, NULL),
(484, 204, 18, NULL, NULL),
(485, 204, 21, NULL, NULL),
(486, 204, 17, NULL, NULL),
(487, 204, 16, NULL, NULL),
(488, 205, 10, NULL, NULL),
(489, 205, 23, NULL, NULL),
(490, 206, 10, NULL, NULL),
(491, 206, 18, NULL, NULL),
(492, 207, 16, NULL, NULL),
(493, 207, 23, NULL, NULL),
(494, 208, 16, NULL, NULL),
(495, 208, 21, NULL, NULL),
(496, 209, 18, NULL, NULL),
(497, 210, 23, NULL, NULL),
(498, 210, 18, NULL, NULL),
(499, 210, 1, NULL, NULL),
(500, 210, 10, NULL, NULL),
(501, 211, 16, NULL, NULL),
(502, 211, 10, NULL, NULL),
(503, 212, 23, NULL, NULL),
(504, 212, 16, NULL, NULL),
(505, 213, 13, NULL, NULL),
(506, 214, 21, NULL, NULL),
(507, 215, 18, NULL, NULL),
(508, 216, 16, NULL, NULL),
(509, 217, 18, NULL, NULL),
(510, 217, 16, NULL, NULL),
(511, 217, 25, NULL, NULL),
(512, 217, 21, NULL, NULL),
(513, 218, 18, NULL, NULL),
(514, 218, 16, NULL, NULL),
(515, 218, 13, NULL, NULL),
(516, 218, 10, NULL, NULL),
(517, 219, 10, NULL, NULL),
(518, 219, 18, NULL, NULL),
(519, 219, 16, NULL, NULL),
(520, 219, 6, NULL, NULL),
(521, 220, 16, NULL, NULL),
(522, 220, 18, NULL, NULL),
(523, 220, 13, NULL, NULL),
(524, 221, 18, NULL, NULL),
(525, 221, 13, NULL, NULL),
(526, 221, 6, NULL, NULL),
(527, 221, 16, NULL, NULL),
(534, 224, 16, '2023-08-15 08:06:36', '2023-08-15 08:06:36'),
(535, 224, 20, '2023-08-15 08:06:36', '2023-08-15 08:06:36'),
(536, 224, 25, '2023-08-15 08:06:36', '2023-08-15 08:06:36'),
(537, 225, 10, '2023-08-15 08:08:15', '2023-08-15 08:08:15'),
(538, 225, 17, '2023-08-15 08:08:15', '2023-08-15 08:08:15'),
(539, 225, 21, '2023-08-15 08:08:15', '2023-08-15 08:08:15'),
(540, 225, 24, '2023-08-15 08:08:15', '2023-08-15 08:08:15');

-- --------------------------------------------------------

--
-- Estructura de tabla para la tabla `project_topics`
--

CREATE TABLE `project_topics` (
  `id` int(10) UNSIGNED NOT NULL,
  `project_id` int(11) DEFAULT NULL,
  `projects_topic_id` int(11) DEFAULT NULL,
  `created_at` timestamp NULL DEFAULT NULL,
  `updated_at` timestamp NULL DEFAULT NULL
) ENGINE=InnoDB DEFAULT CHARSET=utf8mb4 COLLATE=utf8mb4_unicode_ci;

--
-- Volcado de datos para la tabla `project_topics`
--

INSERT INTO `project_topics` (`id`, `project_id`, `projects_topic_id`, `created_at`, `updated_at`) VALUES
(2, 1, 32, NULL, NULL),
(5, 2, 41, NULL, NULL),
(6, 2, 32, NULL, NULL),
(7, 1, 9, NULL, NULL),
(8, 1, 50, NULL, NULL),
(9, 3, 32, NULL, NULL),
(10, 3, 12, NULL, NULL),
(11, 4, 3, NULL, NULL),
(12, 4, 21, NULL, NULL),
(13, 5, 39, NULL, NULL),
(14, 5, 35, NULL, NULL),
(15, 6, 39, NULL, NULL),
(16, 6, 35, NULL, NULL),
(17, 7, 39, NULL, NULL),
(18, 8, 31, NULL, NULL),
(19, 8, 9, NULL, NULL),
(20, 9, 50, NULL, NULL),
(21, 9, 32, NULL, NULL),
(22, 10, 50, NULL, NULL),
(23, 10, 9, NULL, NULL),
(24, 11, 3, NULL, NULL),
(25, 11, 21, NULL, NULL),
(26, 12, 6, NULL, NULL),
(27, 12, 19, NULL, NULL),
(28, 12, 32, NULL, NULL),
(29, 13, 6, NULL, NULL),
(30, 13, 23, NULL, NULL),
(31, 14, 35, NULL, NULL),
(32, 15, 19, NULL, NULL),
(33, 15, 45, NULL, NULL),
(34, 16, 39, NULL, NULL),
(35, 17, 44, NULL, NULL),
(36, 18, 17, NULL, NULL),
(37, 18, 26, NULL, NULL),
(38, 19, 6, NULL, NULL),
(39, 19, 19, NULL, NULL),
(40, 19, 2, NULL, NULL),
(41, 20, 39, NULL, NULL),
(42, 21, 40, NULL, NULL),
(43, 21, 10, NULL, NULL),
(44, 22, 32, NULL, NULL),
(45, 23, 32, NULL, NULL),
(46, 23, 33, NULL, NULL),
(47, 24, 32, NULL, NULL),
(48, 24, 46, NULL, NULL),
(49, 25, 39, NULL, NULL),
(50, 26, 32, NULL, NULL),
(51, 27, 32, NULL, NULL),
(52, 27, 9, NULL, NULL),
(53, 28, 32, NULL, NULL),
(54, 28, 9, NULL, NULL),
(55, 29, 15, NULL, NULL),
(56, 29, 36, NULL, NULL),
(57, 30, 32, NULL, NULL),
(58, 30, 24, NULL, NULL),
(59, 31, 32, NULL, NULL),
(60, 32, 32, NULL, NULL),
(61, 33, 35, NULL, NULL),
(62, 34, 18, NULL, NULL),
(63, 35, 32, NULL, NULL),
(64, 36, 32, NULL, NULL),
(65, 37, 21, NULL, NULL),
(66, 38, 32, NULL, NULL),
(67, 38, 24, NULL, NULL),
(68, 39, 31, NULL, NULL),
(69, 40, 35, NULL, NULL),
(70, 40, 39, NULL, NULL),
(71, 41, 32, NULL, NULL),
(72, 42, 32, NULL, NULL),
(73, 43, 35, NULL, NULL),
(74, 43, 6, NULL, NULL),
(75, 44, 32, NULL, NULL),
(76, 44, 50, NULL, NULL),
(77, 45, 32, NULL, NULL),
(78, 46, 32, NULL, NULL),
(79, 46, 39, NULL, NULL),
(80, 47, 32, NULL, NULL),
(81, 48, 21, NULL, NULL),
(82, 49, 1, NULL, NULL),
(83, 50, 6, NULL, NULL),
(84, 52, 34, NULL, NULL),
(85, 52, 50, NULL, NULL),
(86, 53, 34, NULL, NULL),
(87, 53, 21, NULL, NULL),
(88, 54, 32, NULL, NULL),
(89, 54, 50, NULL, NULL),
(90, 55, 32, NULL, NULL),
(91, 55, 6, NULL, NULL),
(92, 56, 32, NULL, NULL),
(93, 56, 24, NULL, NULL),
(94, 57, 17, NULL, NULL),
(95, 58, 20, NULL, NULL),
(96, 59, 27, NULL, NULL),
(97, 60, 32, NULL, NULL),
(98, 61, 32, NULL, NULL),
(99, 61, 46, NULL, NULL),
(100, 62, 17, NULL, NULL),
(101, 63, 4, NULL, NULL),
(102, 64, 32, NULL, NULL),
(103, 64, 46, NULL, NULL),
(104, 65, 32, NULL, NULL),
(105, 65, 39, NULL, NULL),
(106, 66, 20, NULL, NULL),
(107, 67, 50, NULL, NULL),
(108, 67, 9, NULL, NULL),
(109, 68, 3, NULL, NULL),
(110, 68, 21, NULL, NULL),
(111, 69, 35, NULL, NULL),
(112, 69, 39, NULL, NULL),
(113, 70, 40, NULL, NULL),
(114, 70, 10, NULL, NULL),
(115, 71, 21, NULL, NULL),
(116, 71, 3, NULL, NULL),
(117, 72, 21, NULL, NULL),
(118, 72, 3, NULL, NULL),
(119, 73, 21, NULL, NULL),
(120, 73, 3, NULL, NULL),
(121, 74, 29, NULL, NULL),
(122, 75, 34, NULL, NULL),
(123, 75, 3, NULL, NULL),
(124, 76, 8, NULL, NULL),
(125, 77, 32, NULL, NULL),
(126, 78, 3, NULL, NULL),
(127, 78, 21, NULL, NULL),
(128, 79, 44, NULL, NULL),
(129, 79, 32, NULL, NULL),
(130, 80, 40, NULL, NULL),
(131, 80, 47, NULL, NULL),
(132, 81, 28, NULL, NULL),
(133, 81, 21, NULL, NULL),
(134, 82, 18, NULL, NULL),
(135, 82, 21, NULL, NULL),
(136, 83, 32, NULL, NULL),
(137, 83, 24, NULL, NULL),
(138, 84, 3, NULL, NULL),
(139, 84, 21, NULL, NULL),
(140, 85, 28, NULL, NULL),
(141, 85, 21, NULL, NULL),
(142, 86, 28, NULL, NULL),
(143, 86, 21, NULL, NULL),
(144, 87, 28, NULL, NULL),
(145, 87, 21, NULL, NULL),
(146, 88, 39, NULL, NULL),
(147, 88, 32, NULL, NULL),
(148, 89, 31, NULL, NULL),
(149, 89, 42, NULL, NULL),
(150, 90, 32, NULL, NULL),
(151, 90, 36, NULL, NULL),
(152, 91, 17, NULL, NULL),
(153, 92, 6, NULL, NULL),
(154, 92, 19, NULL, NULL),
(155, 93, 50, NULL, NULL),
(156, 93, 32, NULL, NULL),
(157, 94, 50, NULL, NULL),
(158, 94, 32, NULL, NULL),
(159, 95, 26, NULL, NULL),
(160, 95, 17, NULL, NULL),
(161, 96, 17, NULL, NULL),
(162, 97, 31, NULL, NULL),
(163, 97, 3, NULL, NULL),
(164, 98, 50, NULL, NULL),
(165, 98, 9, NULL, NULL),
(166, 99, 1, NULL, NULL),
(167, 100, 30, NULL, NULL),
(168, 100, 15, NULL, NULL),
(169, 101, 16, NULL, NULL),
(170, 101, 27, NULL, NULL),
(171, 102, 32, NULL, NULL),
(172, 102, 35, NULL, NULL),
(173, 103, 32, NULL, NULL),
(174, 103, 24, NULL, NULL),
(175, 104, 10, NULL, NULL),
(176, 104, 47, NULL, NULL),
(177, 105, 39, NULL, NULL),
(178, 105, 31, NULL, NULL),
(179, 106, 32, NULL, NULL),
(180, 107, 32, NULL, NULL),
(181, 108, 32, NULL, NULL),
(182, 108, 47, NULL, NULL),
(183, 109, 3, NULL, NULL),
(184, 109, 21, NULL, NULL),
(185, 110, 31, NULL, NULL),
(186, 110, 32, NULL, NULL),
(187, 111, 33, NULL, NULL),
(188, 112, 29, NULL, NULL),
(189, 113, 39, NULL, NULL),
(190, 113, 32, NULL, NULL),
(191, 114, 26, NULL, NULL),
(192, 114, 44, NULL, NULL),
(193, 115, 31, NULL, NULL),
(194, 116, 31, NULL, NULL),
(195, 117, 21, NULL, NULL),
(196, 118, 32, NULL, NULL),
(197, 118, 42, NULL, NULL),
(198, 119, 17, NULL, NULL),
(199, 119, 47, NULL, NULL),
(200, 120, 32, NULL, NULL),
(201, 121, 3, NULL, NULL),
(202, 121, 21, NULL, NULL),
(203, 122, 39, NULL, NULL),
(204, 122, 6, NULL, NULL),
(205, 123, 39, NULL, NULL),
(206, 123, 31, NULL, NULL),
(207, 124, 39, NULL, NULL),
(208, 124, 35, NULL, NULL),
(209, 125, 17, NULL, NULL),
(210, 125, 26, NULL, NULL),
(211, 126, 17, NULL, NULL),
(212, 126, 8, NULL, NULL),
(213, 127, 7, NULL, NULL),
(214, 128, 28, NULL, NULL),
(215, 128, 18, NULL, NULL),
(216, 129, 28, NULL, NULL),
(217, 130, 37, NULL, NULL),
(218, 131, 26, NULL, NULL),
(219, 131, 50, NULL, NULL),
(220, 132, 26, NULL, NULL),
(221, 132, 32, NULL, NULL),
(222, 133, 21, NULL, NULL),
(223, 133, 3, NULL, NULL),
(224, 134, 21, NULL, NULL),
(225, 134, 31, NULL, NULL),
(226, 135, 32, NULL, NULL),
(227, 135, 44, NULL, NULL),
(228, 136, 18, NULL, NULL),
(229, 137, 32, NULL, NULL),
(230, 137, 39, NULL, NULL),
(231, 138, 32, NULL, NULL),
(232, 138, 6, NULL, NULL),
(233, 139, 21, NULL, NULL),
(234, 139, 34, NULL, NULL),
(235, 140, 32, NULL, NULL),
(236, 140, 6, NULL, NULL),
(237, 141, 32, NULL, NULL),
(238, 141, 19, NULL, NULL),
(239, 142, 32, NULL, NULL),
(240, 142, 19, NULL, NULL),
(241, 143, 8, NULL, NULL),
(242, 144, 3, NULL, NULL),
(243, 144, 28, NULL, NULL),
(244, 145, 39, NULL, NULL),
(245, 145, 35, NULL, NULL),
(246, 146, 32, NULL, NULL),
(247, 146, 39, NULL, NULL),
(248, 147, 15, NULL, NULL),
(249, 147, 26, NULL, NULL),
(250, 148, 37, NULL, NULL),
(251, 148, 43, NULL, NULL),
(252, 149, 32, NULL, NULL),
(253, 149, 11, NULL, NULL),
(254, 150, 37, NULL, NULL),
(255, 150, 48, NULL, NULL),
(256, 151, 37, NULL, NULL),
(257, 151, 43, NULL, NULL),
(258, 152, 21, NULL, NULL),
(259, 152, 3, NULL, NULL),
(260, 153, 21, NULL, NULL),
(261, 153, 3, NULL, NULL),
(262, 154, 50, NULL, NULL),
(263, 154, 26, NULL, NULL),
(264, 155, 32, NULL, NULL),
(265, 155, 31, NULL, NULL),
(266, 156, 50, NULL, NULL),
(267, 156, 28, NULL, NULL),
(268, 157, 37, NULL, NULL),
(269, 157, 18, NULL, NULL),
(270, 158, 14, NULL, NULL),
(271, 158, 39, NULL, NULL),
(272, 159, 44, NULL, NULL),
(273, 160, 31, NULL, NULL),
(274, 160, 48, NULL, NULL),
(275, 161, 21, NULL, NULL),
(276, 161, 3, NULL, NULL),
(277, 162, 32, NULL, NULL),
(278, 162, 47, NULL, NULL),
(279, 163, 26, NULL, NULL),
(280, 163, 47, NULL, NULL),
(281, 164, 45, NULL, NULL),
(282, 164, 6, NULL, NULL),
(283, 165, 35, NULL, NULL),
(284, 165, 6, NULL, NULL),
(285, 166, 26, NULL, NULL),
(286, 166, 20, NULL, NULL),
(287, 167, 35, NULL, NULL),
(288, 167, 6, NULL, NULL),
(289, 168, 26, NULL, NULL),
(290, 169, 6, NULL, NULL),
(291, 169, 19, NULL, NULL),
(292, 170, 6, NULL, NULL),
(293, 170, 19, NULL, NULL),
(294, 171, 7, NULL, NULL),
(295, 172, 32, NULL, NULL),
(296, 172, 6, NULL, NULL),
(297, 173, 17, NULL, NULL),
(298, 174, 50, NULL, NULL),
(299, 174, 26, NULL, NULL),
(300, 175, 32, NULL, NULL),
(301, 175, 15, NULL, NULL),
(302, 176, 31, NULL, NULL),
(303, 177, 31, NULL, NULL),
(304, 178, 26, NULL, NULL),
(305, 178, 20, NULL, NULL),
(306, 179, 32, NULL, NULL),
(307, 179, 9, NULL, NULL),
(308, 180, 32, NULL, NULL),
(309, 180, 39, NULL, NULL),
(310, 181, 8, NULL, NULL),
(311, 181, 26, NULL, NULL),
(312, 182, 3, NULL, NULL),
(313, 182, 21, NULL, NULL),
(314, 183, 3, NULL, NULL),
(315, 183, 21, NULL, NULL),
(316, 184, 32, NULL, NULL),
(317, 184, 39, NULL, NULL),
(318, 185, 31, NULL, NULL),
(319, 185, 42, NULL, NULL),
(320, 186, 31, NULL, NULL),
(321, 187, 19, NULL, NULL),
(322, 188, 35, NULL, NULL),
(323, 188, 32, NULL, NULL),
(324, 189, 21, NULL, NULL),
(325, 189, 31, NULL, NULL),
(326, 190, 1, NULL, NULL),
(327, 191, 32, NULL, NULL),
(328, 191, 40, NULL, NULL),
(329, 192, 28, NULL, NULL),
(330, 192, 18, NULL, NULL),
(331, 193, 32, NULL, NULL),
(332, 193, 34, NULL, NULL),
(333, 194, 32, NULL, NULL),
(334, 194, 39, NULL, NULL),
(335, 195, 7, NULL, NULL),
(336, 195, 32, NULL, NULL),
(337, 196, 31, NULL, NULL),
(338, 197, 32, NULL, NULL),
(339, 197, 39, NULL, NULL),
(340, 198, 34, NULL, NULL),
(341, 199, 32, NULL, NULL),
(342, 199, 39, NULL, NULL),
(343, 200, 32, NULL, NULL),
(344, 201, 32, NULL, NULL),
(345, 201, 37, NULL, NULL),
(346, 202, 32, NULL, NULL),
(347, 202, 6, NULL, NULL),
(348, 203, 42, NULL, NULL),
(349, 203, 47, NULL, NULL),
(350, 204, 32, NULL, NULL),
(351, 205, 32, NULL, NULL),
(352, 206, 28, NULL, NULL),
(353, 206, 18, NULL, NULL),
(354, 207, 31, NULL, NULL),
(355, 208, 32, NULL, NULL),
(356, 208, 19, NULL, NULL),
(357, 209, 47, NULL, NULL),
(358, 210, 35, NULL, NULL),
(359, 210, 6, NULL, NULL),
(360, 211, 14, NULL, NULL),
(361, 211, 32, NULL, NULL),
(362, 212, 47, NULL, NULL),
(363, 213, 9, NULL, NULL),
(364, 213, 47, NULL, NULL),
(365, 214, 32, NULL, NULL),
(366, 214, 19, NULL, NULL),
(367, 215, 27, NULL, NULL),
(368, 216, 32, NULL, NULL),
(369, 216, 13, NULL, NULL),
(370, 217, 40, NULL, NULL),
(371, 217, 47, NULL, NULL),
(372, 218, 32, NULL, NULL),
(373, 218, 41, NULL, NULL),
(374, 219, 32, NULL, NULL),
(375, 219, 6, NULL, NULL),
(376, 220, 47, NULL, NULL),
(377, 220, 32, NULL, NULL),
(378, 221, 31, NULL, NULL),
(385, 224, 2, '2023-08-15 08:06:36', '2023-08-15 08:06:36'),
(386, 224, 45, '2023-08-15 08:06:36', '2023-08-15 08:06:36'),
(387, 225, 40, '2023-08-15 08:08:15', '2023-08-15 08:08:15'),
(388, 225, 43, '2023-08-15 08:08:15', '2023-08-15 08:08:15'),
(389, 225, 46, '2023-08-15 08:08:15', '2023-08-15 08:08:15');

-- --------------------------------------------------------

--
-- Estructura de tabla para la tabla `roles`
--

CREATE TABLE `roles` (
  `id` bigint(20) UNSIGNED NOT NULL,
  `name` varchar(255) COLLATE utf8mb4_unicode_ci NOT NULL,
  `display_name` varchar(255) COLLATE utf8mb4_unicode_ci NOT NULL,
  `created_at` timestamp NULL DEFAULT NULL,
  `updated_at` timestamp NULL DEFAULT NULL
) ENGINE=InnoDB DEFAULT CHARSET=utf8mb4 COLLATE=utf8mb4_unicode_ci;

--
-- Volcado de datos para la tabla `roles`
--

INSERT INTO `roles` (`id`, `name`, `display_name`, `created_at`, `updated_at`) VALUES
(1, 'admin', 'Administrator', '2023-07-05 23:36:38', '2023-07-05 23:36:38'),
(2, 'user', 'Normal User', '2023-07-05 23:36:38', '2023-07-05 23:36:38');

-- --------------------------------------------------------

--
-- Estructura de tabla para la tabla `sections`
--

CREATE TABLE `sections` (
  `id` int(10) UNSIGNED NOT NULL,
  `page_id` int(11) DEFAULT NULL,
  `name` varchar(255) COLLATE utf8mb4_unicode_ci DEFAULT NULL,
  `slug` varchar(255) COLLATE utf8mb4_unicode_ci DEFAULT NULL,
  `order` int(11) DEFAULT NULL,
  `is_public` int(11) DEFAULT NULL,
  `has_auth` int(11) DEFAULT NULL,
  `content` longtext COLLATE utf8mb4_unicode_ci,
  `model` varchar(255) COLLATE utf8mb4_unicode_ci DEFAULT NULL,
  `created_at` timestamp NULL DEFAULT NULL,
  `updated_at` timestamp NULL DEFAULT NULL
) ENGINE=InnoDB DEFAULT CHARSET=utf8mb4 COLLATE=utf8mb4_unicode_ci;

--
-- Volcado de datos para la tabla `sections`
--

INSERT INTO `sections` (`id`, `page_id`, `name`, `slug`, `order`, `is_public`, `has_auth`, `content`, `model`, `created_at`, `updated_at`) VALUES
(1, 1, 'Grafos', 'grafos', 1, 1, 0, '<div style=\"background: url(\'https://nodostransmedia.inggen.com/img/fondo_grafo.jpg\') center center; background-size: cover; min-height: 650px;\">&nbsp;</div>', 'nodes', '2023-07-13 05:06:00', '2023-08-13 06:05:47'),
(2, 2, 'Línea del tiempo', 'linea-del-tiempo', 2, 1, 0, '<div class=\"ag-timeline-block\">\n<section class=\"ag-section\">\n<div class=\"ag-format-container\">\n<div class=\"js-timeline ag-timeline\">\n<div class=\"js-timeline_line ag-timeline_line\">\n<div class=\"js-timeline_line-progress ag-timeline_line-progress\">&nbsp;</div>\n</div>\n<div class=\"ag-timeline_list\">\n<div class=\"js-timeline_item ag-timeline_item\">\n<div class=\"ag-timeline-card_box\">\n<div class=\"js-timeline-card_point-box ag-timeline-card_point-box\">\n<div class=\"ag-timeline-card_point\">2009</div>\n</div>\n</div>\n<div class=\"ag-timeline-card_item\">\n<div class=\"ag-timeline-card_inner\">\n<div class=\"ag-timeline-card_info\">\n<div class=\"ag-timeline-card_title\" style=\"text-align: right;\">Titulo</div>\n<div class=\"ag-timeline-card_desc\" style=\"text-align: right;\">Vorem ipsum dolor sit amet, consectetur adipiscing elit. Etiam eu turpis molestie, dictum est a, mattis tellus. Sed dignissim, metus nec fringilla accumsan, risus sem sollicitudin lacus, ut interdum tellus elit sed risus. Maecenas eget condimentum velit, sit amet feugiat lectus.</div>\n</div>\n</div>\n</div>\n</div>\n<div class=\"js-timeline_item ag-timeline_item\">\n<div class=\"ag-timeline-card_box\">\n<div class=\"js-timeline-card_point-box ag-timeline-card_point-box\">\n<div class=\"ag-timeline-card_point\">2011</div>\n</div>\n</div>\n<div class=\"ag-timeline-card_item\">\n<div class=\"ag-timeline-card_inner\">\n<div class=\"ag-timeline-card_img-box\"><iframe title=\"YouTube video player\" src=\"https://www.youtube-nocookie.com/embed/kP6oli5ELnk?controls=0\" width=\"560\" height=\"315\" frameborder=\"0\" allow=\"accelerometer; autoplay; clipboard-write; encrypted-media; gyroscope; picture-in-picture; web-share\" allowfullscreen=\"allowfullscreen\"></iframe></div>\n<div class=\"ag-timeline-card_info\">\n<div class=\"ag-timeline-card_title\" style=\"text-align: left;\">Titulo</div>\n<div class=\"ag-timeline-card_desc\" style=\"text-align: left;\">Vorem ipsum dolor sit amet, consectetur adipiscing elit. Etiam eu turpis molestie, dictum est a, mattis tellus. Sed dignissim, metus nec fringilla accumsan, risus sem sollicitudin lacus, ut interdum tellus elit sed risus. Maecenas eget condimentum velit, sit amet feugiat lectus.</div>\n</div>\n</div>\n</div>\n</div>\n<div class=\"js-timeline_item ag-timeline_item\">\n<div class=\"ag-timeline-card_box\">\n<div class=\"js-timeline-card_point-box ag-timeline-card_point-box\">\n<div class=\"ag-timeline-card_point\">2012</div>\n</div>\n</div>\n<div class=\"ag-timeline-card_item\">\n<div class=\"ag-timeline-card_inner\">\n<div class=\"ag-timeline-card_img-box\"><img class=\"ag-timeline-card_img\" src=\"https://raw.githubusercontent.com/SochavaAG/example-mycode/master/pens/timeline/images/img-4.png\" alt=\"\" width=\"100%\" height=\"56\"></div>\n<div class=\"ag-timeline-card_info\">\n<div class=\"ag-timeline-card_title\" style=\"text-align: right;\">Titulo</div>\n<div class=\"ag-timeline-card_desc\" style=\"text-align: right;\">Vorem ipsum dolor sit amet, consectetur adipiscing elit. Etiam eu turpis molestie, dictum est a, mattis tellus.</div>\n</div>\n</div>\n</div>\n</div>\n<div class=\"js-timeline_item ag-timeline_item\">\n<div class=\"ag-timeline-card_box\">\n<div class=\"js-timeline-card_point-box ag-timeline-card_point-box\">\n<div class=\"ag-timeline-card_point\">2013</div>\n</div>\n</div>\n<div class=\"ag-timeline-card_item\">\n<div class=\"ag-timeline-card_inner\">\n<div class=\"ag-timeline-card_info\">\n<div class=\"ag-timeline-card_title\" style=\"text-align: left;\">Titulo</div>\n<div class=\"ag-timeline-card_desc\" style=\"text-align: left;\">Vorem ipsum dolor sit amet, consectetur adipiscing elit. Etiam eu turpis molestie, dictum est a, mattis tellus. Sed dignissim, metus nec fringilla accumsan, risus sem sollicitudin lacus, ut interdum tellus elit sed risus. Maecenas eget condimentum velit, sit amet feugiat lectus.</div>\n</div>\n</div>\n</div>\n</div>\n</div>\n</div>\n</div>\n</section>\n</div>', 'content', '2023-07-14 20:50:00', '2023-07-23 20:02:08'),
(3, 3, 'Soundcloud', 'soundcloud', 3, 1, 0, '<div class=\"container\">&nbsp;</div>\n<div class=\"container\">&nbsp;</div>\n<div class=\"container\"><iframe class=\"b-shadow-30-7\" src=\"https://w.soundcloud.com/player/?url=https%3A//api.soundcloud.com/playlists/1163341873&amp;color=%230582a7&amp;auto_play=false&amp;hide_related=false&amp;show_comments=true&amp;show_user=true&amp;show_reposts=false&amp;show_teaser=true\" width=\"100%\" height=\"350\" frameborder=\"no\" scrolling=\"no\" allow=\"autoplay\"></iframe></div>\n<div class=\"container\">&nbsp;</div>\n<div class=\"container\">&nbsp;</div>', 'content', '2023-07-17 23:25:00', '2023-07-23 20:02:08'),
(4, 3, 'Banner CTA universo transmedia', 'banner-cta-universo-transmedia', 4, 1, 0, '<div class=\"container\">&nbsp;</div>\n<div class=\"container\"><a href=\"https://nodostransmedia.inggen.com/\"><img src=\"https://nodostransmedia.inggen.com/storage/sections/July2023/banner_explora_universo_transmedia.png\" alt=\"\" width=\"1270\" height=\"424\"></a></div>\n<div class=\"container\">&nbsp;</div>', 'content', '2023-07-17 23:31:00', '2023-08-13 07:51:16'),
(5, 4, 'Proyecto', 'proyecto', 5, 1, 0, '<div class=\"container\">&nbsp;</div>\n<div class=\"container\">&nbsp;</div>\n<div class=\"container\"><!--<a href=\"#\" target=\"_blank\" rel=\"noopener\"><img src=\"https://nodostransmedia.inggen.com/storage/pages/July2023/banner_documental_interactivo.jpg\" alt=\"\" width=\"1211\" height=\"606\"></a>--> <iframe src=\"https://nodostransmedia.inggen.com/documental\" width=\"100%\" height=\"550\"></iframe></div>\n<div class=\"container\">&nbsp;</div>\n<div class=\"container\">Este documental no lineal se narra a partir de una polifon&iacute;a de voces conformada agentes relevantes dentro del panorama del transmedia nacional. Directores de los proyectos transmedia que han recibido premios y est&iacute;mulos para el desarrollo de sus obras, con el objetivo de definir: influencias, metodolog&iacute;as aplicadas, relaci&oacute;n con las plataformas, conformaci&oacute;n de grupos de trabajo interdisciplinares, dise&ntilde;o, formas de financiaci&oacute;n, circulaci&oacute;n, entre otros aspectos. Autoridades del sector p&uacute;blico y privado, profesionales del sector audiovisual que tienen relaci&oacute;n con las convocatorias y los est&iacute;mulos de financiaci&oacute;n as&iacute; como con la caracterizaci&oacute;n del mercado de contenidos digitales y los potenciales usuarios.<br><br>Estos personajes convergen en un relato interactivo en el que el usuario puede decidir la forma de abordarlo de acuerdo con sus intereses tem&aacute;ticos del universo transmedial colombiano.</div>\n<div class=\"container\">&nbsp;</div>', 'content', '2023-07-18 00:07:00', '2023-08-13 08:15:06'),
(6, 4, 'Participantes', 'participantes', 6, 1, 0, '<div class=\"container\">\n<h1 class=\"mt-10\" style=\"font-family: \'Syne\', sans-serif; font-weight: bold;\">Participantes Documental Web</h1>\n<div class=\"row mt-5\">\n<div class=\"col-md-12\">\n<div class=\"featured-carousel owl-carousel\">\n<div class=\"item\">\n<div class=\"work\">\n<div class=\"text pt-3 w-100 text-left\">\n<h3>Alejandro &Aacute;ngel</h3>\n<h3>Alejandro Escobar</h3>\n<h3>&Aacute;ngela Carabal&iacute;</h3>\n<h3>Arnau Gifreu</h3>\n<h3>Cristian Arcos</h3>\n<h3>David R&iacute;os</h3>\n<h3>Diego Montoya</h3>\n</div>\n</div>\n</div>\n<div class=\"item\">\n<div class=\"work\">\n<div class=\"text pt-3 w-100 text-left\">\n<h3>Elder Manuel Tobar</h3>\n<h3>Felipe C&eacute;sar Londo&ntilde;o</h3>\n<h3>Irene Lema</h3>\n<h3>Jaime Smith</h3>\n<h3>Jaime Tenorio</h3>\n<h3>Jorge Caballero</h3>\n<h3>Juan Jos&eacute; Vel&aacute;squez</h3>\n</div>\n</div>\n</div>\n<div class=\"item\">\n<div class=\"work\">\n<div class=\"text pt-3 w-100 text-left\">\n<h3>Juliana Ortiz</h3>\n<h3>Marcela Rinc&oacute;n</h3>\n<h3>Mar&iacute;a Isabel Montoya</h3>\n<h3>Miguel &Aacute;ngel Correa</h3>\n<h3>Miguel Ot&aacute;lora</h3>\n<h3>Nazly L&oacute;pez</h3>\n<h3>&Oacute;scar Dur&aacute;n</h3>\n</div>\n</div>\n</div>\n<div class=\"item\">\n<div class=\"work\">\n<div class=\"text pt-3 w-100 text-left\">\n<h3>&Oacute;scar Rodr&iacute;guez</h3>\n<h3>Paula Villegas</h3>\n<h3>Rub&eacute;n Monroya</h3>\n<h3>Sergio Bromberg</h3>\n<h3>&nbsp;</h3>\n<h3>&nbsp;</h3>\n<h3>&nbsp;</h3>\n</div>\n</div>\n</div>\n</div>\n</div>\n</div>\n</div>', 'content', '2023-07-18 01:34:00', '2023-07-23 20:02:08'),
(7, 5, 'Información', 'informacion', 7, 1, 0, '<div class=\"container\">\n<div class=\"row\">\n<div class=\"col-12 text-center\"><img title=\"Participantes proyecto nodos transmedia\" src=\"https://nodostransmedia.inggen.com/storage/sections/August2023/logos_proyecto.png\" alt=\"Participantes proyecto nodos transmedia\" width=\"80%\" height=\"42\"></div>\n</div>\n</div>\n<div class=\"container\">&nbsp;</div>\n<div class=\"container\">&nbsp;</div>\n<div class=\"container\">NODOS Transmedia, un universo narrativo en construcci&oacute;n, es una obra de creaci&oacute;n transmedia y a la vez una estrategia de transferencia de conocimiento de las propuestas transmedia realizadas en Colombia. El proyecto se compone de un dataweb, un podcast y un documental interactivo. El prop&oacute;sito de esta iniciativa es interrelacionar en el entorno digital, las pr&aacute;cticas art&iacute;sticas referentes a la creaci&oacute;n, el desarrollo, las audiencias, los mercados, la exhibici&oacute;n y la circulaci&oacute;n de obras transmedia y multiplataforma creadas en el pa&iacute;s, para su difusi&oacute;n y la puesta en valor de estas obras en escenarios acad&eacute;micos, culturales y art&iacute;sticos.</div>\n<div class=\"container\">&nbsp;</div>\n<div class=\"container\">&nbsp;</div>\n<div class=\"container\">&nbsp;</div>\n<div class=\"container\">\n<div class=\"row align-items-center\">\n<div class=\"col-md-5\"><img src=\"https://nodostransmedia.inggen.com/storage/sections/July2023/img_info1.jpg\" width=\"466\" height=\"256\"></div>\n<div class=\"col-md-7\">\n<p>El Dataweb est&aacute; conformado por un grafo o conjunto de nodos que presentan la informaci&oacute;n de los proyectos transmedia rastreados en el pa&iacute;s desde el a&ntilde;o 2009, a&ntilde;o en el que aparece Meandros el primer proyecto de este tipo. La informaci&oacute;n del grafo no tiene una lectura lineal, su navegaci&oacute;n permite realizar filtros por a&ntilde;o, g&eacute;nero, productos expandidos, nominaciones, premios, tem&aacute;ticas, g&eacute;neros, entre otros. Esta forma de visualizaci&oacute;n de datos permite una navegaci&oacute;n m&aacute;s enfocada hacia la b&uacute;squeda y descubrimiento del usuario</p>\n</div>\n</div>\n</div>\n<div class=\"container\">&nbsp;</div>\n<div class=\"container\">&nbsp;</div>\n<div class=\"container\">&nbsp;</div>\n<div class=\"container\">\n<div class=\"row align-items-center\">\n<div class=\"col-md-7\">\n<p>Por otra parte, en el documental convergen una red de personas que han estado en relaci&oacute;n con el transmedia en Colombia (realizadores, productores, dise&ntilde;adores, programadores, acad&eacute;micos, agentes y jurados de las convocatorias), una polifon&iacute;a de voces que interrelacionan los discursos, los conceptos y las pr&aacute;cticas referentes a la creaci&oacute;n, el desarrollo, las audiencias, los mercados, y la circulaci&oacute;n de las propuestas transmedia realizadas en el pa&iacute;s.</p>\n</div>\n<div class=\"col-md-5\"><img src=\"https://nodostransmedia.inggen.com/storage/sections/July2023/img_info2.jpg\" width=\"471\" height=\"236\"></div>\n</div>\n</div>\n<div class=\"container\">&nbsp;</div>\n<div class=\"container\">&nbsp;</div>\n<div class=\"container\">&nbsp;</div>\n<div class=\"container\">\n<div class=\"row align-items-center\">\n<div class=\"col-md-5\"><img src=\"https://nodostransmedia.inggen.com/storage/sections/July2023/img_info3.jpg\" width=\"466\" height=\"222\"></div>\n<div class=\"col-md-7\">\n<p>El podcast ampl&iacute;a la experiencia de los realizadores contando particularidades de productos expandidos en realidad h&iacute;brida, como la realidad virtual y la realidad aumentada, por el inter&eacute;s que suscitan actualmente.</p>\n</div>\n</div>\n</div>\n<div class=\"container\">&nbsp;</div>\n<div class=\"container\">&nbsp;</div>\n<div class=\"container\">&nbsp;</div>\n<div class=\"container\">\n<div class=\"row align-items-center\">\n<div class=\"col-md-7\">\n<p>Asimismo, se elabor&oacute; una Gu&iacute;a metodol&oacute;gica denominada Realidades expandidas, para dise&ntilde;ar audiovisuales transmedia y multipantalla de no ficci&oacute;n, un documento que orienta sobre el proceso de creaci&oacute;n, navegaci&oacute;n e interacci&oacute;n de proyectos en ecosistemas medi&aacute;ticos. La gu&iacute;a se formula como una herramienta de formaci&oacute;n dentro de las aulas y fuera de ellas, pone a disposici&oacute;n de los interesados las herramientas necesarias para formular proyectos en nuevos medios.</p>\n</div>\n<div class=\"col-md-5\"><img src=\"https://nodostransmedia.inggen.com/storage/sections/July2023/img_info4.jpg\" width=\"466\" height=\"253\"></div>\n</div>\n</div>\n<div class=\"container\">&nbsp;</div>\n<div class=\"container\">&nbsp;</div>\n<div class=\"container\">&nbsp;</div>\n<div class=\"container\">El proyecto NODOS TRANSMEDIA, Un universo narrativo en construcci&oacute;n, hace alusi&oacute;n a su nombre; para los interesados es una posibilidad de encontrar en un solo espacio la informaci&oacute;n referente a la producci&oacute;n transmedia en el pa&iacute;s y un punto de encuentro para comprender las din&aacute;micas que tienen este tipo de proyectos. Este es un proyecto de promoci&oacute;n y circulaci&oacute;n de los proyectos transmediales colombianos, transferencia de conocimiento y una estrategia de formaci&oacute;n de p&uacute;blicos.<br><br>Este proyecto surge ante la inexistencia de una base documental y de un an&aacute;lisis exhaustivo sobre el creciente n&uacute;mero de proyectos transmedia realizados en Colombia,ante la carencia de un espacio en el que se pudiera conocer el estado de las obras, c&oacute;moacceder a ellas, qui&eacute;nes estuvieron involucrados en su creaci&oacute;n y financiaci&oacute;n, qu&eacute;premios han ganado y cu&aacute;les espacios de exhibici&oacute;n existen. A esto se suma, la escasa promoci&oacute;n que tienen estas obras puesto que, al no estar en un solo espacio digital es dif&iacute;cil rastrearlas y hay una falta de divulgaci&oacute;n en el pa&iacute;s.</div>\n<div class=\"container\">&nbsp;</div>\n<div class=\"container\">&nbsp;</div>', 'content', '2023-07-19 01:02:00', '2023-08-15 04:19:25'),
(8, 5, 'Estímulos y selección', 'estimulos-y-seleccion', 8, 1, 0, '<div class=\"container\">&nbsp;</div>\n<div class=\"container\">\n<h1 class=\"mt-10\" style=\"font-family: \'Syne\', sans-serif; font-weight: bold;\">Est&iacute;mulos y selecci&oacute;n</h1>\n</div>\n<div class=\"container\">&nbsp;</div>\n<div class=\"container\">&nbsp;</div>\n<div class=\"container\">\n<div class=\"row align-items-center\">\n<div class=\"col-md-6\">\n<p>Inicialmente, se realiz&oacute; la investigaci&oacute;n Transmedia en Colombia: an&aacute;lisis de laproducci&oacute;n, circulaci&oacute;n y exhibici&oacute;n de contenidos audiovisuales en plataformasdigitales. Posibilidades para la formaci&oacute;n de audiencias y la consolidaci&oacute;n del mercadode contenidos audiovisuales multiformato estudio que obtuvo el est&iacute;mulo investigaci&oacute;nen cinematograf&iacute;a del Fondo de Desarrollo Cinematogr&aacute;fico en el 2018. La investigaci&oacute;npermiti&oacute; consolidar una base de datos con 136 proyectos, los cuales evidencian lacreciente producci&oacute;n de transmedia en Colombia. Adem&aacute;s de comprender lascaracter&iacute;sticas respecto a su creaci&oacute;n, exhibici&oacute;n y financiaci&oacute;n desde la perspectiva delos actores que han estado involucrados: realizadores, personal de los entesgubernamentales, representantes de la academia y de festivales especializados.</p>\n<p>De este proceso surge NODOS transmedia, finalizado en el a&ntilde;o 2020, cuyo prop&oacute;sito esdivulgar los resultados obtenidos de la investigaci&oacute;n y convertirse en un punto deencuentro para quienes quieran aprender a producir, financiar y conocer sobre losespacios de exhibici&oacute;n, convocatorias, tipos de productos expandidos y ampliar lainformaci&oacute;n sobre los proyectos que se han hecho en el pa&iacute;s, un espacio de acceso librepara conocedores y no conocedores del tema. NODOS intenta dar respuesta al problemaque supone los pocos espacios de formaci&oacute;n sobre transmedia, adem&aacute;s de ser un referente para la creciente industria de nuevos medios y narraciones expandidas en Colombia.</p>\n</div>\n<div class=\"col-md-6\">\n<div class=\"row\">\n<div class=\"col-md-12 mb-4\"><img title=\"Javeriana\" src=\"https://nodostransmedia.inggen.com/storage/sections/August2023/javeriana.jpg\" alt=\"Javeriana\" width=\"1124\" height=\"212\"></div>\n<div class=\"col-md-12 mb-4\"><img title=\"Cine Crea Colombia - ProIm&aacute;genes\" src=\"https://nodostransmedia.inggen.com/storage/sections/August2023/fdc_proimagenes.jpg\" alt=\"Cine Crea Colombia - ProIm&aacute;genes\" width=\"1124\" height=\"212\"></div>\n<div class=\"col-md-12 mb-4\"><img title=\"Cinemateca de Bogot&aacute;\" src=\"https://nodostransmedia.inggen.com/storage/sections/August2023/alcaldia_de_bogota.jpg\" alt=\"Cinemateca de Bogot&aacute;\" width=\"1124\" height=\"212\"></div>\n<div class=\"col-md-12 mb-4\"><img title=\"Festival internacional de la imagen\" src=\"https://nodostransmedia.inggen.com/storage/sections/August2023/festival_imagen_finof.jpg\" alt=\"Festival internacional de la imagen\" width=\"1124\" height=\"212\"></div>\n</div>\n</div>\n</div>\n</div>\n<div class=\"container\">&nbsp;</div>', 'content', '2023-07-19 02:06:00', '2023-08-15 04:17:35'),
(9, 5, 'Banner CTA Documental interactivo', 'banner-cta-documental-interactivo', 9, 1, 0, '<div class=\"container\">&nbsp;</div>\n<div class=\"container\">&nbsp;</div>\n<div class=\"container\"><a href=\"https://nodostransmedia.inggen.com/documental-interactivo\"><img src=\"https://nodostransmedia.inggen.com/storage/sections/July2023/banner_cta_documental_interactivo.png\" alt=\"\" width=\"1270\" height=\"376\"></a></div>\n<div class=\"container\">&nbsp;</div>\n<div class=\"container\">&nbsp;</div>', 'content', '2023-07-19 02:25:00', '2023-08-13 07:55:23'),
(10, 6, 'Equipo Investigación Transmedia', 'equipo-investigacion-transmedia', 10, 1, 0, '<div class=\"container\">&nbsp;</div>\n<div class=\"container\">&nbsp;</div>\n<div class=\"container\">\n<div class=\"row\">\n<div class=\"col-md-7 wow hover-effect fadeInLeft\">\n<h1 style=\"font-family: \'Syne\', sans-serif; font-weight: bold;\">Equipo</h1>\n<h1 style=\"font-family: \'Syne\', sans-serif; font-weight: bold;\">Investigaci&oacute;n</h1>\n<h1 style=\"font-family: \'Syne\', sans-serif; font-weight: bold;\">Transmedia</h1>\n</div>\n<div class=\"col-md-5 wow hover-effect fadeInRight\">\n<h4 style=\"font-family: \'Syne\', sans-serif; font-weight: bold;\">Ana Teresa Arciniegas</h4>\n<p class=\"text-secondary\"><strong>Direcci&oacute;n</strong><br><strong>Facultad de Artes</strong><br><strong>Pontificia Universidad Javeriana Colombia</strong></p>\n<hr class=\"bg-secondary\">\n<p style=\"text-align: right; font-size: 12px; font-weight: bold;\"><span style=\"color: rgb(255, 255, 255);\"><a class=\"btn-credits\" title=\"Portafolio\" href=\"https://anateresaarciniegas.com\" target=\"_blank\" rel=\"noopener\">PORTAFOLIO</a></span></p>\n<br>\n<h4 style=\"font-family: \'Syne\', sans-serif; font-weight: bold;\">Norberto Fabi&aacute;n Diaz</h4>\n<p class=\"text-secondary\"><strong>Producci&oacute;n</strong><br><strong>Facultad de Ciencias Sociales y Humanidades</strong><br><strong>Pontificia Universidad Javeriana Colombia</strong></p>\n<hr class=\"bg-secondary\">\n<p style=\"text-align: right; font-size: 12px; font-weight: bold;\"><span style=\"color: rgb(255, 255, 255);\"><a class=\"btn-credits\" title=\"Linkedin\" href=\"https://www.linkedin.com/in/norberto-fabian-diaz-duarte-48214547/\" target=\"_blank\" rel=\"noopener\">LINKEDIN</a></span></p>\n</div>\n</div>\n</div>\n<div class=\"container\">&nbsp;</div>\n<div class=\"container\">&nbsp;</div>\n<div class=\"container\"><hr class=\"bg-secondary hr-dashed\"></div>\n<div class=\"container\">&nbsp;</div>\n<div class=\"container\">&nbsp;</div>', 'content', '2023-07-20 02:38:00', '2023-08-10 23:23:51'),
(11, 6, 'Equipo diseño y desarrollo', 'equipo-diseno-y-desarrollo', 11, 1, 0, '<div class=\"container\">&nbsp;</div>\n<div class=\"container\">&nbsp;</div>\n<div class=\"container\">\n<div class=\"row\">\n<div class=\"col-md-7 wow hover-effect fadeInLeft\">\n<h1 style=\"font-family: \'Syne\', sans-serif; font-weight: bold;\">Equipo</h1>\n<h1 style=\"font-family: \'Syne\', sans-serif; font-weight: bold;\">Dise&ntilde;o y</h1>\n<h1 style=\"font-family: \'Syne\', sans-serif; font-weight: bold;\">Desarrollo</h1>\n</div>\n<div class=\"col-md-5 wow hover-effect fadeInRight\">\n<h4 style=\"font-family: \'Syne\', sans-serif; font-weight: bold;\">Lynda Torres</h4>\n<p class=\"text-secondary\"><strong>DX Designer - UX/UI</strong><br><strong>Directora Creativa en 4L3PH</strong></p>\n<hr class=\"bg-secondary\">\n<p style=\"text-align: right; font-size: 12px; font-weight: bold;\"><a class=\"btn-credits\" title=\"Portafolio\" href=\"#\" target=\"_blank\" rel=\"noopener\">LINKEDIN</a>&nbsp; &nbsp; &nbsp;<a class=\"btn-credits\" title=\"Portafolio\" href=\"#\" target=\"_blank\" rel=\"noopener\">BEHANCE</a> &nbsp; &nbsp; <a class=\"btn-credits\" title=\"Portafolio\" href=\"#\" target=\"_blank\" rel=\"noopener\">WEB</a></p>\n<br>\n<h4 style=\"font-family: \'Syne\', sans-serif; font-weight: bold;\">Nelson Vera</h4>\n<p class=\"text-secondary\"><strong>Storytelling - UX Writing</strong><br><strong>Director .. en 4L3PH</strong></p>\n<hr class=\"bg-secondary\">\n<p style=\"text-align: right; font-size: 12px; font-weight: bold;\"><a class=\"btn-credits\" title=\"Portafolio\" href=\"#\" target=\"_blank\" rel=\"noopener\">FACEBOOK</a>&nbsp; &nbsp; &nbsp;<a class=\"btn-credits\" title=\"Portafolio\" href=\"#\" target=\"_blank\" rel=\"noopener\">WEB</a></p>\n<br>\n<h4 style=\"font-family: \'Syne\', sans-serif; font-weight: bold;\">John Alexander Ram&iacute;rez</h4>\n<p class=\"text-secondary\"><strong>Maquetaci&oacute;n y desarrollo website + Nodos 3D</strong><br><strong>Director en inggen</strong></p>\n<hr class=\"bg-secondary\">\n<p style=\"text-align: right; font-size: 12px; font-weight: bold;\"><a class=\"btn-credits\" title=\"Linkedin\" href=\"#\" target=\"_blank\" rel=\"noopener\">LINKEDIN</a>&nbsp; &nbsp; &nbsp;<a class=\"btn-credits\" title=\"Website\" href=\"#\" target=\"_blank\" rel=\"noopener\">WEB</a></p>\n<br>\n<h4 style=\"font-family: \'Syne\', sans-serif; font-weight: bold;\">C&eacute;sar Arias</h4>\n<p class=\"text-secondary\"><strong>Dise&ntilde;o gr&aacute;fico y Web</strong><br><strong>Universidad de Caldas</strong></p>\n<hr class=\"bg-secondary\">\n<p style=\"text-align: right; font-size: 12px; font-weight: bold;\"><a class=\"btn-credits\" title=\"Portafolio\" href=\"#\" target=\"_blank\" rel=\"noopener\">PORTAFOLIO</a></p>\n<br><!--<h4 style=\"font-family: \'Syne\', sans-serif; font-weight: bold;\">Andr&eacute;s Foglia</h4>\n<p class=\"text-secondary\"><strong>Producci&oacute;n</strong><br><strong>Pontificia Universidad Javeriana - Cali</strong></p>\n<hr class=\"bg-secondary\">\n<p style=\"text-align: right; font-size: 12px; font-weight: bold;\"><a class=\"btn-credits\" title=\"linkedin\" href=\"#\" target=\"_blank\" rel=\"noopener\">LINKEDIN</a></p>--></div>\n</div>\n</div>\n<div class=\"container\">&nbsp;</div>\n<div class=\"container\">&nbsp;</div>\n<div class=\"container\"><hr class=\"bg-secondary hr-dashed\"></div>\n<div class=\"container\">&nbsp;</div>\n<div class=\"container\">&nbsp;</div>', 'content', '2023-07-20 04:25:00', '2023-08-10 23:28:15'),
(12, 6, 'Equipo documental y audiovisual', 'equipo-documental-y-audiovisual', 12, 1, 0, '<div class=\"container\">&nbsp;</div>\n<div class=\"container\">&nbsp;</div>\n<div class=\"container\">\n<div class=\"row\">\n<div class=\"col-md-7 wow hover-effect fadeInLeft\">\n<h1 style=\"font-family: \'Syne\', sans-serif; font-weight: bold;\">Equipo</h1>\n<h1 style=\"font-family: \'Syne\', sans-serif; font-weight: bold;\">documental</h1>\n<h1 style=\"font-family: \'Syne\', sans-serif; font-weight: bold;\">y audiovisual</h1>\n</div>\n<div class=\"col-md-5 wow hover-effect fadeInRight\">\n<h4 style=\"font-family: \'Syne\', sans-serif; font-weight: bold;\">Alejandra Rojas</h4>\n<p class=\"text-secondary\"><strong>Dise&ntilde;adora Documental Interactivo</strong></p>\n<hr class=\"bg-secondary\">\n<p style=\"text-align: right; font-size: 12px; font-weight: bold;\"><a class=\"btn-credits\" title=\"Portafolio\" href=\"#\" target=\"_blank\" rel=\"noopener\">PORTAFOLIO</a></p>\n<br>\n<h4 style=\"font-family: \'Syne\', sans-serif; font-weight: bold;\">Javier Chiquillo</h4>\n<p class=\"text-secondary\">Montaje</p>\n<hr class=\"bg-secondary\">\n<p style=\"text-align: right; font-size: 12px; font-weight: bold;\"><a class=\"btn-credits\" title=\"Linkedin\" href=\"https://www.linkedin.com/\" target=\"_blank\" rel=\"noopener\">LINKEDIN</a></p>\n</div>\n</div>\n</div>', 'content', '2023-07-20 04:37:00', '2023-08-10 23:24:45'),
(13, 6, 'Participantes Documental Web', 'participantes-documental-web', 13, 1, 0, '<div class=\"container\">\n<h1 class=\"mt-10\" style=\"font-family: \'Syne\', sans-serif; font-weight: bold;\">Participantes Documental Web</h1>\n<div class=\"row mt-5\">\n<div class=\"col-md-12\">\n<div class=\"featured-carousel owl-carousel\">\n<div class=\"item\">\n<div class=\"work\">\n<div class=\"text pt-3 w-100 text-left\">\n<h3>Alejandro &Aacute;ngel</h3>\n<h3>Alejandro Escobar</h3>\n<h3>&Aacute;ngela Carabal&iacute;</h3>\n<h3>Arnau Gifreu</h3>\n<h3>Cristian Arcos</h3>\n<h3>David R&iacute;os</h3>\n<h3>Diego Montoya</h3>\n</div>\n</div>\n</div>\n<div class=\"item\">\n<div class=\"work\">\n<div class=\"text pt-3 w-100 text-left\">\n<h3>Elder Manuel Tobar</h3>\n<h3>Felipe C&eacute;sar Londo&ntilde;o</h3>\n<h3>Irene Lema</h3>\n<h3>Jaime Smith</h3>\n<h3>Jaime Tenorio</h3>\n<h3>Jorge Caballero</h3>\n<h3>Juan Jos&eacute; Vel&aacute;squez</h3>\n</div>\n</div>\n</div>\n<div class=\"item\">\n<div class=\"work\">\n<div class=\"text pt-3 w-100 text-left\">\n<h3>Juliana Ortiz</h3>\n<h3>Marcela Rinc&oacute;n</h3>\n<h3>Mar&iacute;a Isabel Montoya</h3>\n<h3>Miguel &Aacute;ngel Correa</h3>\n<h3>Miguel Ot&aacute;lora</h3>\n<h3>Nazly L&oacute;pez</h3>\n<h3>&Oacute;scar Dur&aacute;n</h3>\n</div>\n</div>\n</div>\n<div class=\"item\">\n<div class=\"work\">\n<div class=\"text pt-3 w-100 text-left\">\n<h3>&Oacute;scar Rodr&iacute;guez</h3>\n<h3>Paula Villegas</h3>\n<h3>Rub&eacute;n Monroya</h3>\n<h3>Sergio Bromberg</h3>\n<h3>&nbsp;</h3>\n<h3>&nbsp;</h3>\n<h3>&nbsp;</h3>\n</div>\n</div>\n</div>\n</div>\n</div>\n</div>\n</div>\n<div class=\"container\"><hr class=\"bg-secondary hr-dashed\"></div>\n<div class=\"container\">&nbsp;</div>\n<div class=\"container\">&nbsp;</div>', 'content', '2023-07-20 04:40:00', '2023-07-23 20:02:08'),
(14, 6, 'Equipo Podcast', 'equipo-podcast', 14, 1, 0, '<div class=\"container\">&nbsp;</div>\n<div class=\"container\">&nbsp;</div>\n<div class=\"container\">\n<div class=\"row\">\n<div class=\"col-md-7 wow hover-effect fadeInLeft\">\n<h1 style=\"font-family: \'Syne\', sans-serif; font-weight: bold;\">Equipo Podcast</h1>\n</div>\n<div class=\"col-md-5 wow hover-effect fadeInRight\">\n<h4 style=\"font-family: \'Syne\', sans-serif; font-weight: bold;\">Javier Chiquillo</h4>\n<p class=\"text-secondary\"><strong>Montaje</strong></p>\n<hr class=\"bg-secondary\">\n<p style=\"text-align: right; font-size: 12px; font-weight: bold;\"><a class=\"btn-credits\" title=\"Portafolio\" href=\"#\" target=\"_blank\" rel=\"noopener\">PORTAFOLIO</a></p>\n<br>\n<h4 style=\"font-family: \'Syne\', sans-serif; font-weight: bold;\">Mar&iacute;a Camila Acevedo</h4>\n<p class=\"text-secondary\"><strong>Voz</strong></p>\n<hr class=\"bg-secondary\">\n<p style=\"text-align: right; font-size: 12px; font-weight: bold;\"><a class=\"btn-credits\" title=\"Linkedin\" href=\"https://www.linkedin.com/\" target=\"_blank\" rel=\"noopener\">LINKEDIN</a></p>\n</div>\n</div>\n</div>', 'content', '2023-07-20 04:45:00', '2023-08-10 23:26:57'),
(15, 6, 'Participantes podcast', 'participantes-podcast', 15, 1, 0, '<div class=\"container\">\n<h1 class=\"mt-10\" style=\"font-family: \'Syne\', sans-serif; font-weight: bold;\">Participantes podcast</h1>\n<div class=\"row mt-5\">\n<div class=\"col-md-12\">\n<div class=\"featured-carousel owl-carousel\">\n<div class=\"item\">\n<div class=\"work\">\n<div class=\"text pt-3 w-100 text-left\">\n<h3>Cristian Arcos</h3>\n<h3>Alejandro Escobar</h3>\n<h3>Nazly L&oacute;pez</h3>\n</div>\n</div>\n</div>\n<div class=\"item\">\n<div class=\"work\">\n<div class=\"text pt-3 w-100 text-left\">\n<h3>Irene Lema</h3>\n<h3>Felipe C&eacute;sar Londo&ntilde;o</h3>\n<h3>Sergio Bromberg</h3>\n</div>\n</div>\n</div>\n<div class=\"item\">\n<div class=\"work\">\n<div class=\"text pt-3 w-100 text-left\">\n<h3>Jorge Caballero</h3>\n<h3>Juliana Ortiz</h3>\n<h3>&nbsp;</h3>\n</div>\n</div>\n</div>\n</div>\n</div>\n</div>\n</div>\n<div class=\"container\">&nbsp;</div>\n<div class=\"container\">&nbsp;</div>', 'content', '2023-07-20 04:49:00', '2023-07-23 20:02:08'),
(16, 10, 'Banner CTA universo transmedia', 'banner-cta-universo-transmedia', 17, 1, 0, '<div class=\"container\">&nbsp;</div>\n<div class=\"container\"><a href=\"https://nodostransmedia.inggen.com/\"><img src=\"https://nodostransmedia.inggen.com/storage/sections/July2023/banner_explora_universo_transmedia.png\" alt=\"\" width=\"1270\" height=\"424\"></a></div>\n<div class=\"container\">&nbsp;</div>', 'content', '2023-07-20 05:31:00', '2023-08-13 07:53:00'),
(17, 10, 'Información crea tu proyecto', 'informacion-crea-tu-proyecto', 16, 1, 0, '<div class=\"container\">&nbsp;</div>\n<div class=\"container\">Realidades expandidas surge como una propuesta metodol&oacute;gica que permita el dise&ntilde;o de narrativas transmedia de no ficci&oacute;n, teniendo como base seis escenarios de trabajo: la narrativa, las audiencias, las plataformas, las experiencias, la difusi&oacute;n y&nbsp; la planeaci&oacute;n.&nbsp; Este material se elabor&oacute; a partir de una matriz de an&aacute;lisis en la que con base en las gu&iacute;as de dise&ntilde;o de proyectos transmedia o biblias de realizaci&oacute;n se pudieran establecer los escenarios de trabajo que se deben tener en cuenta para el dise&ntilde;o de obras transmedia de no ficci&oacute;n.<br><br>Los invitamos a usar la gu&iacute;a e ir avanzando en cada m&oacute;dulo para dise&ntilde;ar sus proyectos.</div>\n<div class=\"container\">&nbsp;</div>\n<div class=\"container\" style=\"max-width: 400px;\"><a title=\"Gu&iacute;a realidades expandidas\" href=\"https://nodostransmedia.inggen.com/storage/PDF/realidades_expandidas_CARTILLA_opti.pdf\" target=\"_blank\" rel=\"noopener\"><img style=\"display: block; margin-left: auto; margin-right: auto;\" title=\"Gu&iacute;a realidades expandidas\" src=\"https://nodostransmedia.inggen.com/storage/sections/August2023/guia_metodologica.png\" alt=\"Gu&iacute;a realidades expandidas\" width=\"876\" height=\"1240\"></a></div>\n<div class=\"container\">&nbsp;</div>\n<div class=\"container\">&nbsp;</div>\n<div class=\"container\"><strong>&laquo;Realidades expandidas: gu&iacute;a metodol&oacute;gica para el dise&ntilde;o de proyectos audiovisuales transmedia de no ficci&oacute;n&rdquo;</strong> <br>Editorial UNAB Universidad Aut&oacute;noma de Bucaramanga, 2021. ISBN 978-958-53876-7-6</div>\n<div class=\"container\">&nbsp;</div>\n<div class=\"container\">&nbsp;</div>', 'content', '2023-07-20 05:48:00', '2023-08-29 08:12:40'),
(18, 11, 'Banner CTA realidades expandidas', 'banner-cta-realidades-expandidas', 20, 1, 0, '<div class=\"container\">&nbsp;</div>\n<div class=\"container\"><a href=\"https://nodostransmedia.inggen.com/guia-metodologica\"><img src=\"https://nodostransmedia.inggen.com/storage/sections/July2023/banner_cta_realidades_expandidas.png\" alt=\"\" width=\"1270\" height=\"448\"></a></div>\n<div class=\"container\">&nbsp;</div>', 'content', '2023-07-20 06:49:00', '2023-08-13 07:53:56'),
(19, 11, 'Información talleres', 'informacion-talleres', 18, 1, 0, '<div class=\"container\">&nbsp;</div>\n<div class=\"container\">La propuesta de formaci&oacute;n tiene como objetivo visibilizar y posicionar los contenidos del proyecto NODOS transmedia con el fin de generar transferencia de conocimiento de la producci&oacute;n audiovisual transmedia en Colombia dirigida al sector acad&eacute;mico de programas afines a las artes, la comunicaci&oacute;n y el dise&ntilde;o en niveles de pregrado, posgrado, estudios t&eacute;cnicos, tecnol&oacute;gicos. Adem&aacute;s de personas interesadas que no necesariamente se encuentren en el &aacute;mbito acad&eacute;mico, pero que tengan inter&eacute;s en la realizaci&oacute;n de obras audiovisuales de tipo expandido.</div>\n<div class=\"container\">&nbsp;</div>', 'content', '2023-07-20 07:14:00', '2023-07-23 21:39:24'),
(21, 7, 'Información publicaciones', 'informacion-publicaciones', 21, 0, 0, '<div class=\"container\">&nbsp;</div>\n<div class=\"container\">Nam pulvinar blandit velit, id condimentum diam faucibus at. Aliquam lacus nisi, sollicitudin at nisi nec, fermentum congue felis. Quisque mauris dolor, fringilla sed tincidunt ac, finibus non odio.</div>\n<div class=\"container\">&nbsp;</div>', 'content', '2023-07-23 17:54:00', '2023-08-17 20:03:10'),
(22, 7, 'Banner CTA realidades expandidas', 'banner-cta-realidades-expandidas', 23, 1, 0, '<div class=\"container\">&nbsp;</div>\n<div class=\"container\"><a href=\"https://nodostransmedia.inggen.com/guia-metodologica\"><img src=\"https://nodostransmedia.inggen.com/storage/sections/July2023/banner_cta_realidades_expandidas.png\" alt=\"\" width=\"1270\" height=\"448\"></a></div>\n<div class=\"container\">&nbsp;</div>', 'content', '2023-07-23 17:56:00', '2023-08-17 19:31:11'),
(23, 8, 'Información exhibiciones', 'informacion-exhibiciones', 24, 0, 0, '<div class=\"container\">&nbsp;</div>\n<div class=\"container\">Nam pulvinar blandit velit, id condimentum diam faucibus at. Aliquam lacus nisi, sollicitudin at nisi nec, fermentum congue felis. Quisque mauris dolor, fringilla sed tincidunt ac, finibus non odio.</div>\n<div class=\"container\">&nbsp;</div>', 'content', '2023-07-23 18:06:00', '2023-08-17 20:03:45'),
(24, 8, 'Banner CTA Documental interactivo', 'banner-cta-documental-interactivo', 26, 1, 0, '<div class=\"container\">&nbsp;</div>\n<div class=\"container\"><a href=\"https://nodostransmedia.inggen.com/documental-interactivo\"><img src=\"https://nodostransmedia.inggen.com/storage/sections/July2023/Banner CTA documental interactivo.png\" alt=\"\" width=\"1270\" height=\"376\"></a></div>\n<div class=\"container\">&nbsp;</div>', 'content', '2023-07-23 18:10:00', '2023-08-13 07:58:03'),
(25, 9, 'Información ponencias', 'informacion-ponencias', 27, 0, 0, '<div class=\"container\">&nbsp;</div>\n<div class=\"container\">&nbsp;</div>\n<div class=\"container\">Nam pulvinar blandit velit, id condimentum diam faucibus at. Aliquam lacus nisi, sollicitudin at nisi nec, fermentum congue felis. Quisque mauris dolor, fringilla sed tincidunt ac, finibus non odio.</div>\n<div class=\"container\">&nbsp;</div>\n<div class=\"container\">&nbsp;</div>', 'content', '2023-07-23 18:12:00', '2023-08-17 20:04:27'),
(26, 14, 'Info interna realidades expandidas', 'info-interna-realidades-expandidas', 29, 1, 0, '<div class=\"container\">&nbsp;</div>\n<div class=\"container\">Realidades expandidas surge como una propuesta metodol&oacute;gica que permita el dise&ntilde;o de narrativas transmedia de no ficci&oacute;n, teniendo como base seis escenarios de trabajo: la narrativa, las audiencias, las plataformas, las experiencias, la difusi&oacute;n y&nbsp; la planeaci&oacute;n.&nbsp; Este material se elabor&oacute; a partir de una matriz de an&aacute;lisis en la que con base en las gu&iacute;as de dise&ntilde;o de proyectos transmedia o biblias de realizaci&oacute;n se pudieran establecer los escenarios de trabajo que se deben tener en cuenta para el dise&ntilde;o de obras transmedia de no ficci&oacute;n.</div>\n<div class=\"container\">&nbsp;</div>\n<div class=\"container\">\n<div class=\"row d-block\">\n<div class=\"col-md-8 col-lg-6 float-left\">\n<figure class=\"image\"><img title=\"Realidades expandidas\" src=\"https://nodostransmedia.inggen.com/storage/sections/July2023/realidades_expandidas1.jpg\" alt=\"Realidades expandidas\" width=\"1300\" height=\"800\">\n<figcaption>Taller realidades expandidas</figcaption>\n</figure>\n</div>\n<div class=\"col-md-4 col-lg-3 float-left\">\n<figure class=\"image\"><img title=\"Img dos\" src=\"https://images.pexels.com/photos/3082150/pexels-photo-3082150.jpeg?auto=compress&amp;cs=tinysrgb&amp;w=1260&amp;h=750&amp;dpr=2\" alt=\"Img 2\" width=\"2250\" height=\"1500\">\n<figcaption>Img 2</figcaption>\n</figure>\n</div>\n<div class=\"col-md-4 col-lg-3 float-left\">\n<figure class=\"image\"><img title=\"img tres\" src=\"https://images.pexels.com/photos/752001/pexels-photo-752001.jpeg?auto=compress&amp;cs=tinysrgb&amp;w=1260&amp;h=750&amp;dpr=2\" alt=\"img 3\" width=\"2250\" height=\"1500\">\n<figcaption>Img 3</figcaption>\n</figure>\n</div>\n<div class=\"col-md-12 col-lg-6 float-left\">\n<figure class=\"image\"><img title=\"img cuatro\" src=\"https://images.pexels.com/photos/32997/pexels-photo.jpg?auto=compress&amp;cs=tinysrgb&amp;w=1260&amp;h=750&amp;dpr=2\" alt=\"img 4\" width=\"2272\" height=\"1500\">\n<figcaption>Img 4</figcaption>\n</figure>\n</div>\n</div>\n</div>\n<div class=\"container\">&nbsp;</div>', 'content', '2023-07-23 18:34:00', '2023-07-24 20:16:10'),
(27, 14, 'Video', 'video', 30, 1, 0, '<div class=\"container\">&nbsp;</div>\n<div class=\"container\">Vorem ipsum dolor sit amet, consectetur adipiscing elit. Etiam eu turpis molestie, dictum est a, mattis tellus. Sed dignissim, metus nec fringilla accumsan, risus sem sollicitudin lacus, ut interdum tellus elit sed risus. Maecenas eget condimentum velit, sit amet feugiat lectus. Class aptent taciti sociosqu ad litora torquent per conubia nostra, per inceptos himenaeos. Praesent auctor purus luctus enim egestas, ac scelerisque ante pulvinar. Donec ut rhoncus ex. Suspendisse ac rhoncus nisl, eu tempor urna. Curabitur vel bibendum lorem. Morbi convallis convallis diam sit amet lacinia. Aliquam in elementum tellus.</div>\n<div class=\"container\">&nbsp;</div>\n<div class=\"container\">Curabitur tempor quis eros tempus lacinia. Nam bibendum pellentesque quam a convallis. Sed ut vulputate nisi. Integer in felis sed leo vestibulum venenatis. Suspendisse quis arcu sem. Aenean feugiat ex eu vestibulum vestibulum. Morbi a eleifend magna. Nam metus lacus, porttitor eu mauris a, blandit ultrices nibh. Mauris sit amet magna non ligula vestibulum eleifend. Nulla varius volutpat turpis sed lacinia. Nam eget mi in purus lobortis eleifend. Sed nec ante dictum sem condimentum ullamcorper quis venenatis nisi. Proin vitae facilisis nisi, ac posuere leo.</div>\n<div class=\"container\">&nbsp;</div>\n<div class=\"container\">&nbsp;</div>\n<div class=\"container\"><iframe src=\"http://player.vimeo.com/video/343025669\" width=\"100%\" height=\"600\" frameborder=\"0\"></iframe></div>\n<div class=\"container\">&nbsp;</div>\n<div class=\"container\">&nbsp;</div>\n<div class=\"container\"><iframe title=\"Tchaikovsky\" src=\"https://www.youtube-nocookie.com/embed/StfwZUc2DaQ\" width=\"100%\" height=\"600\" frameborder=\"0\" allow=\"accelerometer; autoplay; clipboard-write; encrypted-media; gyroscope; picture-in-picture; web-share\" allowfullscreen=\"allowfullscreen\"></iframe></div>\n<div class=\"container\">&nbsp;</div>\n<div class=\"container\">&nbsp;</div>\n<div class=\"container\">&nbsp;</div>', 'content', '2023-07-23 18:43:00', '2023-07-23 22:05:19'),
(29, 7, 'Listado publicaciones', 'listado-publicaciones', 22, 1, 0, '<div class=\"container\">\n<div class=\"row\">\n<div class=\"col-sm-12 col-md-6 col-lg-6 mt-10\">\n<figure class=\"profile uppercase\">Investigaci&oacute;n</figure>\n<div class=\"card\">\n<div class=\"card-block\"><a href=\"https://www.proimagenescolombia.com/files/proimagenes_vdos.flipbooks/es_archivo/6.pdf\" target=\"_blank\" rel=\"noopener\"><img class=\"card-img-top\" src=\"https://nodostransmedia.inggen.com/storage/sections/July2023/proimagenes-colombia-fondocinematografico.jpg\" width=\"515\" height=\"148\"></a> <!--<h4 class=\"card-title mt-3\">Title Text</h4>-->\n<div class=\"card-text mt-4\">&laquo;Transmedia en Colombia: an&aacute;lisis de la producci&oacute;n y exhibici&oacute;n de contenidos audiovisuales en plataformas digitales de 2012 a 2018. Posibilidades para la formaci&oacute;n de audiencias y la consolidaci&oacute;n del mercado de contenidos audiovisuales multiformato&raquo;</div>\n<div class=\"meta mt-3\">Proyecto ganador del est&iacute;mulo de investigaci&oacute;n en cinematograf&iacute;a FDC 2018.&nbsp;Publicado por Proim&aacute;genes Colombia, 2019.</div>\n<hr></div>\n<div class=\"card-footer\"><!--<small>Last updated 3 mins ago</small> --><a class=\"btn btn-text-primary float-right btn-sm uppercase\" href=\"https://www.proimagenescolombia.com/files/proimagenes_vdos.flipbooks/es_archivo/6.pdf\" target=\"_blank\" rel=\"noopener\">Leer</a></div>\n</div>\n</div>\n<!-- end item -->\n<div class=\"col-sm-12 col-md-6 col-lg-6 mt-10\">\n<figure class=\"profile uppercase\">Revista especializada</figure>\n<div class=\"card\">\n<div class=\"card-block\"><a href=\"https://idartesencasa.gov.co/sites/default/files//libros_pdf/Cuaderno%20No.%2031.pdf\" target=\"_blank\" rel=\"noopener\"><img class=\"card-img-top\" src=\"https://nodostransmedia.inggen.com/storage/sections/July2023/cuadernos-de-cine-colombiano.jpg\" width=\"516\" height=\"160\"></a> <!--<h4 class=\"card-title mt-3\">Title Text</h4>-->\n<div class=\"card-text mt-4\">&laquo;Investigaci&oacute;n, aplicaciones y archivo: el nuevo cine como objeto de an&aacute;lisis&raquo;</div>\n<div class=\"meta mt-3\">Cuadernos de Cine Colombiano Cinemateca Distrital IDARTES No. 31. ISSN 1692-6609</div>\n<hr></div>\n<div class=\"card-footer\"><!--<small>Last updated 3 mins ago</small> --><a class=\"btn btn-text-primary float-right btn-sm uppercase\" href=\"https://idartesencasa.gov.co/sites/default/files//libros_pdf/Cuaderno%20No.%2031.pdf\" target=\"_blank\" rel=\"noopener\">Leer</a></div>\n</div>\n</div>\n<!-- end item -->\n<div class=\"col-sm-12 col-md-6 col-lg-6 mt-10\">\n<figure class=\"profile uppercase\">Revista cient&iacute;fica</figure>\n<div class=\"card\">\n<div class=\"card-block\"><a href=\"https://raco.cat/index.php/Artnodes/article/view/n28-fabian\" target=\"_blank\" rel=\"noopener\"><img class=\"card-img-top\" src=\"https://nodostransmedia.inggen.com/storage/sections/July2023/artnodes.jpg\" width=\"517\" height=\"114\"></a> <!--<h4 class=\"card-title mt-3\">Title Text</h4>-->\n<div class=\"card-text mt-4\">&laquo;Nodos: una propuesta de investigaci&oacute;n para divulgar los proyectos transmedia y multiplataforma realizados en Colombia entre 2009 y 2020&raquo;</div>\n<div class=\"meta mt-3\">Revista Artnodes Arte, Ciencia y Tecnolog&iacute;a. ISSN 1695-5951 p. v. 28</div>\n<hr></div>\n<div class=\"card-footer\"><!--<small>Last updated 3 mins ago</small> --><a class=\"btn btn-text-primary float-right btn-sm uppercase\" href=\"https://raco.cat/index.php/Artnodes/article/view/n28-fabian\" target=\"_blank\" rel=\"noopener\">Leer</a></div>\n</div>\n</div>\n<!-- end item -->\n<div class=\"col-sm-12 col-md-6 col-lg-6 mt-10\">\n<figure class=\"profile uppercase\">Revista cient&iacute;fica</figure>\n<div class=\"card\">\n<div class=\"card-block\"><a href=\"https://dspace.palermo.edu/ojs/index.php/cdc/article/view/9480\" target=\"_blank\" rel=\"noopener\"><img class=\"card-img-top\" src=\"https://nodostransmedia.inggen.com/storage/sections/July2023/cuaderno.jpg\" width=\"513\" height=\"131\"></a> <!--<h4 class=\"card-title mt-3\">Title Text</h4>-->\n<div class=\"card-text mt-4\">&laquo;Realidades expandidas: Gu&iacute;a metodol&oacute;gica para proyectos transmedia de no ficci&oacute;n&raquo;</div>\n<div class=\"meta mt-3\">Cuadernos del Centro de Estudios de Dise&ntilde;o y Comunicaci&oacute;n. ISSN 1853-3523</div>\n<hr></div>\n<div class=\"card-footer\"><!--<small>Last updated 3 mins ago</small> --><a class=\"btn btn-text-primary float-right btn-sm uppercase\" href=\"https://dspace.palermo.edu/ojs/index.php/cdc/article/view/9480\" target=\"_blank\" rel=\"noopener\">Leer</a></div>\n</div>\n</div>\n<!-- end item --></div>\n</div>\n<div class=\"container\">&nbsp;</div>\n<div class=\"container\">&nbsp;</div>', 'content', '2023-07-23 20:21:00', '2023-07-24 19:38:02'),
(30, 11, 'Listado talleres', 'listado-talleres', 19, 1, 0, '<div class=\"container\">\n<div class=\"row\">\n<div class=\"col-sm-12 col-md-6 col-lg-6 mt-10\">\n<figure class=\"profile uppercase\">Taller/Exposici&oacute;n</figure>\n<div class=\"card\">\n<div class=\"card-block\"><a href=\"https://nodostransmedia.inggen.com/realidades-expandidas\"><img class=\"card-img-top\" title=\"Taller realidades expandidas\" src=\"https://nodostransmedia.inggen.com/storage/sections/July2023/realidades_expandidas.jpg\" alt=\"Taller realidades expandidas\" width=\"1300\" height=\"800\"></a> <!--<h4 class=\"card-title mt-3\">Title Text</h4>-->\n<div class=\"card-text mt-4\">&laquo;Taller/exposici&oacute;n Realidades Expandidas&raquo;</div>\n<div class=\"meta mt-3\">Este taller va a permitir a los participantes poner en uso la Gu&iacute;a metodol&oacute;gica denominada Realidades expandidas, para dise&ntilde;ar...</div>\n<hr></div>\n<div class=\"card-footer\"><!--<small>Last updated 3 mins ago</small> --><a class=\"btn btn-text-primary float-right btn-sm uppercase\" href=\"https://nodostransmedia.inggen.com/realidades-expandidas\">Ver taller</a></div>\n</div>\n</div>\n<!-- end item --></div>\n</div>\n<div class=\"container\">&nbsp;</div>\n<div class=\"container\">&nbsp;</div>\n<div class=\"container\">&nbsp;</div>', 'content', '2023-07-23 21:37:00', '2023-07-24 20:14:39'),
(31, 8, 'Listado exhibiciones', 'listado-exhibiciones', 25, 1, 0, '<div class=\"container\">\n<div class=\"row\">\n<div class=\"col-sm-12 col-md-6 col-lg-6 mt-10\">\n<figure class=\"profile uppercase\">Exhibici&oacute;n</figure>\n<div class=\"card\">\n<div class=\"card-block\">\n<div class=\"row aling-items-center\">\n<div class=\"col-md-5\"><a href=\"https://festivaldelaimagen.com/es/portfolio-item/nodos-transmedia/\" target=\"_blank\" rel=\"noopener\"><img class=\"card-img-top\" src=\"https://nodostransmedia.inggen.com/storage/sections/July2023/festival-imagen-internacional.png\" width=\"203\" height=\"70\"></a></div>\n<div class=\"col-md-7 card-text\">XXI Festival Internacional de la imagen</div>\n</div>\n<!--<h4 class=\"card-title mt-3\">Title Text</h4><div class=\"card-text mt-4\">&nbsp;</div>-->\n<div class=\"meta mt-3\">Universidad de Caldas, Manizales &ndash; Colombia 2022. Exhibici&oacute;n monogr&aacute;fica Obra Nodos transmedia.</div>\n<hr></div>\n<div class=\"card-footer\"><!--<small>Last updated 3 mins ago</small> --><a class=\"btn btn-text-primary float-right btn-sm uppercase\" href=\"https://festivaldelaimagen.com/es/portfolio-item/nodos-transmedia/\" target=\"_blank\" rel=\"noopener\">Ver Proyecto</a></div>\n</div>\n</div>\n<!-- end item -->\n<div class=\"col-sm-12 col-md-6 col-lg-6 mt-10\">\n<figure class=\"profile uppercase\">Convocatoria</figure>\n<div class=\"card\">\n<div class=\"card-block\">\n<div class=\"row aling-items-center\">\n<div class=\"col-md-5\"><a href=\"http://finnof.org/\" target=\"_blank\" rel=\"noopener\"><img class=\"card-img-top\" src=\"https://nodostransmedia.inggen.com/storage/sections/July2023/finnof.png\" width=\"188\" height=\"63\"></a></div>\n<div class=\"col-md-7 card-text\">II Festival internacional de narrativas de no ficci&oacute;n FINNOF</div>\n</div>\n<!--<h4 class=\"card-title mt-3\">Title Text</h4><div class=\"card-text mt-4\">&nbsp;</div>-->\n<div class=\"meta mt-3\">Universidad Nacional de Rosario -Argentina 2020. Selecci&oacute;n mejor producci&oacute;n transmedia.</div>\n<hr></div>\n<div class=\"card-footer\"><!--<small>Last updated 3 mins ago</small> --><a class=\"btn btn-text-primary float-right btn-sm uppercase\" href=\"http://finnof.org/\" target=\"_blank\" rel=\"noopener\">Ver proyecto</a></div>\n</div>\n</div>\n<!-- end item --></div>\n</div>\n<div class=\"container\">&nbsp;</div>\n<div class=\"container\">&nbsp;</div>\n<div class=\"container\">&nbsp;</div>', 'content', '2023-07-23 21:50:00', '2023-07-24 19:57:08');
INSERT INTO `sections` (`id`, `page_id`, `name`, `slug`, `order`, `is_public`, `has_auth`, `content`, `model`, `created_at`, `updated_at`) VALUES
(32, 9, 'Listado ponencias', 'listado-ponencias', 28, 1, 0, '<div class=\"container\">\n<div class=\"row\">\n<div class=\"col-sm-12 col-md-6 col-lg-6 mt-10\">\n<figure class=\"profile uppercase\">Ponencia</figure>\n<div class=\"card\">\n<div class=\"card-block\">\n<div class=\"card-text mt-1\">V Congreso Internacional y VII Encuentro iberoamericano de narrativas audiovisuales.</div>\n<hr></div>\n<div class=\"card-footer\">\n<div class=\"meta\">Universidad Privada Antenor Orrego. Junio de 2023, Trujillo - Per&uacute;.</div>\n</div>\n</div>\n</div>\n<!-- end item -->\n<div class=\"col-sm-12 col-md-6 col-lg-6 mt-10\">\n<figure class=\"profile uppercase\">Conferencia</figure>\n<div class=\"card\">\n<div class=\"card-block\">\n<div class=\"card-text mt-1\">Foro acad&eacute;mico. XXI Festival Internacional de la imagen</div>\n<hr></div>\n<div class=\"card-footer\">\n<div class=\"meta\">Octubre de 2022, Manizales - Colombia.</div>\n</div>\n</div>\n</div>\n<!-- end item -->\n<div class=\"col-sm-12 col-md-6 col-lg-6 mt-10\">\n<figure class=\"profile uppercase\">Ponencia</figure>\n<div class=\"card\">\n<div class=\"card-block\">\n<div class=\"card-text mt-1\">I Coloquio de Investigaci&oacute;n en imagen y sonido de Am&eacute;rica Latina.</div>\n<hr></div>\n<div class=\"card-footer\">\n<div class=\"meta\">Universidad Aut&oacute;noma de Baja California y Federaci&oacute;n de Escuelas de imagen y sonido de Am&eacute;rica Latina FEISAL. Noviembre de 2021, Mexicali.</div>\n</div>\n</div>\n</div>\n<!-- end item -->\n<div class=\"col-sm-12 col-md-6 col-lg-6 mt-10\">\n<figure class=\"profile uppercase\">Conferencia</figure>\n<div class=\"card\">\n<div class=\"card-block\">\n<div class=\"card-text mt-1\">SENA Encuentro de saberes de la comunicaci&oacute;n y las artes gr&aacute;ficas GRAFOS VI SENNOVA</div>\n<hr></div>\n<div class=\"card-footer\">\n<div class=\"meta\">Noviembre de 2020, Bogot&aacute;.</div>\n</div>\n</div>\n</div>\n<!-- end item -->\n<div class=\"col-sm-12 col-md-6 col-lg-6 mt-10\">\n<figure class=\"profile uppercase\">Ponencia</figure>\n<div class=\"card\">\n<div class=\"card-block\">\n<div class=\"card-text mt-1\">II Congreso internacional de investigaci&oacute;n RED RIACO</div>\n<hr></div>\n<div class=\"card-footer\">\n<div class=\"meta\">&nbsp;2020, Bucaramanga.</div>\n</div>\n</div>\n</div>\n<!-- end item -->\n<div class=\"col-sm-12 col-md-6 col-lg-6 mt-10\">\n<figure class=\"profile uppercase\">Confenrecia</figure>\n<div class=\"card\">\n<div class=\"card-block\">\n<div class=\"card-text mt-1\">Universidad EAFIT. Maestr&iacute;a en Comunicaci&oacute;n Transmedia</div>\n<hr></div>\n<div class=\"card-footer\">\n<div class=\"meta\">Noviembre de 2020, Medell&iacute;n.</div>\n</div>\n</div>\n</div>\n<!-- end item -->\n<div class=\"col-sm-12 col-md-6 col-lg-6 mt-10\">\n<figure class=\"profile uppercase\">Ponencia</figure>\n<div class=\"card\">\n<div class=\"card-block\">\n<div class=\"card-text mt-1\">Diplomado Documental Expandido y Transmedia</div>\n<hr></div>\n<div class=\"card-footer\">\n<div class=\"meta\">Corporaci&oacute;n Universitaria UNITEC. Octubre de 2020, Bogot&aacute;.</div>\n</div>\n</div>\n</div>\n<!-- end item -->\n<div class=\"col-sm-12 col-md-6 col-lg-6 mt-10\">\n<figure class=\"profile uppercase\">Conferencia</figure>\n<div class=\"card\">\n<div class=\"card-block\">\n<div class=\"card-text mt-1\">IV Foro Audiovisual Creaci&oacute;n Transmedia. Programa de Artes Audiovisuales</div>\n<hr></div>\n<div class=\"card-footer\">\n<div class=\"meta\">Universidad Aut&oacute;noma de Bucaramanga. Octubre de 2020, Bucaramanga.</div>\n</div>\n</div>\n</div>\n<!-- end item --></div>\n</div>\n<div class=\"container\">&nbsp;</div>\n<div class=\"container\">&nbsp;</div>\n<div class=\"container\">&nbsp;</div>', 'content', '2023-07-23 21:53:00', '2023-07-23 22:05:19'),
(33, 13, 'Formulario contacto', 'formulario-contacto', NULL, 1, 0, '<div class=\"container\">&nbsp;</div>\n<div class=\"container\">Nam pulvinar blandit velit, id condimentum diam faucibus at. Aliquam lacus nisi, sollicitudin at nisi nec, fermentum congue felis. Quisque mauris dolor, fringilla sed tincidunt ac, finibus non odio.</div>\n<div class=\"container\">&nbsp;</div>\n<div class=\"container\">\n<ul class=\"nav nav-tabs\">\n<li class=\"nav-item uppercase font-weight-500 font-14\"><a class=\"nav-link\" title=\"Se un nodo\" href=\"https://nodostransmedia.inggen.com/ser-un-nodo\">Se un nodo</a></li>\n<li class=\"nav-item uppercase font-weight-500 font-14\"><a class=\"nav-link active  title-gradient\" href=\"#\">Cont&aacute;ctanos</a></li>\n</ul>\n</div>\n<div class=\"container\">&nbsp;</div>\n<div class=\"container\">\n<div class=\"c-box wow fadeInRight mt-5\"><form id=\"frm_contact\" class=\"contact-form\" style=\"max-width: 800px; margin: auto;\">\n<div class=\"row my-form\">\n<div class=\"col-md-12 col-sm-12\">\n<div id=\"result\"></div>\n</div>\n<div class=\"col-12 col-md-12 mt-3\"><!-- inicio nombre --> <span class=\"has-float-label\"> <input id=\"fullname\" name=\"fullname\" type=\"text\" class=\"form-control\" required=\"required\" placeholder=\"Nombre completo\"> <label for=\"fullname\">Nombre completo</label> </span> <!-- fin nombre --></div>\n<div class=\"col-12 col-md-6 mt-3\"><!-- inicio email --> <span class=\"has-float-label\"> <input id=\"email\" name=\"email\" type=\"email\" class=\"form-control\" required=\"required\" placeholder=\"Correo electr&oacute;nico\"> <label for=\"email\">Correo electr&oacute;nico</label> </span> <!-- fin email --></div>\n<div class=\"col-12 col-md-6 mt-3\"><!-- inicio telefono --> <span class=\"has-float-label\"> <input id=\"phone\" name=\"phone\" type=\"number\" class=\"form-control\" required=\"required\" placeholder=\"Tel&eacute;fono\"> <label for=\"phone\">Tel&eacute;fono</label> </span> <!-- fin telefono --></div>\n<div class=\"col-12 col-md-12 mt-3\"><!-- inicio mensaje --> <span class=\"has-float-label\"> <textarea id=\"message\" class=\"form-control\" name=\"message\" required=\"required\" rows=\"7\" placeholder=\"Mensaje\"></textarea> <label for=\"message\">Mensaje</label> </span> <!-- fin mensaje --></div>\n<div class=\"col-12 mt-4 text-center\"><button class=\"btn btn-primary rounded-pill uppercase font-14\" type=\"submit\">Enviar</button></div>\n</div>\n</form></div>\n</div>\n<div class=\"container\">&nbsp;</div>\n<div class=\"container\">&nbsp;</div>\n<div class=\"container\">&nbsp;</div>', 'content', '2023-07-25 19:32:00', '2023-07-28 00:40:26'),
(34, 12, 'Ser un nodo', 'ser-un-nodo', NULL, 1, 0, '<div class=\"container\">&nbsp;</div>\n<div class=\"container\">&nbsp;</div>\n<div class=\"container\">&nbsp;</div>\n<div class=\"container\">\n<ul class=\"nav nav-tabs\">\n<li class=\"nav-item uppercase font-weight-500 font-14\"><a class=\"nav-link active title-gradient\" title=\"Se un nodo\" href=\"#\">Ser un nodo</a></li>\n<li class=\"nav-item uppercase font-weight-500 font-14\"><a class=\"nav-link\" href=\"https://nodostransmedia.inggen.com/contacto\">Cont&Aacute;CTANOS</a></li>\n</ul>\n</div>\n<div class=\"container\">&nbsp;</div>\n<div class=\"container\">\n<div class=\"c-box wow fadeInRight mt-5\"><form id=\"frm_node\" class=\"contact-form\" style=\"max-width: 850px; margin: auto;\">\n<div class=\"row my-form\">\n<div class=\"col-md-12 col-sm-12\">\n<div id=\"form-error\"></div>\n</div>\n<div class=\"col-12 col-md-12 mt-3\"><span class=\"has-float-label\"> <input id=\"fullname\" name=\"fullname\" type=\"text\" class=\"form-control\" required=\"required\" placeholder=\"Nombre del representante &oacute; contacto\"> <label for=\"fullname\">Nombre del contacto</label> </span></div>\n<div class=\"col-12 col-md-7 mt-3\"><span class=\"has-float-label\"> <input id=\"email\" name=\"email\" type=\"email\" class=\"form-control\" required=\"required\" placeholder=\"Correo electr&oacute;nico\"> <label for=\"email\">Correo electr&oacute;nico de contacto</label> </span></div>\n<div class=\"col-12 col-md-5 mt-3\"><span class=\"has-float-label\"> <input id=\"phone\" name=\"phone\" type=\"number\" class=\"form-control\" required=\"required\" placeholder=\"Tel&eacute;fono\"> <label for=\"phone\">Tel&eacute;fono de contacto</label> </span></div>\n<hr class=\"bg-secondary w-100 mt-4\">\n<div class=\"col-12 col-md-6 mt-3\"><span class=\"has-float-label\"> <input id=\"project_name\" name=\"project_name\" type=\"text\" class=\"form-control\" required=\"required\" placeholder=\"Nombre del proyecto\"> <label for=\"project_name\">Nombre del proyecto</label> </span></div>\n<div class=\"col-12 col-md-6 mt-3\"><span class=\"has-float-label\"> <input id=\"url_name\" name=\"url_name\" type=\"text\" class=\"form-control\" placeholder=\"URL del proyecto\"> <label for=\"url_name\">URL del proyecto</label> </span></div>\n<div class=\"col-12 col-md-12 mt-3\"><span class=\"has-float-label\"> <textarea id=\"synopsis\" class=\"form-control\" name=\"synopsis\" required=\"required\" rows=\"7\" placeholder=\"Ejemplo:\n\nRosa Amelia Hern&aacute;ndez es la protagonista que inspira este proyecto documental transmedia. Por medio del sitio web, su navegaci&oacute;n, contenidos period&iacute;sticos y diversos contenidos generados a partir de su lucha, se conocen otras historias que giran entorno a la aplicaci&oacute;n de ley de v&iacute;ctimas y restituci&oacute;n de tierras, de igual manera, a la violencia que est&aacute; directamente relacionada con los sucesos.\"></textarea> <label for=\"synopsis\">Sinopsis</label> </span></div>\n<div class=\"col-12 col-md-6 mt-3\"><span class=\"has-float-label\"><select id=\"topics\" class=\"form-control\" multiple=\"multiple\" name=\"topics[]\" required=\"required\">\n<option value=\"1\" data-select2-id=\"40\">Adolescencia</option>\n<option value=\"2\" data-select2-id=\"41\">Arquitectura</option>\n<option value=\"3\" data-select2-id=\"42\">Aventura</option>\n<option value=\"4\" data-select2-id=\"43\">Ciencia</option>\n<option value=\"6\" data-select2-id=\"44\">Ciudad</option>\n<option value=\"7\" data-select2-id=\"45\">Cocina</option>\n<option value=\"8\" data-select2-id=\"46\">Comedia</option>\n<option value=\"9\" data-select2-id=\"47\">Conflicto Armado</option>\n<option value=\"10\" data-select2-id=\"48\">Corrupci&oacute;n</option>\n<option value=\"11\" data-select2-id=\"49\">Cotidianidad</option>\n<option value=\"12\" data-select2-id=\"50\">Cuentos Rurales</option>\n<option value=\"13\" data-select2-id=\"51\">Delincuencia</option>\n<option value=\"14\" data-select2-id=\"52\">Deporte</option>\n<option value=\"15\" data-select2-id=\"53\">Diario personal</option>\n<option value=\"16\" data-select2-id=\"54\">Discapacidad</option>\n<option value=\"17\" data-select2-id=\"55\">Diversidad</option>\n<option value=\"18\" data-select2-id=\"56\">Educaci&oacute;n</option>\n<option value=\"19\" data-select2-id=\"57\">Espacio P&uacute;blico</option>\n<option value=\"20\" data-select2-id=\"58\">Expresiones art&iacute;sticas</option>\n<option value=\"21\" data-select2-id=\"59\">Fantas&iacute;a</option>\n<option value=\"22\" data-select2-id=\"60\">G&eacute;nero</option>\n<option value=\"23\" data-select2-id=\"61\">Gentrificaci&oacute;n</option>\n<option value=\"24\" data-select2-id=\"62\">Hist&oacute;rico</option>\n<option value=\"25\" data-select2-id=\"63\">Identidad</option>\n<option value=\"26\" data-select2-id=\"64\">Identidad de g&eacute;nero</option>\n<option value=\"27\" data-select2-id=\"65\">Inclusi&oacute;n</option>\n<option value=\"28\" data-select2-id=\"66\">Infantiles</option>\n<option value=\"29\" data-select2-id=\"67\">Inteligencia Artificial</option>\n<option value=\"30\" data-select2-id=\"68\">Maternidad</option>\n<option value=\"31\" data-select2-id=\"69\">Medio Ambiente</option>\n<option value=\"32\" data-select2-id=\"70\">Memoria</option>\n<option value=\"33\" data-select2-id=\"71\">Migraci&oacute;n</option>\n<option value=\"34\" data-select2-id=\"72\">Misterio</option>\n<option value=\"35\" data-select2-id=\"73\">M&uacute;sica</option>\n<option value=\"36\" data-select2-id=\"74\">Narraciones autobiogr&aacute;ficas</option>\n<option value=\"37\" data-select2-id=\"75\">Pandemia</option>\n<option value=\"38\" data-select2-id=\"76\">Patrimonio</option>\n<option value=\"39\" data-select2-id=\"77\">Patrimonio Cultural</option>\n<option value=\"40\" data-select2-id=\"78\">Pol&iacute;tica</option>\n<option value=\"41\" data-select2-id=\"79\">Relatos Orales</option>\n<option value=\"42\" data-select2-id=\"80\">Ruralidad</option>\n<option value=\"43\" data-select2-id=\"81\">Salud mental</option>\n<option value=\"44\" data-select2-id=\"82\">Sistema de Salud</option>\n<option value=\"45\" data-select2-id=\"83\">Trabajo Informal</option>\n<option value=\"46\" data-select2-id=\"84\">Tradici&oacute;n oral</option>\n<option value=\"47\" data-select2-id=\"85\">Transformaci&oacute;n Social</option>\n<option value=\"48\" data-select2-id=\"86\">Turismo</option>\n<option value=\"50\" data-select2-id=\"87\">Violencia</option>\n</select><label for=\"topics\">Tem&aacute;ticas [Ctrl + Click seleccionar mas de uno]</label></span></div>\n<div class=\"col-12 col-md-6 mt-3\"><span class=\"has-float-label\"><select id=\"media\" class=\"form-control\" multiple=\"multiple\" name=\"media[]\" required=\"required\">\n<option value=\"1\" data-select2-id=\"12\">Alb&uacute;m</option>\n<option value=\"3\" data-select2-id=\"13\">App Dispositivos M&oacute;viles</option>\n<option value=\"4\" data-select2-id=\"14\">Audio / Narraci&oacute;n Sonora</option>\n<option value=\"5\" data-select2-id=\"15\">Blog</option>\n<option value=\"6\" data-select2-id=\"16\">Comic</option>\n<option value=\"7\" data-select2-id=\"17\">Conciertos</option>\n<option value=\"8\" data-select2-id=\"18\">Cuento</option>\n<option value=\"10\" data-select2-id=\"19\">Ebook</option>\n<option value=\"13\" data-select2-id=\"20\">Fotogr&aacute;fia</option>\n<option value=\"14\" data-select2-id=\"21\">Impresos</option>\n<option value=\"15\" data-select2-id=\"22\">Instalaci&oacute;n</option>\n<option value=\"16\" data-select2-id=\"23\">P&aacute;gina Web</option>\n<option value=\"17\" data-select2-id=\"24\">Performance</option>\n<option value=\"18\" data-select2-id=\"25\">Podcast</option>\n<option value=\"19\" data-select2-id=\"26\">Productos Offline</option>\n<option value=\"20\" data-select2-id=\"27\">Realidad Virtual O Aumentada</option>\n<option value=\"21\" data-select2-id=\"28\">Seminarios Especializados</option>\n<option value=\"22\" data-select2-id=\"29\">Serie Televisi&oacute;n</option>\n<option value=\"23\" data-select2-id=\"30\">Serie Web</option>\n<option value=\"24\" data-select2-id=\"31\">Televisi&oacute;n</option>\n<option value=\"25\" data-select2-id=\"32\">Video Juegos</option>\n<option value=\"26\" data-select2-id=\"33\">Videos Musicales</option>\n<option value=\"27\" data-select2-id=\"34\">Visitas Tur&iacute;sticas</option>\n</select><label for=\"media\">Medios [Ctrl + Click seleccionar mas de uno]</label></span></div>\n<div class=\"col-12 col-md-6 mt-3\"><span class=\"has-float-label\"><select id=\"gender\" class=\"form-control\" name=\"gender\" required=\"required\">\n<option value=\"\">G&eacute;nero</option>\n<option value=\"1\">Ficci&oacute;n</option>\n<option value=\"2\">No ficci&oacute;n</option>\n</select><label for=\"gender\">G&eacute;nero</label> </span><span class=\"form-error\">Seleccione el g&eacute;nero del proyecto</span></div>\n<div class=\"col-12 col-md-6 mt-3\"><span class=\"has-float-label\"><select id=\"year\" class=\"form-control\" name=\"year\" required=\"required\">\n<option value=\"\">A&ntilde;o</option>\n<option value=\"1\" data-select2-id=\"9\">2009</option>\n<option value=\"2\" data-select2-id=\"10\">2011</option>\n<option value=\"3\" data-select2-id=\"11\">2012</option>\n<option value=\"4\" data-select2-id=\"12\">2013</option>\n<option value=\"5\" data-select2-id=\"13\">2014</option>\n<option value=\"6\" data-select2-id=\"14\">2015</option>\n<option value=\"7\" data-select2-id=\"15\">2016</option>\n<option value=\"8\" data-select2-id=\"16\">2017</option>\n<option value=\"9\" data-select2-id=\"17\">2018</option>\n<option value=\"10\" data-select2-id=\"18\">2019</option>\n<option value=\"11\" data-select2-id=\"19\">2020</option>\n<option value=\"12\" data-select2-id=\"20\">2021</option>\n<option value=\"13\" data-select2-id=\"21\">2022</option>\n<option value=\"14\" data-select2-id=\"22\">2023</option>\n<option value=\"0\">En desarrollo</option>\n</select><label for=\"year\">A&ntilde;o</label> </span></div>\n<div class=\"col-12 col-md-12 mt-3\"><span class=\"has-float-label\"> <textarea id=\"team\" class=\"form-control\" name=\"team\" rows=\"7\" placeholder=\"Ejemplo: \n\nDirecci&oacute;n: Juanita Le&oacute;n y Olga Luc&iacute;a Lozano \n\nDirecci&oacute;n creativa, coordinaci&oacute;n editorial y direcci&oacute;n y realizaci&oacute;n de la estrategia: Olga Luc&iacute;a Lozano y Marcela Pel&aacute;ez\"></textarea> <label for=\"team\">Equipo del proyecto</label> </span></div>\n<div class=\"col-12 col-md-12 mt-3\"><span class=\"has-float-label\"> <textarea id=\"nominations\" class=\"form-control\" name=\"nominations\" rows=\"7\" placeholder=\"Ejemplo: \n\n*Festival Internacional de Documentales de Santiago\n\n*Muestra Internacional Documental de Bogot&aacute;\n\n*Festival de Cine del Caribe\"></textarea> <label for=\"nominations\">Nominaciones</label> </span></div>\n<div class=\"col-12 col-md-12 mt-3\"><span class=\"has-float-label\"> <textarea id=\"awards\" class=\"form-control\" name=\"awards\" rows=\"7\" placeholder=\"Ejemplo: \n\n2013- *Premio Gabriel Garc&iacute;a M&aacute;rquez de periodismo, categor&iacute;a Innovaci&oacute;n. Colombia.\n\n*Premio Alem&aacute;n de Period&iacute;smo y desarrollo. Alemania.\"></textarea> <label for=\"awards\">Premios</label> </span></div>\n<div class=\"col-12 col-md-12 mt-3\"><span class=\"has-float-label\"> <textarea id=\"funding\" class=\"form-control\" name=\"funding\" rows=\"7\" placeholder=\"Ejemplo: \n\n*La Silla Vac&iacute;a\n\n*Fundaci&oacute;n Pr&iacute;ncipe Claus para la cultura y el desarrollo\"></textarea> <label for=\"funding\"> Financiaci&oacute;n </label> </span></div>\n<div class=\"col-12 mt-4 text-center\"><button class=\"btn btn-primary rounded-pill uppercase font-14\" type=\"submit\">Enviar</button></div>\n</div>\n</form></div>\n</div>\n<div class=\"container\">&nbsp;</div>\n<div class=\"container\">&nbsp;</div>\n<div class=\"container\">&nbsp;</div>', 'content', '2023-07-25 20:03:00', '2023-08-17 19:48:52'),
(35, 16, 'Buscar', 'buscar', NULL, 1, 0, '<p>Contenido dinamico</p>', 'search', '2023-08-14 20:51:00', '2023-08-14 20:52:11'),
(36, 17, 'No encontrado', 'no-encontrado', NULL, 1, 0, '<div class=\"container text-center\">\n<h4>Parece que est&aacute;s perdido en el universo</h4>\n<p>&nbsp;</p>\n<img style=\"max-width: 600px;\" title=\"P&aacute;gina no encontrada\" src=\"https://nodostransmedia.inggen.com/storage/sections/August2023/404_no_encontrado1.png\" alt=\"P&aacute;gina no encontrada\" width=\"1249\" height=\"724\"></div>\n<div class=\"container text-center\">&nbsp;</div>\n<div class=\"container text-center\">&nbsp;</div>\n<div class=\"container text-center\"><a class=\"btn btn-primary text-black rounded-pill font-weight-700 uppercase\" href=\"https://nodostransmedia.inggen.com/\">Volver al inicio</a></div>\n<div class=\"container text-center\">&nbsp;</div>\n<div class=\"container text-center\">&nbsp;</div>', 'content', '2023-08-15 06:56:00', '2023-08-15 07:01:30');

-- --------------------------------------------------------

--
-- Estructura de tabla para la tabla `slides`
--

CREATE TABLE `slides` (
  `id` int(10) UNSIGNED NOT NULL,
  `name` varchar(255) COLLATE utf8mb4_unicode_ci DEFAULT NULL,
  `description` longtext COLLATE utf8mb4_unicode_ci,
  `bg_image` longtext COLLATE utf8mb4_unicode_ci,
  `is_public` int(11) DEFAULT NULL,
  `order` int(11) DEFAULT NULL,
  `created_at` timestamp NULL DEFAULT NULL,
  `updated_at` timestamp NULL DEFAULT NULL,
  `type` varchar(255) COLLATE utf8mb4_unicode_ci DEFAULT NULL
) ENGINE=InnoDB DEFAULT CHARSET=utf8mb4 COLLATE=utf8mb4_unicode_ci;

--
-- Volcado de datos para la tabla `slides`
--

INSERT INTO `slides` (`id`, `name`, `description`, `bg_image`, `is_public`, `order`, `created_at`, `updated_at`, `type`) VALUES
(1, 'Intro página 1', '<div class=\"carousel-caption d-none d-md-block abs-center\">\n<div class=\"row\">\n<div class=\"col-12 mt-5\"><img style=\"max-width: 500px;\" title=\"\" src=\"https://nodostransmedia.inggen.com/storage/settings/July2023/hcFPiIfTJXbV0lKM4ozi.png\" alt=\"\" width=\"100%\"></div>\n<div class=\"col-12 mt-5\"><a class=\"btn btn-primary font-16 font-weight-700 rounded-pill text-black uppercase\" href=\"#\" data-target=\"#intro\" data-slide-to=\"1\">Iniciar</a></div>\n</div>\n</div>', NULL, 1, NULL, '2023-08-10 03:31:00', '2023-08-17 18:50:41', 'Intro'),
(2, 'Intro página 2', '<div class=\"carousel-caption d-md-block abs-center\">\n<div class=\"row\">\n<div class=\"col-12 mt-5\">\n<h2 class=\"font-16\">NODOS transmedia es un proyecto de investigaci&oacute;n creaci&oacute;n que permite descubrir e interactuar con el universo narrativo transmedial en Colombia. Un ecosistema conformado por m&aacute;s de 250 propuestas realizadas desde el a&ntilde;o 2009.&nbsp; <br><br>En este espacio se encuentran distintos recursos para descubrir e interactuar un universo narrativo en expansi&oacute;n: Un conjunto de nodos con los proyectos realizados en el pa&iacute;s, categorizados por a&ntilde;o, tem&aacute;tica y productos expandidos; un <span class=\"text-primary font-weight-700\">documental interactivo</span> en el cual confluyen las voces de algunos de los actores que han sido parte de la producci&oacute;n transmedia colombiana, un <span class=\"text-primary font-weight-700\">podcast</span> sobre el panorama de la realidad h&iacute;brida local, <span class=\"text-primary font-weight-700\">textos</span> e <span class=\"text-primary font-weight-700\">investigaciones</span> que abordan desde lo acad&eacute;mico problemas de la producci&oacute;n transmedia y finalmente, se propone una gu&iacute;a metodol&oacute;gica para realizar proyectos transmedia de no ficci&oacute;n.</h2>\n</div>\n<div class=\"col-12\"><!--<img title=\"Nodos transmedia\" src=\"https://nodostransmedia.inggen.com/img/intro/slide4_img.png\" alt=\"Nodos transmedia\" width=\"100%\">--></div>\n<div class=\"col-12 mt-5\">\n<div class=\"row\">\n<div class=\"col\"><img title=\"Nodos transmedia\" src=\"https://nodostransmedia.inggen.com/storage/slides/August2023/slide4_img1.jpg\" alt=\"Nodos transmedia\" width=\"153\" height=\"116\"></div>\n<div class=\"col\"><img title=\"Nodos transmedia\" src=\"https://nodostransmedia.inggen.com/storage/slides/August2023/slide4_img2.jpg\" alt=\"Nodos transmedia\" width=\"153\" height=\"116\"></div>\n<div class=\"col\"><img title=\"Nodos transmedia\" src=\"https://nodostransmedia.inggen.com/storage/slides/August2023/slide4_img3.jpg\" alt=\"Nodos transmedia\" width=\"153\" height=\"116\"></div>\n<div class=\"col\"><img title=\"Nodos transmedia\" src=\"https://nodostransmedia.inggen.com/storage/slides/August2023/slide4_img4.jpg\" alt=\"Nodos transmedia\" width=\"153\" height=\"116\"></div>\n<div class=\"col\"><img title=\"Nodos transmedia\" src=\"https://nodostransmedia.inggen.com/storage/slides/August2023/slide4_img5.jpg\" alt=\"Nodos transmedia\" width=\"153\" height=\"116\"></div>\n</div>\n</div>\n</div>\n</div>', NULL, 1, NULL, '2023-08-10 20:19:00', '2023-08-10 23:16:31', 'Intro'),
(3, 'Intro página 3', '<div class=\"carousel-caption d-md-block abs-center\">\n<div class=\"row\">\n<div class=\"col-12 mt-5\">\n<h3 class=\"font-20\">La navegaci&oacute;n a trav&eacute;s de los diversos nodos es aut&oacute;noma, no hay una ruta preestablecida o lineal, depende del inter&eacute;s particular o del azar.</h3>\n</div>\n<div class=\"col-12 mt-2\">\n<h2 class=\"font-28\">&iexcl;Bienvenidos a esta experiencia!</h2>\n</div>\n<div class=\"col-12 mt-2\"><img title=\"Nodos transmedia\" src=\"https://nodostransmedia.inggen.com/storage/slides/August2023/slide5_img1.png\" alt=\"Nodos transmedia\" width=\"1800\" height=\"1058\"></div>\n</div>\n</div>', NULL, 1, NULL, '2023-08-10 20:19:00', '2023-08-16 01:52:08', 'Intro');

-- --------------------------------------------------------

--
-- Estructura de tabla para la tabla `translations`
--

CREATE TABLE `translations` (
  `id` int(10) UNSIGNED NOT NULL,
  `table_name` varchar(255) COLLATE utf8mb4_unicode_ci NOT NULL,
  `column_name` varchar(255) COLLATE utf8mb4_unicode_ci NOT NULL,
  `foreign_key` int(10) UNSIGNED NOT NULL,
  `locale` varchar(255) COLLATE utf8mb4_unicode_ci NOT NULL,
  `value` text COLLATE utf8mb4_unicode_ci NOT NULL,
  `created_at` timestamp NULL DEFAULT NULL,
  `updated_at` timestamp NULL DEFAULT NULL
) ENGINE=InnoDB DEFAULT CHARSET=utf8mb4 COLLATE=utf8mb4_unicode_ci;


INSERT INTO `translations` (`id`, `table_name`, `column_name`, `foreign_key`, `locale`, `value`, `created_at`, `updated_at`) VALUES
(246, 'sections', 'content', 12, 'en', '<div class=\"container\">&nbsp;</div>\n<div class=\"container\">&nbsp;</div>\n<div class=\"container\">\n<div class=\"row\">\n<div class=\"col-md-7\">\n<h1 style=\"font-family: \'Syne\', sans-serif; font-weight: bold;\">Documentary</h1>\n<h1 style=\"font-family: \'Syne\', sans-serif; font-weight: bold;\">and audiovisual</h1>\n<h1 style=\"font-family: \'Syne\', sans-serif; font-weight: bold;\">equipment</h1>\n</div>\n<div class=\"col-md-5\">\n<h4 style=\"font-family: \'Syne\', sans-serif; font-weight: bold;\">Alejandra Rojas</h4>\n<p class=\"text-secondary\"><strong>Interactive Documentary Designer</strong></p>\n<hr class=\"bg-secondary\">\n<p style=\"text-align: right; font-size: 12px; font-weight: bold;\"><a class=\"btn-credits\" title=\"Portafolio\" href=\"#\" target=\"_blank\" rel=\"noopener\">PORTAFOLIO</a></p>\n<br>\n<h4 style=\"font-family: \'Syne\', sans-serif; font-weight: bold;\">Javier Chiquilo</h4>\n<p class=\"text-secondary\">Montage</p>\n<hr class=\"bg-secondary\">\n<p style=\"text-align: right; font-size: 12px; font-weight: bold;\"><a class=\"btn-credits\" title=\"Linkedin\" href=\"https://www.linkedin.com/\" target=\"_blank\" rel=\"noopener\">LINKEDIN</a></p>\n</div>\n</div>\n</div>', '2023-07-20 04:37:38', '2023-07-20 04:51:28'),
(247, 'sections', 'name', 13, 'en', 'Web Documentary Participants', '2023-07-20 04:40:11', '2023-07-20 04:40:11'),
(248, 'sections', 'slug', 13, 'en', 'web-documentary-participants', '2023-07-20 04:40:11', '2023-07-20 04:40:11'),
(249, 'sections', 'content', 13, 'en', '<div class=\"container\">\n<h1 class=\"mt-10\" style=\"font-family: \'Syne\', sans-serif; font-weight: bold;\">Web Documentary Participants</h1>\n<div class=\"row mt-5\">\n<div class=\"col-md-12\">\n<div class=\"featured-carousel owl-carousel\">\n<div class=\"item\">\n<div class=\"work\">\n<div class=\"text pt-3 w-100 text-left\">\n<h3>Alejandro &Aacute;ngel</h3>\n<h3>Alejandro Escobar</h3>\n<h3>&Aacute;ngela Carabal&iacute;</h3>\n<h3>Arnau Gifreu</h3>\n<h3>Cristian Arcos</h3>\n<h3>David R&iacute;os</h3>\n<h3>Diego Montoya</h3>\n</div>\n</div>\n</div>\n<div class=\"item\">\n<div class=\"work\">\n<div class=\"text pt-3 w-100 text-left\">\n<h3>Elder Manuel Tobar</h3>\n<h3>Felipe C&eacute;sar Londo&ntilde;o</h3>\n<h3>Irene Lema</h3>\n<h3>Jaime Smith</h3>\n<h3>Jaime Tenorio</h3>\n<h3>Jorge Caballero</h3>\n<h3>Juan Jos&eacute; Vel&aacute;squez</h3>\n</div>\n</div>\n</div>\n<div class=\"item\">\n<div class=\"work\">\n<div class=\"text pt-3 w-100 text-left\">\n<h3>Juliana Ortiz</h3>\n<h3>Marcela Rinc&oacute;n</h3>\n<h3>Mar&iacute;a Isabel Montoya</h3>\n<h3>Miguel &Aacute;ngel Correa</h3>\n<h3>Miguel Ot&aacute;lora</h3>\n<h3>Nazly L&oacute;pez</h3>\n<h3>&Oacute;scar Dur&aacute;n</h3>\n</div>\n</div>\n</div>\n<div class=\"item\">\n<div class=\"work\">\n<div class=\"text pt-3 w-100 text-left\">\n<h3>&Oacute;scar Rodr&iacute;guez</h3>\n<h3>Paula Villegas</h3>\n<h3>Rub&eacute;n Monroya</h3>\n<h3>Sergio Bromberg</h3>\n<h3>&nbsp;</h3>\n<h3>&nbsp;</h3>\n<h3>&nbsp;</h3>\n</div>\n</div>\n</div>\n</div>\n</div>\n</div>\n</div>', '2023-07-20 04:40:11', '2023-07-20 04:40:11'),
(250, 'sections', 'name', 14, 'en', 'Podcast Team', '2023-07-20 04:45:23', '2023-07-20 04:45:23'),
(251, 'sections', 'slug', 14, 'en', 'podcast-team', '2023-07-20 04:45:23', '2023-07-20 04:45:23'),
(252, 'sections', 'content', 14, 'en', '<div class=\"container\">&nbsp;</div>\n<div class=\"container\">&nbsp;</div>\n<div class=\"container\">\n<div class=\"row\">\n<div class=\"col-md-7\">\n<h1 style=\"font-family: \'Syne\', sans-serif; font-weight: bold;\">Podcast Team</h1>\n</div>\n<div class=\"col-md-5\">\n<h4 style=\"font-family: \'Syne\', sans-serif; font-weight: bold;\">Javier Chiquilo</h4>\n<p class=\"text-secondary\"><strong>Montage</strong></p>\n<hr class=\"bg-secondary\">\n<p style=\"text-align: right; font-size: 12px; font-weight: bold;\"><a class=\"btn-credits\" title=\"Portafolio\" href=\"#\" target=\"_blank\" rel=\"noopener\">PORTAFOLIO</a></p>\n<br>\n<h4 style=\"font-family: \'Syne\', sans-serif; font-weight: bold;\">Mar&iacute;a Camila Acevedo</h4>\n<p class=\"text-secondary\"><strong>Voice</strong></p>\n<hr class=\"bg-secondary\">\n<p style=\"text-align: right; font-size: 12px; font-weight: bold;\"><a class=\"btn-credits\" title=\"Linkedin\" href=\"https://www.linkedin.com/\" target=\"_blank\" rel=\"noopener\">LINKEDIN</a></p>\n</div>\n</div>\n</div>', '2023-07-20 04:45:23', '2023-07-20 04:50:48'),
(253, 'sections', 'name', 15, 'en', 'Podcast participants', '2023-07-20 04:49:39', '2023-07-20 04:49:39'),
(254, 'sections', 'slug', 15, 'en', 'podcast-participants', '2023-07-20 04:49:39', '2023-07-20 04:49:39'),
(255, 'sections', 'content', 15, 'en', '<div class=\"container\">\n<h1 class=\"mt-10\" style=\"font-family: \'Syne\', sans-serif; font-weight: bold;\">Podcast participants</h1>\n<div class=\"row mt-5\">\n<div class=\"col-md-12\">\n<div class=\"featured-carousel owl-carousel\">\n<div class=\"item\">\n<div class=\"work\">\n<div class=\"text pt-3 w-100 text-left\">\n<h3>Cristian Arcos</h3>\n<h3>Alejandro Escobar</h3>\n<h3>Nazly L&oacute;pez</h3>\n</div>\n</div>\n</div>\n<div class=\"item\">\n<div class=\"work\">\n<div class=\"text pt-3 w-100 text-left\">\n<h3>Irene Lema</h3>\n<h3>Felipe C&eacute;sar Londo&ntilde;o</h3>\n<h3>Sergio Bromberg</h3>\n</div>\n</div>\n</div>\n<div class=\"item\">\n<div class=\"work\">\n<div class=\"text pt-3 w-100 text-left\">\n<h3>Jorge Caballero</h3>\n<h3>Juliana Ortiz</h3>\n<h3>&nbsp;</h3>\n</div>\n</div>\n</div>\n</div>\n</div>\n</div>\n</div>\n<div class=\"container\"><hr class=\"bg-secondary\"></div>\n<div class=\"container\">&nbsp;</div>\n<div class=\"container\">&nbsp;</div>', '2023-07-20 04:49:39', '2023-07-20 04:49:39'),
(256, 'sections', 'name', 16, 'en', 'Banner CTA transmedia universe', '2023-07-20 05:31:15', '2023-07-20 05:31:15'),
(257, 'sections', 'slug', 16, 'en', 'banner-cta-transmedia-universe', '2023-07-20 05:31:15', '2023-07-20 05:31:15'),
(258, 'pages', 'description', 10, 'en', 'Vorem ipsum dolor sit amet, consectetur adipiscing elit. Etiam eu turpis molestie, dictum est a, mattis tellus.', '2023-07-20 05:33:13', '2023-07-20 05:33:13'),
(259, 'sections', 'name', 17, 'en', 'Build your project info', '2023-07-20 05:49:15', '2023-07-20 05:49:15'),
(260, 'sections', 'slug', 17, 'en', 'build-your-project-info', '2023-07-20 05:49:15', '2023-07-20 05:49:15'),
(261, 'sections', 'content', 17, 'en', '<div class=\"container\">&nbsp;</div>\n<div class=\"container\">\n<p>Expanded Realities emerges as a methodological proposal that allows the design of non-fiction transmedia narratives, based on six work scenarios: the narrative, the audiences, the platforms, the experiences, the diffusion and the planning. This material was prepared from an analysis matrix in which, based on the design guides for transmedia projects or realization bibles, the work scenarios that must be taken into account for the design of non-fiction transmedia works could be established.</p>\n<p>We invite you to use the guide and progress through each module to design your projects.</p>\n</div>\n<div class=\"container\">&nbsp;</div>\n<div class=\"container\" style=\"max-width: 400px;\"><a title=\"Gu&iacute;a realidades expandidas\" href=\"https://nodostransmedia.inggen.com/storage/PDF/realidades_expandidas_CARTILLA_opti.pdf\" target=\"_blank\" rel=\"noopener\"><img style=\"display: block; margin-left: auto; margin-right: auto;\" title=\"Gu&iacute;a realidades expandidas\" src=\"https://nodostransmedia.inggen.com/storage/sections/August2023/guia_metodologica1.png\" alt=\"Gu&iacute;a realidades expandidas\" width=\"876\" height=\"1240\"></a></div>\n<div class=\"container\">&nbsp;</div>\n<div class=\"container\">&nbsp;</div>\n<div class=\"container\"><strong>&laquo;Expanded realities: methodological guide for the design of non-fiction transmedia audiovisual projects&raquo;</strong><br>Editorial UNAB Autonomous University of Bucaramanga, 2021. ISBN 978-958-53876-7-6</div>\n<div class=\"container\">&nbsp;</div>\n<div class=\"container\">&nbsp;</div>', '2023-07-20 05:49:15', '2023-08-29 08:12:40'),
(262, 'sections', 'content', 16, 'en', '<div class=\"container\">&nbsp;</div>\n<div class=\"container\"><a href=\"https://nodostransmedia.inggen.com/\"><img src=\"https://nodostransmedia.inggen.com/storage/sections/July2023/banner_explore_transmedia_universe.png\" alt=\"\" width=\"1270\" height=\"424\"></a></div>', '2023-07-20 05:59:16', '2023-08-13 07:53:00'),
(263, 'pages', 'name', 14, 'en', 'Expanded realities', '2023-07-20 06:25:14', '2023-07-20 06:25:14'),
(264, 'pages', 'description', 14, 'en', 'Vorem ipsum dolor sit amet, consectetur adipiscing elit. Etiam eu turpis molestie, dictum est a, mattis tellus.', '2023-07-20 06:25:14', '2023-07-20 06:25:14'),
(265, 'pages', 'banner_text', 14, 'en', '<p class=\"page-title mt-3 uppercase\"><strong>Expanded realities</strong></p>', '2023-07-20 06:25:14', '2023-07-20 06:25:14'),
(266, 'labels', 'name', 10, 'en', 'Contact', '2023-07-20 06:38:08', '2023-07-20 06:38:08'),
(267, 'labels', 'name', 11, 'en', 'Training', '2023-07-20 06:39:27', '2023-07-20 06:39:27'),
(268, 'labels', 'name', 12, 'en', 'Transmedia in Colombia', '2023-07-20 06:39:59', '2023-07-20 06:39:59'),
(269, 'labels', 'name', 13, 'en', 'SUBSCRIBE YOUR PROJECT HERE', '2023-07-20 06:41:36', '2023-07-20 06:41:36'),
(270, 'sections', 'name', 18, 'en', 'CTA banner expanded realities', '2023-07-20 06:49:06', '2023-07-20 06:49:06'),
(271, 'sections', 'slug', 18, 'en', 'cta-banner-expanded-realities', '2023-07-20 06:49:06', '2023-07-20 06:49:06'),
(272, 'sections', 'content', 18, 'en', '<div class=\"container\">&nbsp;</div>\n<div class=\"container\"><a href=\"https://nodostransmedia.inggen.com/guia-metodologica\"><img src=\"https://nodostransmedia.inggen.com/storage/sections/July2023/banner_cta_realidades_expandidas_en.png\" alt=\"\" width=\"1270\" height=\"448\"></a></div>\n<div class=\"container\">&nbsp;</div>', '2023-07-20 06:49:06', '2023-08-13 07:53:56'),
(273, 'sections', 'name', 19, 'en', 'Information workshops', '2023-07-20 07:14:12', '2023-07-20 07:14:12'),
(274, 'sections', 'slug', 19, 'en', 'information-workshops', '2023-07-20 07:14:12', '2023-07-20 07:14:12'),
(275, 'sections', 'content', 19, 'en', '<div class=\"container\">&nbsp;</div>\n<div class=\"container\">The training proposal aims to make visible and position the contents of the NODOS transmedia project in order to generate knowledge transfer of transmedia audiovisual production in Colombia aimed at the academic sector of programs related to the arts, communication and design at undergraduate, postgraduate, technical and technological studies levels. In addition to interested people who are not necessarily in the academic field, but who are interested in making expanded type audiovisual works.</div>\n<div class=\"container\">&nbsp;</div>', '2023-07-20 07:14:12', '2023-07-23 21:39:24'),
(278, 'labels', 'name', 14, 'en', 'Home', '2023-07-20 08:16:25', '2023-07-20 08:16:25'),
(279, 'sections', 'name', 22, 'en', 'CTA banner expanded realities', '2023-07-23 17:56:40', '2023-07-23 17:56:40'),
(280, 'sections', 'slug', 22, 'en', 'cta-banner-expanded-realities', '2023-07-23 17:56:40', '2023-07-23 17:56:40'),
(281, 'sections', 'content', 22, 'en', '<div class=\"container\">&nbsp;</div>\n<div class=\"container\"><a href=\"https://nodostransmedia.inggen.com/guia-metodologica\"><img src=\"https://nodostransmedia.inggen.com/storage/sections/July2023/banner_cta_realidades_expandidas_en.png\" alt=\"\" width=\"1270\" height=\"448\"></a></div>\n<div class=\"container\">&nbsp;</div>', '2023-07-23 17:56:40', '2023-08-17 19:31:11'),
(282, 'sections', 'name', 23, 'en', 'Information', '2023-07-23 18:06:34', '2023-07-23 18:06:34'),
(283, 'sections', 'slug', 23, 'en', 'information', '2023-07-23 18:06:34', '2023-07-23 18:06:34'),
(284, 'sections', 'content', 23, 'en', '<div class=\"container\">&nbsp;</div>\n<div class=\"container\">Nam pulvinar blandit velit, id condimentum diam faucibus at. Aliquam lacus nisi, sollicitudin at nisi nec, fermentum congue felis. Quisque mauris dolor, fringilla sed tincidunt ac, finibus non odio.</div>\n<div class=\"container\">&nbsp;</div>', '2023-07-23 18:06:34', '2023-07-23 18:06:34'),
(285, 'sections', 'name', 24, 'en', 'CTA banner interactive documentary', '2023-07-23 18:10:17', '2023-07-23 18:10:17'),
(286, 'sections', 'slug', 24, 'en', 'cta-banner-interactive-documentary', '2023-07-23 18:10:17', '2023-07-23 18:10:17'),
(287, 'sections', 'content', 24, 'en', '<div class=\"container\">&nbsp;</div>\n<div class=\"container\"><a href=\"https://nodostransmedia.inggen.com/documental-interactivo\"><img src=\"https://nodostransmedia.inggen.com/storage/sections/July2023/Banner CTA documental interactivo en.png\" alt=\"\" width=\"1270\" height=\"376\"></a></div>\n<div class=\"container\">&nbsp;</div>', '2023-07-23 18:10:17', '2023-08-13 07:58:03'),
(288, 'sections', 'name', 25, 'en', 'Information', '2023-07-23 18:12:11', '2023-07-23 18:12:11'),
(289, 'sections', 'slug', 25, 'en', 'information', '2023-07-23 18:12:11', '2023-07-23 18:12:11'),
(290, 'sections', 'content', 25, 'en', '<div class=\"container\">&nbsp;</div>\n<div class=\"container\">&nbsp;</div>\n<div class=\"container\">Nam pulvinar blandit velit, id condimentum diam faucibus at. Aliquam lacus nisi, sollicitudin at nisi nec, fermentum congue felis. Quisque mauris dolor, fringilla sed tincidunt ac, finibus non odio.</div>\n<div class=\"container\">&nbsp;</div>\n<div class=\"container\">&nbsp;</div>', '2023-07-23 18:12:11', '2023-07-23 18:13:07'),
(291, 'sections', 'name', 26, 'en', 'Information', '2023-07-23 18:34:52', '2023-07-23 18:34:52'),
(292, 'sections', 'slug', 26, 'en', 'information', '2023-07-23 18:34:52', '2023-07-23 18:34:52'),
(293, 'sections', 'content', 26, 'en', '<div class=\"container\">&nbsp;</div>\n<div class=\"container\">Nam pulvinar blandit velit, id condimentum diam faucibus at. Aliquam lacus nisi, sollicitudin at nisi nec, fermentum congue felis. Quisque mauris dolor, fringilla sed tincidunt ac, finibus non odio.</div>\n<div class=\"container\">&nbsp;</div>\n<div class=\"container\">\n<div class=\"row d-block\">\n<div class=\"col-md-8 col-lg-6 float-left\"><img src=\"https://images.pexels.com/photos/32997/pexels-photo.jpg?auto=compress&amp;cs=tinysrgb&amp;w=1260&amp;h=750&amp;dpr=2\" width=\"2520\" height=\"1415\"></div>\n<div class=\"col-md-4 col-lg-3 float-left\"><img src=\"https://images.pexels.com/photos/3082150/pexels-photo-3082150.jpeg?auto=compress&amp;cs=tinysrgb&amp;w=1260&amp;h=750&amp;dpr=2\" width=\"2250\" height=\"1500\"></div>\n<div class=\"col-md-4 col-lg-3 float-left\"><img src=\"https://images.pexels.com/photos/752001/pexels-photo-752001.jpeg?auto=compress&amp;cs=tinysrgb&amp;w=1260&amp;h=750&amp;dpr=2\" width=\"2250\" height=\"1500\"></div>\n<div class=\"col-md-12 col-lg-6 float-left\"><img src=\"https://images.pexels.com/photos/140962/pexels-photo-140962.jpeg?auto=compress&amp;cs=tinysrgb&amp;w=1260&amp;h=750&amp;dpr=2\" width=\"2272\" height=\"1500\"></div>\n</div>\n</div>\n<div class=\"container\">&nbsp;</div>', '2023-07-23 18:35:49', '2023-07-23 18:35:49'),
(294, 'sections', 'name', 27, 'en', 'Video', '2023-07-23 18:43:47', '2023-07-23 18:43:47'),
(295, 'sections', 'slug', 27, 'en', 'video', '2023-07-23 18:43:47', '2023-07-23 18:43:47'),
(296, 'sections', 'content', 27, 'en', '<div class=\"container\">&nbsp;</div>\n<div class=\"container\">Vorem ipsum dolor sit amet, consectetur adipiscing elit. Etiam eu turpis molestie, dictum est a, mattis tellus. Sed dignissim, metus nec fringilla accumsan, risus sem sollicitudin lacus, ut interdum tellus elit sed risus. Maecenas eget condimentum velit, sit amet feugiat lectus. Class aptent taciti sociosqu ad litora torquent per conubia nostra, per inceptos himenaeos. Praesent auctor purus luctus enim egestas, ac scelerisque ante pulvinar. Donec ut rhoncus ex. Suspendisse ac rhoncus nisl, eu tempor urna. Curabitur vel bibendum lorem. Morbi convallis convallis diam sit amet lacinia. Aliquam in elementum tellus.</div>\n<div class=\"container\">&nbsp;</div>\n<div class=\"container\">Curabitur tempor quis eros tempus lacinia. Nam bibendum pellentesque quam a convallis. Sed ut vulputate nisi. Integer in felis sed leo vestibulum venenatis. Suspendisse quis arcu sem. Aenean feugiat ex eu vestibulum vestibulum. Morbi a eleifend magna. Nam metus lacus, porttitor eu mauris a, blandit ultrices nibh. Mauris sit amet magna non ligula vestibulum eleifend. Nulla varius volutpat turpis sed lacinia. Nam eget mi in purus lobortis eleifend. Sed nec ante dictum sem condimentum ullamcorper quis venenatis nisi. Proin vitae facilisis nisi, ac posuere leo.</div>\n<div class=\"container\">&nbsp;</div>\n<div class=\"container\">&nbsp;</div>\n<div class=\"container\"><iframe title=\"YouTube video player\" src=\"https://www.youtube-nocookie.com/embed/StfwZUc2DaQ\" width=\"100%\" height=\"600\" frameborder=\"0\" allow=\"accelerometer; autoplay; clipboard-write; encrypted-media; gyroscope; picture-in-picture; web-share\" allowfullscreen=\"allowfullscreen\"></iframe></div>\n<div class=\"container\">&nbsp;</div>', '2023-07-23 18:43:47', '2023-07-23 18:46:22'),
(300, 'sections', 'name', 29, 'en', 'Talleres', '2023-07-23 20:31:31', '2023-07-23 20:31:31'),
(301, 'sections', 'slug', 29, 'en', 'talleres', '2023-07-23 20:31:31', '2023-07-23 20:31:31'),
(302, 'sections', 'content', 29, 'en', '<div class=\"container\">\n<div class=\"row\">\n<div class=\"col-sm-12 col-md-6 col-lg-6 mt-10\">\n<figure class=\"profile uppercase\">Investigation</figure>\n<div class=\"card\">\n<div class=\"card-block\"><img class=\"card-img-top\" src=\"https://nodostransmedia.inggen.com/storage/sections/July2023/proimagenes-colombia-fondocinematografico.jpg\" width=\"515\" height=\"148\"> <!--<h4 class=\"card-title mt-3\">Title Text</h4>-->\n<div class=\"card-text mt-4\">&laquo;Transmedia in Colombia: analysis of the production and exhibition of audiovisual content on digital platforms from 2012 to 2018. Possibilities for the formation of audiences and the consolidation of the multiformat audiovisual content market&raquo;</div>\n<div class=\"meta mt-3\">Winning project of the FDC 2018 cinematography research stimulus. Published by Proim&aacute;genes Colombia, 2019.</div>\n<hr></div>\n<div class=\"card-footer\"><!--<small>Last updated 3 mins ago</small> --><a class=\"btn btn-text-primary float-right btn-sm uppercase\" href=\"https://www.proimagenescolombia.com/files/proimagenes_vdos.flipbooks/es_archivo/6.pdf\">Read</a></div>\n</div>\n</div>\n<!-- end item -->\n<div class=\"col-sm-12 col-md-6 col-lg-6 mt-10\">\n<figure class=\"profile uppercase\">Specialized magazine</figure>\n<div class=\"card\">\n<div class=\"card-block\"><img class=\"card-img-top\" src=\"https://nodostransmedia.inggen.com/storage/sections/July2023/cuadernos-de-cine-colombiano.jpg\" width=\"516\" height=\"160\"> <!--<h4 class=\"card-title mt-3\">Title Text</h4>-->\n<div class=\"card-text mt-4\">&laquo;Research, applications and archive: the new cinema as an object of analysis&raquo;</div>\n<div class=\"meta mt-3\">Colombian Film Notebooks District Cinematheque IDARTES No. 31. ISSN 1692-6609</div>\n<hr></div>\n<div class=\"card-footer\"><!--<small>Last updated 3 mins ago</small> --><a class=\"btn btn-text-primary float-right btn-sm uppercase\" href=\"https://idartesencasa.gov.co/sites/default/files//libros_pdf/Cuaderno%20No.%2031.pdf\" target=\"_blank\" rel=\"noopener\">Read</a></div>\n</div>\n</div>\n<!-- end item -->\n<div class=\"col-sm-12 col-md-6 col-lg-6 mt-10\">\n<figure class=\"profile uppercase\">Scientific magazine</figure>\n<div class=\"card\">\n<div class=\"card-block\"><img class=\"card-img-top\" src=\"https://nodostransmedia.inggen.com/storage/sections/July2023/artnodes.jpg\" width=\"517\" height=\"114\"> <!--<h4 class=\"card-title mt-3\">Title Text</h4>-->\n<div class=\"card-text mt-4\">&laquo;Nodes: a research proposal to disseminate transmedia and multiplatform projects carried out in Colombia between 2009 and 2020&raquo;</div>\n<div class=\"meta mt-3\">Artnodes Magazine Art, Science and Technology. ISSN 1695-5951 p. v. 28</div>\n<hr></div>\n<div class=\"card-footer\"><!--<small>Last updated 3 mins ago</small> --><a class=\"btn btn-text-primary float-right btn-sm uppercase\" href=\"https://raco.cat/index.php/Artnodes/article/view/n28-fabian\" target=\"_blank\" rel=\"noopener\">Read</a></div>\n</div>\n</div>\n<!-- end item -->\n<div class=\"col-sm-12 col-md-6 col-lg-6 mt-10\">\n<figure class=\"profile uppercase\">Scientific magazine</figure>\n<div class=\"card\">\n<div class=\"card-block\"><img class=\"card-img-top\" src=\"https://nodostransmedia.inggen.com/storage/sections/July2023/cuaderno.jpg\" width=\"513\" height=\"131\"> <!--<h4 class=\"card-title mt-3\">Title Text</h4>-->\n<div class=\"card-text mt-4\">&laquo;Expanded realities: Methodological guide for non-fiction transmedia projects&raquo;</div>\n<div class=\"meta mt-3\">Notebooks of the Center for Design and Communication Studies. ISSN 1853-3523</div>\n<hr></div>\n<div class=\"card-footer\"><!--<small>Last updated 3 mins ago</small> --><a class=\"btn btn-text-primary float-right btn-sm uppercase\" href=\"https://dspace.palermo.edu/ojs/index.php/cdc/article/view/9480\" target=\"_blank\" rel=\"noopener\">Read</a></div>\n</div>\n</div>\n<!-- end item --></div>\n</div>\n<div class=\"container\">&nbsp;</div>\n<div class=\"container\">&nbsp;</div>', '2023-07-23 20:31:31', '2023-07-24 19:15:17'),
(303, 'sections', 'name', 30, 'en', 'Workshops list', '2023-07-23 21:37:18', '2023-07-23 22:04:35'),
(304, 'sections', 'slug', 30, 'en', 'workshops-list', '2023-07-23 21:37:18', '2023-07-23 22:04:35'),
(305, 'sections', 'name', 21, 'en', 'Información', '2023-07-23 21:37:58', '2023-07-23 21:37:58'),
(306, 'sections', 'slug', 21, 'en', 'informacion', '2023-07-23 21:37:58', '2023-07-23 21:37:58'),
(307, 'sections', 'content', 21, 'en', '<div class=\"container\">&nbsp;</div>\n<div class=\"container\">Nam pulvinar blandit velit, id condimentum diam faucibus at. Aliquam lacus nisi, sollicitudin at nisi nec, fermentum congue felis. Quisque mauris dolor, fringilla sed tincidunt ac, finibus non odio.</div>\n<div class=\"container\">&nbsp;</div>', '2023-07-23 21:37:58', '2023-07-23 21:37:58'),
(308, 'sections', 'content', 30, 'en', '<div class=\"container\">\n<div class=\"row\">\n<div class=\"col-sm-12 col-md-6 col-lg-6 mt-10\">\n<figure class=\"profile uppercase\">Workshop/Exhibition</figure>\n<div class=\"card\">\n<div class=\"card-block\"><a href=\"https://nodostransmedia.inggen.com/realidades-expandidas\"><img class=\"card-img-top\" src=\"https://images.pexels.com/photos/2608517/pexels-photo-2608517.jpeg\" width=\"515\" height=\"148\"></a> <!--<h4 class=\"card-title mt-3\">Title Text</h4>-->\n<div class=\"card-text mt-4\">&laquo;Expanded Realities workshop/exhibition&raquo;</div>\n<div class=\"meta mt-3\">This workshop will allow participants to put into use the methodological Guide called Expanded Realities, to design...</div>\n<hr></div>\n<div class=\"card-footer\"><!--<small>Last updated 3 mins ago</small> --><a class=\"btn btn-text-primary float-right btn-sm uppercase\" href=\"https://nodostransmedia.inggen.com/realidades-expandidas\">See workshop</a></div>\n</div>\n</div>\n<!-- end item --></div>\n</div>\n<div class=\"container\">&nbsp;</div>\n<div class=\"container\">&nbsp;</div>\n<div class=\"container\">&nbsp;</div>', '2023-07-23 21:39:45', '2023-07-24 20:04:45'),
(309, 'sections', 'name', 31, 'en', 'listado exhibiciones', '2023-07-23 21:52:06', '2023-07-24 19:54:43'),
(310, 'sections', 'slug', 31, 'en', 'listado-exhibiciones', '2023-07-23 21:52:06', '2023-07-23 21:52:06'),
(311, 'sections', 'content', 31, 'en', '<div class=\"container\">\n<div class=\"row\">\n<div class=\"col-sm-12 col-md-6 col-lg-6 mt-10\">\n<figure class=\"profile uppercase\">Exhibition</figure>\n<div class=\"card\">\n<div class=\"card-block\">\n<div class=\"row aling-items-center\">\n<div class=\"col-md-5\"><a href=\"https://festivaldelaimagen.com/en/portfolio-item/nodos-transmedia/\" target=\"_blank\" rel=\"noopener\"><img class=\"card-img-top\" src=\"https://nodostransmedia.inggen.com/storage/sections/July2023/festival-imagen-internacional.png\" width=\"203\" height=\"70\"></a></div>\n<div class=\"col-md-7 card-text\">XXI International Image Festival</div>\n</div>\n<!--<h4 class=\"card-title mt-3\">Title Text</h4><div class=\"card-text mt-4\">&nbsp;</div>-->\n<div class=\"meta mt-3\">University of Caldas, Manizales &ndash; Colombia 2022. Monographic exhibition Nodos Transmedia Work.</div>\n<hr></div>\n<div class=\"card-footer\"><!--<small>Last updated 3 mins ago</small> --><a class=\"btn btn-text-primary float-right btn-sm uppercase\" href=\"https://festivaldelaimagen.com/en/portfolio-item/nodos-transmedia/\" target=\"_blank\" rel=\"noopener\">See project</a></div>\n</div>\n</div>\n<!-- end item -->\n<div class=\"col-sm-12 col-md-6 col-lg-6 mt-10\">\n<figure class=\"profile uppercase\">Announcement</figure>\n<div class=\"card\">\n<div class=\"card-block\">\n<div class=\"row aling-items-center\">\n<div class=\"col-md-5\"><a href=\"http://finnof.org/\" target=\"_blank\" rel=\"noopener\"><img class=\"card-img-top\" src=\"https://nodostransmedia.inggen.com/storage/sections/July2023/finnof.png\" width=\"188\" height=\"63\"></a></div>\n<div class=\"col-md-7 card-text\">II International Festival of Non-fiction Narratives FINNOF</div>\n</div>\n<!--<h4 class=\"card-title mt-3\">Title Text</h4><div class=\"card-text mt-4\">&nbsp;</div>-->\n<div class=\"meta mt-3\">National University of Rosario -Argentina 2020. Best transmedia production selection.</div>\n<hr></div>\n<div class=\"card-footer\"><!--<small>Last updated 3 mins ago</small> --><a class=\"btn btn-text-primary float-right btn-sm uppercase\" href=\"http://finnof.org/\" target=\"_blank\" rel=\"noopener\">See project</a></div>\n</div>\n</div>\n<!-- end item --></div>\n</div>\n<div class=\"container\">&nbsp;</div>\n<div class=\"container\">&nbsp;</div>\n<div class=\"container\">&nbsp;</div>', '2023-07-23 21:52:06', '2023-07-24 19:57:08'),
(312, 'sections', 'name', 32, 'en', 'Listado ponencias', '2023-07-23 22:00:18', '2023-07-23 22:00:18'),
(313, 'sections', 'slug', 32, 'en', 'listado-ponencias', '2023-07-23 22:00:18', '2023-07-23 22:00:18'),
(314, 'sections', 'content', 32, 'en', '<div class=\"container\">\n<div class=\"row\">\n<div class=\"col-sm-12 col-md-6 col-lg-6 mt-10\">\n<figure class=\"profile uppercase\">presentation</figure>\n<div class=\"card\">\n<div class=\"card-block\">\n<div class=\"card-text mt-1\">V International Congress and VII Ibero-American Meeting of Audiovisual Narratives.</div>\n<hr></div>\n<div class=\"card-footer\">\n<div class=\"meta\">Antenor Orrego Private University. June 2023, Trujillo - Peru.</div>\n</div>\n</div>\n</div>\n<!-- end item -->\n<div class=\"col-sm-12 col-md-6 col-lg-6 mt-10\">\n<figure class=\"profile uppercase\">Conference</figure>\n<div class=\"card\">\n<div class=\"card-block\">\n<div class=\"card-text mt-1\">Academic forum. XXI International Image Festival</div>\n<hr></div>\n<div class=\"card-footer\">\n<div class=\"meta\">October 2022, Manizales - Colombia.</div>\n</div>\n</div>\n</div>\n<!-- end item -->\n<div class=\"col-sm-12 col-md-6 col-lg-6 mt-10\">\n<figure class=\"profile uppercase\">presentation</figure>\n<div class=\"card\">\n<div class=\"card-block\">\n<div class=\"card-text mt-1\">I Research Colloquium on image and sound in Latin America.</div>\n<hr></div>\n<div class=\"card-footer\">\n<div class=\"meta\">Autonomous University of Baja California and Federation of Sound and Image Schools of Latin America FEISAL. November 2021, Mexicali.</div>\n</div>\n</div>\n</div>\n<!-- end item -->\n<div class=\"col-sm-12 col-md-6 col-lg-6 mt-10\">\n<figure class=\"profile uppercase\">Conference</figure>\n<div class=\"card\">\n<div class=\"card-block\">\n<div class=\"card-text mt-1\">SENA Meeting of knowledge of communication and graphic arts GRAFOS VI SENNOVA</div>\n<hr></div>\n<div class=\"card-footer\">\n<div class=\"meta\">November 2020, Bogota.</div>\n</div>\n</div>\n</div>\n<!-- end item -->\n<div class=\"col-sm-12 col-md-6 col-lg-6 mt-10\">\n<figure class=\"profile uppercase\">presentation</figure>\n<div class=\"card\">\n<div class=\"card-block\">\n<div class=\"card-text mt-1\">II International Research Congress RED RIACO</div>\n<hr></div>\n<div class=\"card-footer\">\n<div class=\"meta\">&nbsp;2020, Bucaramanga.</div>\n</div>\n</div>\n</div>\n<!-- end item -->\n<div class=\"col-sm-12 col-md-6 col-lg-6 mt-10\">\n<figure class=\"profile uppercase\">Conference</figure>\n<div class=\"card\">\n<div class=\"card-block\">\n<div class=\"card-text mt-1\">EAFIT University. Master in Transmedia Communication</div>\n<hr></div>\n<div class=\"card-footer\">\n<div class=\"meta\">November 2020, Medellin.</div>\n</div>\n</div>\n</div>\n<!-- end item -->\n<div class=\"col-sm-12 col-md-6 col-lg-6 mt-10\">\n<figure class=\"profile uppercase\">presentation</figure>\n<div class=\"card\">\n<div class=\"card-block\">\n<div class=\"card-text mt-1\">Expanded Documentary and Transmedia Diploma</div>\n<hr></div>\n<div class=\"card-footer\">\n<div class=\"meta\">UNITEC University Corporation. October 2020, Bogota.</div>\n</div>\n</div>\n</div>\n<!-- end item -->\n<div class=\"col-sm-12 col-md-6 col-lg-6 mt-10\">\n<figure class=\"profile uppercase\">Conference</figure>\n<div class=\"card\">\n<div class=\"card-block\">\n<div class=\"card-text mt-1\">IV Audiovisual Forum Transmedia Creation. Audiovisual Arts Program</div>\n<hr></div>\n<div class=\"card-footer\">\n<div class=\"meta\">Autonomous university of Bucaramanga. October 2020, Bucaramanga.</div>\n</div>\n</div>\n</div>\n<!-- end item --></div>\n</div>\n<div class=\"container\">&nbsp;</div>\n<div class=\"container\">&nbsp;</div>\n<div class=\"container\">&nbsp;</div>', '2023-07-23 22:00:18', '2023-07-23 22:10:31'),
(315, 'menu_items', 'title', 52, 'en', 'Genders', '2023-07-24 22:14:16', '2023-07-24 22:15:23'),
(316, 'menu_items', 'title', 53, 'en', 'Media', '2023-07-24 22:14:32', '2023-07-24 22:14:32'),
(317, 'data_rows', 'display_name', 98, 'en', 'Id', '2023-07-24 22:17:26', '2023-07-24 22:17:26'),
(318, 'data_rows', 'display_name', 99, 'en', 'Name', '2023-07-24 22:17:26', '2023-07-24 22:17:26'),
(319, 'data_rows', 'display_name', 100, 'en', 'Description', '2023-07-24 22:17:26', '2023-07-24 22:17:26'),
(320, 'data_rows', 'display_name', 101, 'en', 'Order', '2023-07-24 22:17:26', '2023-07-24 22:17:26'),
(321, 'data_rows', 'display_name', 102, 'en', 'Is Public', '2023-07-24 22:17:26', '2023-07-24 22:17:26'),
(322, 'data_rows', 'display_name', 103, 'en', 'Created At', '2023-07-24 22:17:26', '2023-07-24 22:17:26'),
(323, 'data_rows', 'display_name', 104, 'en', 'Updated At', '2023-07-24 22:17:26', '2023-07-24 22:17:26'),
(324, 'data_types', 'display_name_singular', 13, 'en', 'Projects Gender', '2023-07-24 22:17:26', '2023-07-24 22:17:26'),
(325, 'data_types', 'display_name_plural', 13, 'en', 'Projects Genders', '2023-07-24 22:17:26', '2023-07-24 22:17:26'),
(328, 'projects_genders', 'name', 2, 'en', 'Non-fiction', '2023-07-24 22:29:07', '2023-07-26 00:23:31'),
(330, 'projects_genders', 'name', 4, 'en', 'Fiction', '2023-07-24 22:35:22', '2023-07-26 00:23:11'),
(331, 'data_types', 'display_name_singular', 14, 'en', 'Projects Media', '2023-07-24 22:48:43', '2023-07-24 22:48:43'),
(332, 'data_types', 'display_name_plural', 14, 'en', 'Projects Medias', '2023-07-24 22:48:43', '2023-07-24 22:48:43'),
(333, 'data_rows', 'display_name', 105, 'en', 'Id', '2023-07-24 22:49:56', '2023-07-24 22:49:56'),
(334, 'data_rows', 'display_name', 106, 'en', 'Name', '2023-07-24 22:49:56', '2023-07-24 22:49:56'),
(335, 'data_rows', 'display_name', 107, 'en', 'Description', '2023-07-24 22:49:56', '2023-07-24 22:49:56'),
(336, 'data_rows', 'display_name', 108, 'en', 'Order', '2023-07-24 22:49:56', '2023-07-24 22:49:56'),
(337, 'data_rows', 'display_name', 109, 'en', 'Is Public', '2023-07-24 22:49:56', '2023-07-24 22:49:56'),
(338, 'data_rows', 'display_name', 110, 'en', 'Created At', '2023-07-24 22:49:56', '2023-07-24 22:49:56'),
(339, 'data_rows', 'display_name', 111, 'en', 'Updated At', '2023-07-24 22:49:56', '2023-07-24 22:49:56'),
(340, 'projects_medias', 'name', 1, 'en', 'Album', '2023-07-24 22:51:05', '2023-07-26 00:25:52'),
(342, 'projects_medias', 'name', 3, 'en', 'App Mobile Devices', '2023-07-24 22:51:48', '2023-07-26 00:26:12'),
(343, 'data_rows', 'display_name', 112, 'en', 'Id', '2023-07-24 22:55:29', '2023-07-24 22:55:29'),
(344, 'data_rows', 'display_name', 113, 'en', 'Year', '2023-07-24 22:55:29', '2023-07-24 22:55:29'),
(345, 'data_rows', 'display_name', 114, 'en', 'Image', '2023-07-24 22:55:29', '2023-07-24 22:55:29'),
(346, 'data_rows', 'display_name', 117, 'en', 'Order', '2023-07-24 22:55:29', '2023-07-24 22:55:29'),
(347, 'data_rows', 'display_name', 118, 'en', 'Is Public', '2023-07-24 22:55:29', '2023-07-24 22:55:29'),
(348, 'data_rows', 'display_name', 115, 'en', 'Created At', '2023-07-24 22:55:29', '2023-07-24 22:55:29'),
(349, 'data_rows', 'display_name', 116, 'en', 'Updated At', '2023-07-24 22:55:29', '2023-07-24 22:55:29'),
(350, 'data_types', 'display_name_singular', 15, 'en', 'Projects Year', '2023-07-24 22:55:29', '2023-07-24 22:55:29'),
(351, 'data_types', 'display_name_plural', 15, 'en', 'Projects Years', '2023-07-24 22:55:29', '2023-07-24 22:55:29'),
(352, 'menu_items', 'title', 54, 'en', 'Years', '2023-07-24 22:56:09', '2023-07-24 22:56:09'),
(353, 'data_rows', 'display_name', 119, 'en', 'Url', '2023-07-24 23:02:40', '2023-07-24 23:02:40'),
(354, 'data_rows', 'display_name', 120, 'en', 'Gender Id', '2023-07-24 23:02:40', '2023-07-24 23:02:40'),
(355, 'data_rows', 'display_name', 121, 'en', 'Media Id', '2023-07-24 23:02:40', '2023-07-24 23:02:40'),
(356, 'data_rows', 'display_name', 122, 'en', 'Team', '2023-07-24 23:02:40', '2023-07-24 23:02:40'),
(357, 'data_rows', 'display_name', 123, 'en', 'Nominations', '2023-07-24 23:02:40', '2023-07-24 23:02:40'),
(358, 'data_rows', 'display_name', 124, 'en', 'Awards', '2023-07-24 23:02:40', '2023-07-24 23:02:40'),
(359, 'data_rows', 'display_name', 125, 'en', 'Funding', '2023-07-24 23:02:40', '2023-07-24 23:02:40'),
(360, 'data_rows', 'display_name', 126, 'en', 'Year Id', '2023-07-24 23:08:34', '2023-07-24 23:08:34'),
(361, 'data_rows', 'display_name', 127, 'en', 'Genders', '2023-07-24 23:23:41', '2023-07-24 23:25:36'),
(362, 'data_rows', 'display_name', 128, 'en', 'Medias', '2023-07-24 23:25:36', '2023-07-24 23:25:36'),
(363, 'sections', 'name', 33, 'en', 'Contact form', '2023-07-25 19:32:23', '2023-07-25 19:32:23'),
(364, 'sections', 'slug', 33, 'en', 'contact-form', '2023-07-25 19:32:23', '2023-07-25 19:32:23'),
(365, 'sections', 'content', 33, 'en', '<div class=\"container\">&nbsp;</div>\n<div class=\"container\">Nam pulvinar blandit velit, id condimentum diam faucibus at. Aliquam lacus nisi, sollicitudin at nisi nec, fermentum congue felis. Quisque mauris dolor, fringilla sed tincidunt ac, finibus non odio.</div>\n<div class=\"container\">&nbsp;</div>\n<div class=\"container\">\n<ul class=\"nav nav-tabs\">\n<li class=\"nav-item uppercase font-weight-500 font-14\"><a class=\"nav-link\" title=\"Se un nodo\" href=\"https://nodostransmedia.inggen.com/ser-un-nodo\">Se un nodo</a></li>\n<li class=\"nav-item uppercase font-weight-500 font-14\"><a class=\"nav-link active  title-gradient\" href=\"#\">Cont&aacute;ctanos</a></li>\n</ul>\n</div>\n<div class=\"container\">&nbsp;</div>\n<div class=\"container\">\n<div class=\"c-box wow fadeInRight mt-5\"><form id=\"frm_contact\" class=\"contact-form\" style=\"max-width: 800px; margin: auto;\">\n<div class=\"row my-form\">\n<div class=\"col-md-12 col-sm-12\">\n<div id=\"result\"></div>\n</div>\n<div class=\"col-12 col-md-12 mt-3\"><!-- inicio nombre --> <span class=\"has-float-label\"> <input id=\"fullname\" name=\"fullname\" type=\"text\" class=\"form-control\" required=\"required\" placeholder=\"Contact full name\"> <label for=\"fullname\">Full name</label> </span> <!-- fin nombre --></div>\n<div class=\"col-12 col-md-6 mt-3\"><!-- inicio email --> <span class=\"has-float-label\"> <input id=\"email\" name=\"email\" type=\"email\" class=\"form-control\" required=\"required\" placeholder=\"Contact email\"> <label for=\"email\">Email</label> </span> <!-- fin email --></div>\n<div class=\"col-12 col-md-6 mt-3\"><!-- inicio telefono --> <span class=\"has-float-label\"> <input id=\"phone\" name=\"phone\" type=\"number\" class=\"form-control\" required=\"required\" placeholder=\"Contact phone\"> <label for=\"phone\">Phone number</label> </span> <!-- fin telefono --></div>\n<div class=\"col-12 col-md-12 mt-3\"><!-- inicio mensaje --> <span class=\"has-float-label\"> <textarea id=\"message\" class=\"form-control\" name=\"message\" required=\"required\" rows=\"7\" placeholder=\"Message\"></textarea> <label for=\"message\">Message</label> </span> <!-- fin mensaje --></div>\n<div class=\"col-12 mt-4 text-center\"><button class=\"btn btn-primary rounded-pill uppercase font-14\" type=\"submit\">Submit</button></div>\n</div>\n</form></div>\n</div>\n<div class=\"container\">&nbsp;</div>\n<div class=\"container\">&nbsp;</div>\n<div class=\"container\">&nbsp;</div>', '2023-07-25 19:37:04', '2023-07-28 00:25:39'),
(366, 'sections', 'name', 34, 'en', 'Be node form', '2023-07-25 20:03:06', '2023-07-25 20:03:06'),
(367, 'sections', 'slug', 34, 'en', 'be-node-form', '2023-07-25 20:03:06', '2023-07-25 20:03:06'),
(368, 'sections', 'content', 34, 'en', '<div class=\"container\">&nbsp;</div>\n<div class=\"container\">&nbsp;</div>\n<div class=\"container\">&nbsp;</div>\n<div class=\"container\">\n<ul class=\"nav nav-tabs\">\n<li class=\"nav-item uppercase font-weight-500 font-14\"><a class=\"nav-link active title-gradient\" title=\"Se un nodo\" href=\"#\">Be a node</a></li>\n<li class=\"nav-item uppercase font-weight-500 font-14\"><a class=\"nav-link\" href=\"https://nodostransmedia.inggen.com/contacto\">ContACT US</a></li>\n</ul>\n</div>\n<div class=\"container\">&nbsp;</div>\n<div class=\"container\">\n<div class=\"c-box wow fadeInRight mt-5\"><form id=\"frm_node\" class=\"contact-form\" style=\"max-width: 850px; margin: auto;\">\n<div class=\"row my-form\">\n<div class=\"col-md-12 col-sm-12\">\n<div id=\"form-error\"></div>\n</div>\n<div class=\"col-12 col-md-12 mt-3\"><span class=\"has-float-label\"> <input id=\"fullname\" name=\"fullname\" type=\"text\" class=\"form-control\" required=\"required\" placeholder=\"Nombre del representante &oacute; contacto\"> <label for=\"fullname\">Contact name</label></span></div>\n<div class=\"col-12 col-md-7 mt-3\"><span class=\"has-float-label\"> <input id=\"email\" name=\"email\" type=\"email\" class=\"form-control\" required=\"required\" placeholder=\"Correo electr&oacute;nico\"> <label for=\"email\">Contact email</label></span></div>\n<div class=\"col-12 col-md-5 mt-3\"><span class=\"has-float-label\"> <input id=\"phone\" name=\"phone\" type=\"number\" class=\"form-control\" required=\"required\" placeholder=\"Tel&eacute;fono\"> <label for=\"phone\">Contact phone</label></span></div>\n<hr class=\"bg-secondary w-100 mt-4\">\n<div class=\"col-12 col-md-6 mt-3\"><span class=\"has-float-label\"> <input id=\"project_name\" name=\"project_name\" type=\"text\" class=\"form-control\" required=\"required\" placeholder=\"Nombre del proyecto\"> <label for=\"project_name\">Project name</label></span></div>\n<div class=\"col-12 col-md-6 mt-3\"><span class=\"has-float-label\"> <input id=\"url_name\" name=\"url_name\" type=\"text\" class=\"form-control\" placeholder=\"URL del proyecto\"> <label for=\"url_name\">Project URL</label></span></div>\n<div class=\"col-12 col-md-12 mt-3\"><span class=\"has-float-label\"> <textarea id=\"synopsis\" class=\"form-control\" name=\"synopsis\" required=\"required\" rows=\"7\" placeholder=\"Ejemplo:\n\nRosa Amelia Hern&aacute;ndez es la protagonista que inspira este proyecto documental transmedia. Por medio del sitio web, su navegaci&oacute;n, contenidos period&iacute;sticos y diversos contenidos generados a partir de su lucha, se conocen otras historias que giran entorno a la aplicaci&oacute;n de ley de v&iacute;ctimas y restituci&oacute;n de tierras, de igual manera, a la violencia que est&aacute; directamente relacionada con los sucesos.\"></textarea> <label for=\"synopsis\">Synopsis</label> </span></div>\n<div class=\"col-12 col-md-6 mt-3\"><span class=\"has-float-label\"><select id=\"topics\" class=\"form-control\" multiple=\"multiple\" name=\"topics\" required=\"required\">\n<option value=\"0\">Adolesencia</option>\n<option value=\"1\">Arquitectura</option>\n</select><label for=\"topics\">Topics</label></span></div>\n<div class=\"col-12 col-md-6 mt-3\"><span class=\"has-float-label\"><select id=\"media\" class=\"form-control\" multiple=\"multiple\" name=\"media\" required=\"required\">\n<option value=\"Alb&uacute;m\">Alb&uacute;m</option>\n<option value=\"App Dispositivos M&oacute;viles\">App Dispositivos M&oacute;viles</option>\n</select><label for=\"media\">Media</label></span></div>\n<div class=\"col-12 col-md-6 mt-3\"><span class=\"has-float-label\"><select id=\"gender\" class=\"form-control\" name=\"gender\" required=\"required\">\n<option value=\"\">Gender</option>\n<option value=\"Fiction\">Fiction</option>\n<option value=\"Non fiction\">Non fiction</option>\n</select><label for=\"gender\">Gender</label></span><span class=\"form-error\">Seleccione el g&eacute;nero del proyecto</span></div>\n<div class=\"col-12 col-md-6 mt-3\"><span class=\"has-float-label\"><select id=\"year\" class=\"form-control\" name=\"year\" required=\"required\">\n<option value=\"\">Year</option>\n<option value=\"2008\">2009</option>\n<option value=\"2011\">2011</option>\n<option value=\"2012\">2012</option>\n<option value=\"2013\">2013</option>\n<option value=\"2014\">2014</option>\n<option value=\"2015\">2015</option>\n<option value=\"2016\">2016</option>\n<option value=\"2017\">2017</option>\n<option value=\"2018\">2018</option>\n<option value=\"2019\">2019</option>\n<option value=\"2020\">2020</option>\n<option value=\"2021\">2021</option>\n<option value=\"2022\">2022</option>\n<option value=\"2023\">2023</option>\n<option value=\"0\">In process</option>\n</select><label for=\"year\">Year</label></span></div>\n<div class=\"col-12 col-md-12 mt-3\"><span class=\"has-float-label\"> <textarea id=\"team\" class=\"form-control\" name=\"team\" required=\"required\" rows=\"7\" placeholder=\"Example: \n\nDirecci&oacute;n: Juanita Le&oacute;n y Olga Luc&iacute;a Lozano \n\nDirecci&oacute;n creativa, coordinaci&oacute;n editorial y direcci&oacute;n y realizaci&oacute;n de la estrategia: Olga Luc&iacute;a Lozano y Marcela Pel&aacute;ez\"></textarea> <label for=\"team\">Projecto team</label></span></div>\n<div class=\"col-12 col-md-12 mt-3\"><span class=\"has-float-label\"> <textarea id=\"nominations\" class=\"form-control\" name=\"nominations\" required=\"required\" rows=\"7\" placeholder=\"Example: \n\n\"></textarea> <label for=\"nominations\">Project nominations</label> </span></div>\n<div class=\"col-12 col-md-12 mt-3\"><span class=\"has-float-label\"> <textarea id=\"awards\" class=\"form-control\" name=\"awards\" required=\"required\" rows=\"7\" placeholder=\"Example: \n\n2013- *Premio Gabriel Garc&iacute;a M&aacute;rquez de periodismo, categor&iacute;a Innovaci&oacute;n. Colombia.\n\n*Premio Alem&aacute;n de Period&iacute;smo y desarrollo. Alemania.\"></textarea> <label for=\"awards\">Project awards</label></span></div>\n<div class=\"col-12 col-md-12 mt-3\"><span class=\"has-float-label\"> <textarea id=\"funding\" class=\"form-control\" name=\"funding\" required=\"required\" rows=\"7\" placeholder=\"Ejemplo: \n\n*La Silla Vac&iacute;a\n\n*Fundaci&oacute;n Pr&iacute;ncipe Claus para la cultura y el desarrollo\"></textarea> <label for=\"funding\">&nbsp;Project funding</label></span></div>\n<div class=\"col-12 mt-4 text-center\"><button class=\"btn btn-primary rounded-pill uppercase font-14\" type=\"submit\">Submit form</button></div>\n</div>\n</form></div>\n</div>\n<div class=\"container\">&nbsp;</div>\n<div class=\"container\">&nbsp;</div>\n<div class=\"container\">&nbsp;</div>', '2023-07-25 20:08:50', '2023-08-17 19:48:52'),
(369, 'data_rows', 'display_name', 129, 'en', 'Id', '2023-07-25 23:32:58', '2023-07-25 23:32:58'),
(370, 'data_rows', 'display_name', 130, 'en', 'Name', '2023-07-25 23:32:58', '2023-07-25 23:32:58'),
(371, 'data_rows', 'display_name', 131, 'en', 'Description', '2023-07-25 23:32:58', '2023-07-25 23:32:58'),
(372, 'data_rows', 'display_name', 133, 'en', 'Order', '2023-07-25 23:32:58', '2023-07-25 23:32:58'),
(373, 'data_rows', 'display_name', 132, 'en', 'Is Public', '2023-07-25 23:32:58', '2023-07-25 23:32:58'),
(374, 'data_rows', 'display_name', 134, 'en', 'Created At', '2023-07-25 23:32:58', '2023-07-25 23:32:58'),
(375, 'data_rows', 'display_name', 135, 'en', 'Updated At', '2023-07-25 23:32:58', '2023-07-25 23:32:58'),
(376, 'data_types', 'display_name_singular', 16, 'en', 'Projects Topic', '2023-07-25 23:32:58', '2023-07-25 23:32:58'),
(377, 'data_types', 'display_name_plural', 16, 'en', 'Projects Topics', '2023-07-25 23:32:58', '2023-07-25 23:32:58'),
(378, 'menu_items', 'title', 55, 'en', 'Topics', '2023-07-25 23:34:00', '2023-07-25 23:34:00'),
(379, 'projects_topics', 'name', 1, 'en', 'Adolescence', '2023-07-25 23:36:55', '2023-07-25 23:36:55'),
(380, 'projects_topics', 'name', 2, 'en', 'Architecture', '2023-07-25 23:37:05', '2023-07-25 23:37:05'),
(381, 'projects_topics', 'name', 3, 'en', 'Adventure', '2023-07-25 23:37:19', '2023-07-25 23:37:19'),
(382, 'projects_topics', 'name', 4, 'en', 'Science', '2023-07-25 23:37:29', '2023-07-25 23:37:29'),
(384, 'projects_topics', 'name', 6, 'en', 'City', '2023-07-25 23:37:49', '2023-07-25 23:37:49'),
(385, 'projects_topics', 'name', 7, 'en', 'Cooking', '2023-07-25 23:38:19', '2023-07-25 23:38:19'),
(386, 'projects_topics', 'name', 8, 'en', 'Comedy', '2023-07-25 23:38:28', '2023-07-25 23:38:28'),
(387, 'projects_topics', 'name', 9, 'en', 'Armed conflict', '2023-07-25 23:38:38', '2023-07-25 23:38:38'),
(388, 'projects_topics', 'name', 10, 'en', 'Corruption', '2023-07-25 23:38:48', '2023-07-25 23:38:48'),
(389, 'projects_topics', 'name', 11, 'en', 'Daily life', '2023-07-25 23:38:58', '2023-07-26 00:22:35'),
(390, 'projects_topics', 'name', 12, 'en', 'Rural tales', '2023-07-25 23:39:12', '2023-07-25 23:39:12'),
(391, 'projects_topics', 'name', 13, 'en', 'Delinquency', '2023-07-25 23:39:22', '2023-07-25 23:39:22'),
(392, 'projects_topics', 'name', 14, 'en', 'Sport', '2023-07-25 23:39:31', '2023-07-25 23:39:31'),
(393, 'projects_topics', 'name', 15, 'en', 'Personal diary', '2023-07-25 23:39:42', '2023-07-25 23:39:42'),
(394, 'projects_topics', 'name', 16, 'en', 'Disability', '2023-07-25 23:39:53', '2023-07-25 23:39:53'),
(395, 'projects_topics', 'name', 17, 'en', 'Diversity', '2023-07-25 23:40:06', '2023-07-25 23:40:06'),
(396, 'projects_topics', 'name', 18, 'en', 'Education', '2023-07-25 23:40:18', '2023-07-25 23:40:18'),
(397, 'projects_topics', 'name', 19, 'en', 'Public space', '2023-07-25 23:40:38', '2023-07-25 23:40:38'),
(398, 'projects_topics', 'name', 20, 'en', 'Artistic expressions', '2023-07-25 23:40:48', '2023-07-25 23:40:48'),
(399, 'projects_topics', 'name', 21, 'en', 'Fantasy', '2023-07-25 23:41:14', '2023-07-25 23:41:14'),
(400, 'projects_topics', 'name', 22, 'en', 'Gender', '2023-07-25 23:41:24', '2023-07-25 23:41:24'),
(401, 'projects_topics', 'name', 23, 'en', 'Gentrification', '2023-07-25 23:41:40', '2023-07-25 23:41:40'),
(402, 'projects_topics', 'name', 24, 'en', 'Historical', '2023-07-25 23:41:57', '2023-07-25 23:41:57'),
(403, 'projects_topics', 'name', 25, 'en', 'Identity', '2023-07-25 23:42:07', '2023-07-25 23:42:07'),
(404, 'projects_topics', 'name', 26, 'en', 'Gender identity', '2023-07-25 23:42:17', '2023-07-25 23:42:17'),
(405, 'projects_topics', 'name', 27, 'en', 'Inclusion', '2023-07-25 23:42:27', '2023-07-25 23:42:27'),
(406, 'projects_topics', 'name', 28, 'en', 'Infantile', '2023-07-25 23:42:52', '2023-07-25 23:42:52'),
(407, 'projects_topics', 'name', 29, 'en', 'Artificial intelligence', '2023-07-25 23:43:01', '2023-07-25 23:43:01'),
(408, 'projects_topics', 'name', 30, 'en', 'Maternity', '2023-07-25 23:43:11', '2023-07-25 23:43:11'),
(409, 'projects_topics', 'name', 31, 'en', 'Environment', '2023-07-25 23:43:21', '2023-07-25 23:43:21'),
(410, 'projects_topics', 'name', 32, 'en', 'Memory', '2023-07-25 23:43:31', '2023-07-25 23:43:31'),
(411, 'projects_topics', 'name', 33, 'en', 'Migration', '2023-07-25 23:43:40', '2023-07-25 23:43:40'),
(412, 'projects_topics', 'name', 34, 'en', 'Mystery', '2023-07-25 23:43:52', '2023-07-25 23:43:52'),
(413, 'projects_topics', 'name', 35, 'en', 'Music', '2023-07-25 23:44:02', '2023-07-25 23:44:02'),
(414, 'projects_topics', 'name', 36, 'en', 'Autobiographical narratives', '2023-07-25 23:44:16', '2023-07-25 23:44:16'),
(415, 'projects_topics', 'name', 37, 'en', 'Pandemic', '2023-07-25 23:44:26', '2023-07-25 23:44:26'),
(416, 'projects_topics', 'name', 38, 'en', 'Heritage', '2023-07-25 23:44:36', '2023-07-25 23:44:36'),
(417, 'projects_topics', 'name', 39, 'en', 'Cultural heritage', '2023-07-25 23:44:46', '2023-07-25 23:44:46'),
(418, 'projects_topics', 'name', 40, 'en', 'Politics', '2023-07-25 23:45:13', '2023-07-25 23:45:13'),
(419, 'projects_topics', 'name', 41, 'en', 'Oral Stories', '2023-07-25 23:45:22', '2023-07-25 23:45:22'),
(420, 'projects_topics', 'name', 42, 'en', 'Rurality', '2023-07-25 23:45:33', '2023-07-26 00:23:17'),
(421, 'projects_topics', 'name', 43, 'en', 'Mental health', '2023-07-25 23:45:44', '2023-07-25 23:45:44'),
(422, 'projects_topics', 'name', 44, 'en', 'Healthcare system', '2023-07-25 23:45:55', '2023-07-25 23:45:55'),
(423, 'projects_topics', 'name', 45, 'en', 'Informal work', '2023-07-25 23:46:08', '2023-07-25 23:46:08');
INSERT INTO `translations` (`id`, `table_name`, `column_name`, `foreign_key`, `locale`, `value`, `created_at`, `updated_at`) VALUES
(424, 'projects_topics', 'name', 46, 'en', 'Oral tradition', '2023-07-25 23:46:18', '2023-07-25 23:46:18'),
(425, 'projects_topics', 'name', 47, 'en', 'Social transformation', '2023-07-25 23:46:34', '2023-07-25 23:46:34'),
(426, 'projects_topics', 'name', 48, 'en', 'Tourism', '2023-07-25 23:46:44', '2023-07-25 23:46:44'),
(428, 'projects_topics', 'name', 50, 'en', 'Violence', '2023-07-25 23:46:55', '2023-07-25 23:46:55'),
(429, 'data_rows', 'display_name', 136, 'en', 'projects_topics', '2023-07-26 00:15:38', '2023-07-26 00:15:38'),
(430, 'projects_medias', 'name', 4, 'en', 'Audio / Sound Narration', '2023-07-26 00:26:32', '2023-07-26 00:26:32'),
(431, 'projects_medias', 'name', 7, 'en', 'Concerts', '2023-07-26 00:29:15', '2023-07-26 00:29:15'),
(432, 'projects_medias', 'name', 8, 'en', 'Tale', '2023-07-26 00:29:21', '2023-07-26 00:29:21'),
(433, 'projects_medias', 'name', 13, 'en', 'Photography', '2023-07-26 00:29:27', '2023-07-26 00:29:27'),
(434, 'projects_medias', 'name', 14, 'en', 'Printed', '2023-07-26 00:29:41', '2023-07-26 00:29:41'),
(435, 'projects_medias', 'name', 15, 'en', 'Facility', '2023-07-26 00:30:38', '2023-07-26 00:30:38'),
(436, 'projects_medias', 'name', 16, 'en', 'Web page', '2023-07-26 00:30:45', '2023-07-26 00:30:45'),
(437, 'projects_medias', 'name', 19, 'en', 'Offline Products', '2023-07-26 00:31:00', '2023-07-26 00:31:00'),
(438, 'projects_medias', 'name', 20, 'en', 'Virtual or Augmented Reality', '2023-07-26 00:31:04', '2023-07-26 00:31:04'),
(439, 'projects_medias', 'name', 21, 'en', 'Specialized Seminars', '2023-07-26 00:31:20', '2023-07-26 00:31:20'),
(440, 'projects_medias', 'name', 22, 'en', 'Television Series', '2023-07-26 00:31:25', '2023-07-26 00:31:25'),
(441, 'projects_medias', 'name', 23, 'en', 'web series', '2023-07-26 00:31:33', '2023-07-26 00:31:33'),
(442, 'projects_medias', 'name', 24, 'en', 'Television', '2023-07-26 00:31:41', '2023-07-26 00:31:41'),
(443, 'projects_medias', 'name', 25, 'en', 'Video game', '2023-07-26 00:31:57', '2023-07-26 00:31:57'),
(444, 'projects_medias', 'name', 26, 'en', 'Music videos', '2023-07-26 00:32:06', '2023-07-26 00:32:06'),
(445, 'projects_medias', 'name', 27, 'en', 'Tourist visits', '2023-07-26 00:32:13', '2023-07-26 00:32:13'),
(446, 'data_rows', 'display_name', 137, 'en', 'Gender Id', '2023-07-26 00:39:25', '2023-07-26 00:39:25'),
(447, 'projects', 'url', 2, 'en', 'https://www.rtvcplay.co/series-ficcion/cuentos-de-viejos', '2023-07-26 01:01:51', '2023-07-26 01:01:51'),
(448, 'projects', 'team', 2, 'en', '<p><strong>Created by:</strong><br>Marcelo Dematei - Ana Ferrer - Laura Piaggio - Carlos Smith</p>\n<p><strong>Director:</strong><br>Carlos Smith - Marcelo Dematei</p>\n<p><strong>Production:</strong><br>Carlos Smith</p>\n<p><strong>Co-produced by:</strong><br>HIERROanimaci&oacute;n, Piaggiodematei and Se&ntilde;al Colombia</p>\n<p><strong>Online Project:</strong><br>Laura Piaggio</p>\n<p><strong>Sound:</strong><br>Original Soundtrack OST- Edi Calder&oacute;n eDiC</p>', '2023-07-26 01:01:51', '2023-07-26 01:01:51'),
(449, 'projects', 'awards', 2, 'en', '<p>2016- Finalist <strong>Prix Jeunesse Internacional</strong>, Non-Fiction category, Munich, Germany. &nbsp;<br>&nbsp; &nbsp; &nbsp; &nbsp; &nbsp; &nbsp;<br>2015- *Iberoamerican <strong>Comkids/Prix Jeneusse Award</strong>, Non-Fiction category, Sao Paulo, Brazil.</p>\n<p>2014, <strong>TAL</strong> Award for Microprogram Production. Awarded by the Cultural Television Network of Latin America.</p>\n<p>*<strong>L&aacute;piz de Acero</strong> Award, Best Audiovisual Design. Colombia.</p>\n<p>2015, <strong>India Catalina</strong> Award for Innovation or Best New Format for TV. Colombia. &nbsp;&nbsp;</p>\n<p>2014- * <strong>TAL</strong> Award for Innovative Production. Awarded by the Latin American Cultural Television Network. Uruguay.</p>\n<p>2015, <strong>TAL</strong> Award for Multimedia Production. Awarded by the Latin American Cultural Television Network. Uruguay.<br>&nbsp; &nbsp; &nbsp;&nbsp;<br>2014, <strong>Golden Kuker-Sofia</strong> Award, &ldquo;Best TV Series Episode&rdquo; category. Bulgaria. &nbsp; &nbsp; &nbsp; &nbsp;<br>&nbsp;&nbsp;<br>&nbsp;2012- *<strong>CITIA/Imaginove</strong> Award for Best Crossmedia Project. Annecy Animation Festival. France.</p>\n<p>*2014, <strong>Adobe Education</strong> Award for Best Crossmedia Project. Annecy Animation Festival. France.</p>\n<p>*INA Expert Award. Annecy Animation Festival. France.</p>\n<p><strong>2019</strong> - 2nd Place Comkids Award/Prix Jeneusse Iberoamericano, category 11-15 years Non-Fiction, S&atilde;o Paulo, Brazil.</p>', '2023-07-26 01:01:51', '2023-07-26 01:01:51'),
(450, 'projects', 'funding', 2, 'en', '<p><strong>* Create Digital</strong></p>\n<p>* Co-production between: Se&ntilde;al Colombia, HierroAnimaci&oacute;n and Piaggiodematei</p>', '2023-07-26 01:01:51', '2023-07-26 01:01:51'),
(451, 'projects', 'team', 1, 'en', '<p><strong>Address:</strong>&nbsp;Juanita Le&oacute;n and Olga Luc&iacute;a Lozano</p>\n<p><strong>Creative direction, editorial coordination and direction and implementation of the strategy:</strong>&nbsp;Olga Luc&iacute;a Lozano and Marcela Pel&aacute;ez</p>\n<p><strong>Research and creation of journalistic content and graphic support:</strong>&nbsp;Camila Osorio, Juan Pablo Pino, Carolina Garc&iacute;a and Andr&eacute;s Berm&uacute;dez (La silla vac&iacute;a).</p>\n<p><strong>Design:</strong>&nbsp;Lorena Parra and Diego Salcedo</p>\n<p><strong>Photography:</strong>&nbsp;Janca</p>\n<p><strong>Artistic projects:</strong>&nbsp;Fernando Arias, Libia Posada, Ana Patricia Palacios, Ana Fern&aacute;ndez and Leila Ali</p>\n<p><strong>Music:</strong>&nbsp;Palenque Soultribe, Sole Gim&eacute;nez, Fonseca and Bomba Est&eacute;reo</p>\n<p><strong>Music videos:</strong>&nbsp;Velouria TV, Liliana Andrade, Juli&aacute;n Correcha.</p>\n<p><strong>Journalists:</strong>&nbsp;Laura L&oacute;pez</p>', '2023-07-26 01:04:23', '2023-07-26 01:04:23'),
(452, 'projects', 'awards', 1, 'en', '<p>2013- *Gabriel Garc&iacute;a M&aacute;rquez Award for journalism, Innovation category. Colombia.</p>\n<p>*German Journalism and Development Award. Germany.</p>', '2023-07-26 01:04:23', '2023-07-26 01:04:23'),
(453, 'projects', 'funding', 1, 'en', '<p>*The Empty Chair</p>\n<p>*Prince Claus Foundation for Culture and Development</p>', '2023-07-26 01:04:23', '2023-07-26 01:04:23'),
(454, 'pages', 'name', 15, 'en', 'Projects', '2023-07-28 07:01:54', '2023-07-28 07:11:33'),
(455, 'pages', 'description', 15, 'en', 'Vorem ipsum dolor sit amet, consectetur adipiscing elit. Etiam eu turpis molestie, dictum est a, mattis tellus.', '2023-07-28 07:01:54', '2023-07-28 07:01:54'),
(456, 'pages', 'banner_text', 15, 'en', '<p class=\"page-title mt-3\"><strong>PROJECT LIST</strong></p>', '2023-07-28 07:01:54', '2023-07-28 07:11:33'),
(458, 'data_rows', 'display_name', 138, 'en', 'Year Id', '2023-08-10 07:08:40', '2023-08-10 07:08:40'),
(459, 'slides', 'name', 1, 'en', 'Intro página 1', '2023-08-10 20:18:30', '2023-08-10 20:18:30'),
(460, 'slides', 'description', 1, 'en', '<div class=\"carousel-caption d-none d-md-block abs-center\">\n<div class=\"row\">\n<div class=\"col-12 mt-5\"><img style=\"max-width: 500px;\" title=\"\" src=\"https://nodostransmedia.inggen.com/storage/settings/July2023/hcFPiIfTJXbV0lKM4ozi.png\" alt=\"\" width=\"100%\"></div>\n<div class=\"col-12 mt-5\"><a class=\"btn btn-primary font-16 font-weight-700 rounded-pill text-black uppercase\" href=\"#\" data-target=\"#intro\" data-slide-to=\"1\">Start</a></div>\n</div>\n</div>', '2023-08-10 20:18:30', '2023-08-17 18:50:41'),
(461, 'slides', 'name', 2, 'en', 'Intro página 2', '2023-08-10 20:24:20', '2023-08-10 20:24:20'),
(462, 'slides', 'description', 2, 'en', '<div class=\"carousel-caption d-none d-md-block\">\n<h2 class=\"mt-5 mb-5 font-16\">NODOS transmedia is a creative research project that allows discovering and interacting with the transmedia narrative universe in Colombia. An ecosystem made up of more than 250 proposals made since 2009.&nbsp; <br><br>In this space there are different resources to discover and interact with an expanding narrative universe: A set of nodes with the projects carried out in the country, categorized by year, theme and products expanded; an <span class=\"text-primary font-weight-700\">interactive documentary</span> in which the voices of some of the actors who have been part of Colombian transmedia production come together, a <span class=\"text-primary font-weight-700\">podcast</span> about the panorama of local hybrid reality, <span class=\"text-primary font-weight-700\">texts</span> and <span class=\"text-primary font-weight-700\">research</span> that addresses problems of transmedia production from an academic point of view and finally, a methodological guide is proposed for carrying out non-transmedia projects. fiction.</h2>\n<img title=\"Nodos transmedia\" src=\"https://nodostransmedia.inggen.com/img/intro/slide4_img.png\" alt=\"Nodos transmedia\" width=\"100%\"></div>', '2023-08-10 20:24:20', '2023-08-10 20:36:45'),
(463, 'slides', 'name', 3, 'en', 'Intro página 3', '2023-08-10 20:33:28', '2023-08-10 20:33:28'),
(464, 'slides', 'description', 3, 'en', '<div class=\"carousel-caption d-none d-md-block\">\n<h3 class=\"font-20\">Navigation through the various nodes is autonomous, there is no pre-established or linear path, it depends on particular interest or chance.</h3>\n<h2 class=\"font-28\">Welcome to this experience!</h2>\n<img title=\"Nodos transmedia\" src=\"https://nodostransmedia.inggen.com/img/intro/slide5_img1.png\" alt=\"Nodos transmedia\" width=\"70%\"> <br><br><br></div>', '2023-08-10 20:33:28', '2023-08-10 20:38:52'),
(465, 'data_rows', 'display_name', 139, 'en', 'Tipo', '2023-08-10 21:45:19', '2023-08-10 21:45:19'),
(466, 'pages', 'name', 16, 'en', 'Search', '2023-08-14 20:21:44', '2023-08-14 20:21:44'),
(467, 'pages', 'description', 16, 'en', 'Vorem ipsum dolor sit amet, consectetur adipiscing elit. Etiam eu turpis molestie, dictum est a, mattis tellus.', '2023-08-14 20:21:44', '2023-08-14 20:21:44'),
(468, 'pages', 'banner_text', 16, 'en', '<p class=\"page-title mt-3\"><strong>SEARCH</strong></p>', '2023-08-14 20:21:44', '2023-08-14 20:21:44'),
(469, 'sections', 'name', 35, 'en', 'Buscar', '2023-08-14 20:52:11', '2023-08-14 20:52:11'),
(470, 'sections', 'slug', 35, 'en', 'buscar', '2023-08-14 20:52:11', '2023-08-14 20:52:11'),
(471, 'sections', 'content', 35, 'en', '<p>Contenido dinamico</p>', '2023-08-14 20:52:11', '2023-08-14 20:52:11'),
(472, 'labels', 'name', 15, 'en', 'Thank you for your interest, we already have your information in our database', '2023-08-15 00:13:10', '2023-08-15 00:13:10'),
(473, 'labels', 'name', 16, 'en', 'Sorry, we cannot receive your information at this time', '2023-08-15 00:13:52', '2023-08-15 00:13:52'),
(474, 'labels', 'name', 17, 'en', 'Thank you for sending us your information, one of our advisors will contact you', '2023-08-15 00:14:25', '2023-08-15 00:14:25'),
(475, 'pages', 'name', 17, 'en', '404', '2023-08-15 06:56:48', '2023-08-15 06:56:48'),
(476, 'pages', 'description', 17, 'en', 'Oops.. It seems that you are lost in the universe. This page was lost in space.', '2023-08-15 06:56:48', '2023-08-15 08:32:58'),
(477, 'pages', 'banner_text', 17, 'en', '<div class=\"container\" style=\"text-align: center;\">Opss...</div>', '2023-08-15 06:56:48', '2023-08-15 08:32:58'),
(478, 'sections', 'name', 36, 'en', 'No encontrado', '2023-08-15 06:57:41', '2023-08-15 06:57:41'),
(479, 'sections', 'slug', 36, 'en', 'no-encontrado', '2023-08-15 06:57:41', '2023-08-15 06:57:41'),
(480, 'sections', 'content', 36, 'en', '<div class=\"container text-center\">\n<h4>Parece que est&aacute;s perdido en el universo</h4>\n<p>&nbsp;</p>\n<img style=\"max-width: 600px;\" title=\"P&aacute;gina no encontrada\" src=\"https://nodostransmedia.inggen.com/storage/sections/August2023/404_no_encontrado.png\" alt=\"P&aacute;gina no encontrada\" width=\"1249\" height=\"724\"></div>\n<div class=\"container text-center\">&nbsp;</div>\n<div class=\"container text-center\">&nbsp;</div>\n<div class=\"container text-center\"><a class=\"btn btn-primary text-black rounded-pill font-weight-700 uppercase\" href=\"https://nodostransmedia.inggen.com/admin/sections/\">Volver al inicio</a></div>\n<div class=\"container text-center\">&nbsp;</div>\n<div class=\"container text-center\">&nbsp;</div>', '2023-08-15 06:57:41', '2023-08-15 06:57:41'),
(481, 'data_rows', 'display_name', 141, 'en', 'users', '2023-08-15 08:12:06', '2023-08-15 08:12:06'),
(482, 'data_rows', 'display_name', 142, 'en', 'User Id', '2023-08-15 08:12:35', '2023-08-15 08:12:35'),
(483, 'projects', 'name', 225, 'en', 'Feria virtual', '2023-08-15 08:13:06', '2023-08-15 08:13:06'),
(484, 'projects', 'url', 225, 'en', 'https://feria.henryperezyasociados.com', '2023-08-15 08:13:06', '2023-08-15 08:13:06'),
(485, 'projects', 'description', 225, 'en', 'hfgh', '2023-08-15 08:13:06', '2023-08-15 08:13:06'),
(486, 'projects', 'team', 225, 'en', 'equipo', '2023-08-15 08:13:06', '2023-08-15 08:13:06'),
(487, 'projects', 'nominations', 225, 'en', 'nominaciones', '2023-08-15 08:13:06', '2023-08-15 08:13:06'),
(488, 'projects', 'awards', 225, 'en', 'premios', '2023-08-15 08:13:06', '2023-08-15 08:13:06'),
(489, 'projects', 'funding', 225, 'en', 'financiación', '2023-08-15 08:13:06', '2023-08-15 08:13:06'),
(490, 'projects', 'name', 86, 'en', 'Guardianes', '2023-08-17 19:36:01', '2023-08-17 19:36:01'),
(491, 'projects', 'url', 86, 'en', 'www.guardianesati.com', '2023-08-17 19:36:01', '2023-08-17 19:36:01'),
(492, 'projects', 'description', 86, 'en', 'Guardianes es un proyecto transmedia para  niños, niñas y jóvenes entre 6 y 14 años, instituciones educativas y familias. Partiendo de una narrativa de ciencia ficción basada en hechos científicos reales, invita a la audiencia a conocer los secretos del universo y a crear contenido digital para contrarrestar una amenaza interespacial, relacionada con villanos conocidos como los Archibios, quienes están generando comportamientos irracionales en la sociedad y ponen en riesgo el mundo en el que vivimos.', '2023-08-17 19:36:01', '2023-08-17 19:36:01'),
(493, 'projects', 'team', 86, 'en', '<p>Critertec Educaci&oacute;n&nbsp;</p>', '2023-08-17 19:36:01', '2023-08-17 19:36:01'),
(494, 'projects', 'funding', 86, 'en', '<p>- CREA DIGITAL 2019</p>\n<p>Critertec Educaci&oacute;n&nbsp;</p>', '2023-08-17 19:36:01', '2023-08-17 19:36:01'),
(495, 'projects', 'name', 47, 'en', 'Tugta, pinta de pensamiento ', '2023-08-24 21:07:56', '2023-08-24 21:07:56'),
(496, 'projects', 'url', 47, 'en', 'https://youtube.com/watch?v=KM2aFmFadUg', '2023-08-24 21:07:56', '2023-08-24 21:07:56'),
(497, 'projects', 'description', 47, 'en', 'Efrén Tarapues, indígena del pueblo de los Pastos, ha pintado durante toda su vida los mitos de origen de su comunidad. Sabina, su hija, con un grupo de niños se sientan a escucharlo al rededor de la tulpa. Entre recuerdos de su niñez y acontecimientos de su vida como líder indígena y pintor, se va narrando los orígenes míticos de los tres grandes territorios Pastos. Caminan entre paramos y montaña, aprenden del secreto de las plantas que enseñan a escuchar y pintar el territorio. Las generaciones actuales están en crisis con su herencia ancestral y este documental y está voz representan un legado para su pueblo y la humanidad.', '2023-08-24 21:07:56', '2023-08-24 21:07:56'),
(498, 'projects', 'team', 47, 'en', '<p><strong>Organizaci&oacute;n: </strong>Shaqui&ntilde;an</p>\n<p><strong>Director: </strong>&nbsp;Fernando Guerrero&nbsp;</p>\n<p><strong>Producci&oacute;n: </strong>Lizeth Rodriguez</p>\n<p><strong>Apoyo: </strong>Asociaci&oacute;n de cabildos y/o autoridades ind&iacute;genas del nudo de los Pastos Shaqui&ntilde;an</p>', '2023-08-24 21:07:56', '2023-08-24 21:07:56'),
(499, 'projects', 'funding', 47, 'en', '<p>* Producciones gracias al fondo FonTV2017 - II semestre de la Autoridad Nacional de la Televisi&oacute;n en Colombia. Categoria 2.</p>', '2023-08-24 21:07:56', '2023-08-24 21:07:56');

-- --------------------------------------------------------

--
-- Estructura de tabla para la tabla `user_roles`
--

CREATE TABLE `user_roles` (
  `user_id` bigint(20) UNSIGNED NOT NULL,
  `role_id` bigint(20) UNSIGNED NOT NULL
) ENGINE=InnoDB DEFAULT CHARSET=utf8mb4 COLLATE=utf8mb4_unicode_ci;

--
-- Índices para tablas volcadas
--

--
-- Indices de la tabla `data_rows`
--
ALTER TABLE `data_rows`
  ADD PRIMARY KEY (`id`),
  ADD KEY `data_rows_data_type_id_foreign` (`data_type_id`);

--
-- Indices de la tabla `data_types`
--
ALTER TABLE `data_types`
  ADD PRIMARY KEY (`id`),
  ADD UNIQUE KEY `data_types_name_unique` (`name`),
  ADD UNIQUE KEY `data_types_slug_unique` (`slug`);

--
-- Indices de la tabla `failed_jobs`
--
ALTER TABLE `failed_jobs`
  ADD PRIMARY KEY (`id`),
  ADD UNIQUE KEY `failed_jobs_uuid_unique` (`uuid`);

--
-- Indices de la tabla `frm_contact_forms`
--
ALTER TABLE `frm_contact_forms`
  ADD PRIMARY KEY (`id`);

--
-- Indices de la tabla `labels`
--
ALTER TABLE `labels`
  ADD PRIMARY KEY (`id`);

--
-- Indices de la tabla `menus`
--
ALTER TABLE `menus`
  ADD PRIMARY KEY (`id`),
  ADD UNIQUE KEY `menus_name_unique` (`name`);

--
-- Indices de la tabla `menu_items`
--
ALTER TABLE `menu_items`
  ADD PRIMARY KEY (`id`),
  ADD KEY `menu_items_menu_id_foreign` (`menu_id`);

--
-- Indices de la tabla `migrations`
--
ALTER TABLE `migrations`
  ADD PRIMARY KEY (`id`);

--
-- Indices de la tabla `pages`
--
ALTER TABLE `pages`
  ADD PRIMARY KEY (`id`);

--
-- Indices de la tabla `password_resets`
--
ALTER TABLE `password_resets`
  ADD KEY `password_resets_email_index` (`email`);

--
-- Indices de la tabla `permissions`
--
ALTER TABLE `permissions`
  ADD PRIMARY KEY (`id`),
  ADD KEY `permissions_key_index` (`key`);

--
-- Indices de la tabla `permission_role`
--
ALTER TABLE `permission_role`
  ADD PRIMARY KEY (`permission_id`,`role_id`),
  ADD KEY `permission_role_permission_id_index` (`permission_id`),
  ADD KEY `permission_role_role_id_index` (`role_id`);

--
-- Indices de la tabla `personal_access_tokens`
--
ALTER TABLE `personal_access_tokens`
  ADD PRIMARY KEY (`id`),
  ADD UNIQUE KEY `personal_access_tokens_token_unique` (`token`),
  ADD KEY `personal_access_tokens_tokenable_type_tokenable_id_index` (`tokenable_type`,`tokenable_id`);

--
-- Indices de la tabla `projects`
--
ALTER TABLE `projects`
  ADD PRIMARY KEY (`id`);

--
-- Indices de la tabla `projects_genders`
--
ALTER TABLE `projects_genders`
  ADD PRIMARY KEY (`id`);

--
-- Indices de la tabla `projects_medias`
--
ALTER TABLE `projects_medias`
  ADD PRIMARY KEY (`id`);

--
-- Indices de la tabla `projects_topics`
--
ALTER TABLE `projects_topics`
  ADD PRIMARY KEY (`id`);

--
-- Indices de la tabla `projects_years`
--
ALTER TABLE `projects_years`
  ADD PRIMARY KEY (`id`);

--
-- Indices de la tabla `project_media`
--
ALTER TABLE `project_media`
  ADD PRIMARY KEY (`id`);

--
-- Indices de la tabla `project_topics`
--
ALTER TABLE `project_topics`
  ADD PRIMARY KEY (`id`);

--
-- Indices de la tabla `roles`
--
ALTER TABLE `roles`
  ADD PRIMARY KEY (`id`),
  ADD UNIQUE KEY `roles_name_unique` (`name`);

--
-- Indices de la tabla `sections`
--
ALTER TABLE `sections`
  ADD PRIMARY KEY (`id`);

--
-- Indices de la tabla `slides`
--
ALTER TABLE `slides`
  ADD PRIMARY KEY (`id`);

--
-- Indices de la tabla `translations`
--
ALTER TABLE `translations`
  ADD PRIMARY KEY (`id`),
  ADD UNIQUE KEY `translations_table_name_column_name_foreign_key_locale_unique` (`table_name`,`column_name`,`foreign_key`,`locale`);

--
-- Indices de la tabla `user_roles`
--
ALTER TABLE `user_roles`
  ADD PRIMARY KEY (`user_id`,`role_id`),
  ADD KEY `user_roles_user_id_index` (`user_id`),
  ADD KEY `user_roles_role_id_index` (`role_id`);

--
-- AUTO_INCREMENT de las tablas volcadas
--

--
-- AUTO_INCREMENT de la tabla `data_rows`
--
ALTER TABLE `data_rows`
  MODIFY `id` int(10) UNSIGNED NOT NULL AUTO_INCREMENT, AUTO_INCREMENT=143;

--
-- AUTO_INCREMENT de la tabla `data_types`
--
ALTER TABLE `data_types`
  MODIFY `id` int(10) UNSIGNED NOT NULL AUTO_INCREMENT, AUTO_INCREMENT=17;

--
-- AUTO_INCREMENT de la tabla `failed_jobs`
--
ALTER TABLE `failed_jobs`
  MODIFY `id` bigint(20) UNSIGNED NOT NULL AUTO_INCREMENT;

--
-- AUTO_INCREMENT de la tabla `frm_contact_forms`
--
ALTER TABLE `frm_contact_forms`
  MODIFY `id` int(10) UNSIGNED NOT NULL AUTO_INCREMENT, AUTO_INCREMENT=3;

--
-- AUTO_INCREMENT de la tabla `labels`
--
ALTER TABLE `labels`
  MODIFY `id` int(10) UNSIGNED NOT NULL AUTO_INCREMENT, AUTO_INCREMENT=18;

--
-- AUTO_INCREMENT de la tabla `menus`
--
ALTER TABLE `menus`
  MODIFY `id` int(10) UNSIGNED NOT NULL AUTO_INCREMENT, AUTO_INCREMENT=7;

--
-- AUTO_INCREMENT de la tabla `menu_items`
--
ALTER TABLE `menu_items`
  MODIFY `id` int(10) UNSIGNED NOT NULL AUTO_INCREMENT, AUTO_INCREMENT=56;

--
-- AUTO_INCREMENT de la tabla `migrations`
--
ALTER TABLE `migrations`
  MODIFY `id` int(10) UNSIGNED NOT NULL AUTO_INCREMENT, AUTO_INCREMENT=25;

--
-- AUTO_INCREMENT de la tabla `pages`
--
ALTER TABLE `pages`
  MODIFY `id` int(10) UNSIGNED NOT NULL AUTO_INCREMENT, AUTO_INCREMENT=19;

--
-- AUTO_INCREMENT de la tabla `permissions`
--
ALTER TABLE `permissions`
  MODIFY `id` bigint(20) UNSIGNED NOT NULL AUTO_INCREMENT, AUTO_INCREMENT=86;

--
-- AUTO_INCREMENT de la tabla `personal_access_tokens`
--
ALTER TABLE `personal_access_tokens`
  MODIFY `id` bigint(20) UNSIGNED NOT NULL AUTO_INCREMENT;

--
-- AUTO_INCREMENT de la tabla `projects`
--
ALTER TABLE `projects`
  MODIFY `id` int(10) UNSIGNED NOT NULL AUTO_INCREMENT, AUTO_INCREMENT=226;

--
-- AUTO_INCREMENT de la tabla `projects_genders`
--
ALTER TABLE `projects_genders`
  MODIFY `id` int(10) UNSIGNED NOT NULL AUTO_INCREMENT, AUTO_INCREMENT=5;

--
-- AUTO_INCREMENT de la tabla `projects_medias`
--
ALTER TABLE `projects_medias`
  MODIFY `id` int(10) UNSIGNED NOT NULL AUTO_INCREMENT, AUTO_INCREMENT=28;

--
-- AUTO_INCREMENT de la tabla `projects_topics`
--
ALTER TABLE `projects_topics`
  MODIFY `id` int(10) UNSIGNED NOT NULL AUTO_INCREMENT, AUTO_INCREMENT=51;

--
-- AUTO_INCREMENT de la tabla `projects_years`
--
ALTER TABLE `projects_years`
  MODIFY `id` int(10) UNSIGNED NOT NULL AUTO_INCREMENT, AUTO_INCREMENT=15;

--
-- AUTO_INCREMENT de la tabla `project_media`
--
ALTER TABLE `project_media`
  MODIFY `id` int(10) UNSIGNED NOT NULL AUTO_INCREMENT, AUTO_INCREMENT=541;

--
-- AUTO_INCREMENT de la tabla `project_topics`
--
ALTER TABLE `project_topics`
  MODIFY `id` int(10) UNSIGNED NOT NULL AUTO_INCREMENT, AUTO_INCREMENT=390;

--
-- AUTO_INCREMENT de la tabla `roles`
--
ALTER TABLE `roles`
  MODIFY `id` bigint(20) UNSIGNED NOT NULL AUTO_INCREMENT, AUTO_INCREMENT=3;

--
-- AUTO_INCREMENT de la tabla `sections`
--
ALTER TABLE `sections`
  MODIFY `id` int(10) UNSIGNED NOT NULL AUTO_INCREMENT, AUTO_INCREMENT=37;

--
-- AUTO_INCREMENT de la tabla `slides`
--
ALTER TABLE `slides`
  MODIFY `id` int(10) UNSIGNED NOT NULL AUTO_INCREMENT, AUTO_INCREMENT=4;

--
-- AUTO_INCREMENT de la tabla `translations`
--
ALTER TABLE `translations`
  MODIFY `id` int(10) UNSIGNED NOT NULL AUTO_INCREMENT, AUTO_INCREMENT=500;

--
-- Restricciones para tablas volcadas
--

--
-- Filtros para la tabla `data_rows`
--
ALTER TABLE `data_rows`
  ADD CONSTRAINT `data_rows_data_type_id_foreign` FOREIGN KEY (`data_type_id`) REFERENCES `data_types` (`id`) ON DELETE CASCADE ON UPDATE CASCADE;

--
-- Filtros para la tabla `menu_items`
--
ALTER TABLE `menu_items`
  ADD CONSTRAINT `menu_items_menu_id_foreign` FOREIGN KEY (`menu_id`) REFERENCES `menus` (`id`) ON DELETE CASCADE;

--
-- Filtros para la tabla `permission_role`
--
ALTER TABLE `permission_role`
  ADD CONSTRAINT `permission_role_permission_id_foreign` FOREIGN KEY (`permission_id`) REFERENCES `permissions` (`id`) ON DELETE CASCADE,
  ADD CONSTRAINT `permission_role_role_id_foreign` FOREIGN KEY (`role_id`) REFERENCES `roles` (`id`) ON DELETE CASCADE;

--
-- Filtros para la tabla `user_roles`
--
ALTER TABLE `user_roles`
  ADD CONSTRAINT `user_roles_role_id_foreign` FOREIGN KEY (`role_id`) REFERENCES `roles` (`id`) ON DELETE CASCADE,
  ADD CONSTRAINT `user_roles_user_id_foreign` FOREIGN KEY (`user_id`) REFERENCES `users` (`id`) ON DELETE CASCADE;
COMMIT;

